NOAA-Style Climate Reports


Report for 2019 August
                   Monthly Climatological Summary for Aug 2019

Name: Batley Weather   City: Batley   State: West Yorkshire
Elevation: 255 ft  Lat: N 53° 42' 22"   Lon: W 001° 37' 12"

                  Temperature (°C), Rain (mm), Wind Speed (mph)

                                      Heat  Cool        Avg
    Mean                              Deg   Deg         Wind                 Dom
Day Temp  High   Time   Low    Time   Days  Days  Rain  Speed High   Time    Dir
----------------------------------------------------------------------------------
 1  19.1  23.1   15:01  14.9   05:34   0.8   1.6   0.0   0.4  20.0   10:11   NNW
 2  19.2  22.4   19:01  15.2   06:06   0.5   1.5   0.0   0.2  13.0   08:04     N
 3  19.4  25.1   13:38  13.9   05:56   1.0   2.1   1.0   0.0  12.0   09:17   ---
 4  20.7  25.9   17:24  16.2   05:41   0.3   2.7   0.2   0.1  11.0   20:42     W
 5  19.1  23.0   17:45  15.4   23:49   0.4   1.3   0.2   0.8  19.0   10:19     W
 6  19.0  23.4   15:46  14.8   00:49   0.9   1.6   0.0   0.5  23.0   15:48     W
 7  17.6  20.0   17:45  15.6   06:06   1.0   0.3   4.8   1.3  25.0   14:56     W
 8  19.1  25.7   17:48  14.6   05:49   1.0   1.7   0.0   0.2  25.0   14:56     W
 9  19.5  24.2   13:22  16.6   02:19   0.5   1.7  13.4   0.0  13.0   13:46   SSE
10  18.4  21.3   13:38  16.4   23:45   0.6   0.6   2.2   1.5  29.0   20:16     W
11  16.6  18.8   11:35  13.0   23:57   1.6   0.0   0.0   2.3  30.0   16:03     W
12  14.6  18.4   14:49  10.8   23:56   3.7   0.0   0.0   1.5  30.0   14:40     W
13  14.9  19.4   17:10  10.9   00:00   3.5   0.1   2.0   1.1  22.0   14:49   WNW
14  14.8  17.9   18:00  11.6   01:27   3.2   0.0   4.6   0.0  22.0   15:21     W
15  16.4  18.4   16:00  12.1   23:52   1.9   0.0   0.2   5.4  38.0   14:19     W
16  15.4  17.6   18:57  11.2   02:11   2.9   0.0   7.6   0.0  38.0   12:56     W
17  17.1  20.5   17:23  13.2   23:30   1.6   0.4   0.0   1.0  21.0   12:19     W
18  16.1  20.4   16:56  11.3   06:08   2.5   0.3   0.0   0.7  21.0   10:56     W
19  16.2  18.8   17:08  14.2   22:07   2.1   0.0   0.2   1.4  24.0   16:19     W
20  15.2  18.5   16:11  12.1   06:21   3.1   0.0   1.0   1.0  24.0   14:56   WNW
21  17.0  20.8   14:32  13.8   06:57   1.7   0.4   0.2   0.4  20.0   12:54   WNW
22  18.5  20.9   18:20  16.4   02:43   0.6   0.8   1.0   0.6  19.0   04:43     W
23  20.4  25.4   17:31  16.2   06:28   0.3   2.5   0.0   0.2  19.0   03:20     W
24  19.5  26.9   17:22  13.2   06:47   1.4   2.5   0.0   0.0  15.0   12:23   ---
25  20.1  29.3   17:28  12.7   05:55   1.7   3.5   0.0   0.0   0.0   00:00   ---
----------------------------------------------------------------------------------
    17.8  29.3    25    10.8    12    38.8  25.6  38.6   0.8  38.0    15       W

Max >=  27.0:  1
Max <=   0.0:  0
Min <=   0.0:  0
Min <= -18.0:  0
Max Rain: 13.4 on day 9
Days of Rain: 14 (>= 0.2 mm)  6 (>= 2.0 mm)  0 (>= 20.0 mm)
Heat Base: 18.3  Cool Base: 18.3  Method: Integration