NOAA-Style Climate Reports


Report for 2020 September
                   Monthly Climatological Summary for Sep 2020

Name: Batley Weather   City: Batley   State: West Yorkshire
Elevation: 255 ft  Lat: N 53° 42' 22"   Lon: W 001° 37' 12"

                  Temperature (°C), Rain (mm), Wind Speed (mph)

                                      Heat  Cool        Avg
    Mean                              Deg   Deg         Wind                 Dom
Day Temp  High   Time   Low    Time   Days  Days  Rain  Speed High   Time    Dir
----------------------------------------------------------------------------------
 1  13.0  19.8   18:01   6.6   06:29   5.5   0.2   0.0   0.0   6.0   13:10   ---
 2  14.2  20.2   12:16   8.7   06:27   4.2   0.1   9.2   0.0   9.0   10:31     W
 3  17.4  19.4   14:14  15.0   21:23   1.1   0.2   1.0   2.1  28.0   15:02     W
 4  15.3  17.5   15:08  13.4   05:21   3.0   0.0   0.0   1.4  28.0   13:39     W
 5  14.3  17.2   13:56  11.9   05:54   4.0   0.0   0.0   2.3  27.0   14:21     W
 6  15.3  19.4   14:40  13.1   07:06   3.0   0.1   0.4   0.3  23.0   14:55     W
 7  15.6  18.4   17:44  12.1   03:02   2.7   0.0   1.2   0.5  23.0   17:32     W
 8  19.5  22.8   16:45  17.2   04:29   0.3   1.6   0.6   0.4  23.0   16:09     W
 9  16.9  19.7   00:27  11.5   23:59   1.6   0.2   0.0   3.1  26.0   13:20     W
10  12.0  15.9   16:29   7.5   06:30   6.3   0.0   0.0   0.1  26.0   13:20     W
11  14.8  18.6   14:34  10.3   02:38   3.5   0.0   0.0   0.6  21.0   10:46     W
12  15.5  18.4   16:16  12.7   04:35   2.8   0.0   1.0   1.0  22.0   14:27     W
13  18.7  23.6   17:48  14.9   00:59   1.1   1.5   0.0   1.1  23.0   11:40     W
14  17.8  24.1   16:09  11.9   06:44   2.0   1.5   0.0   0.0  23.0   10:17     W
15  17.9  24.8   15:01  11.3   06:08   2.4   2.0   0.0   0.0   6.0   00:03   ---
16  15.7  18.4   00:00  13.8   23:59   2.6   0.0   0.0   0.1  12.0   11:50   NNE
17  14.0  18.1   16:14   9.9   07:06   4.3   0.0   0.0   0.0  12.0   10:27   ---
18  13.2  17.5   15:45   8.8   02:05   5.1   0.0   0.0   0.2  14.0   16:15   ENE
19  15.0  18.1   16:10  13.2   07:28   3.3   0.0   0.0   0.6  18.0   13:46    NE
20  14.5  17.3   13:10  11.9   23:39   3.8   0.0   0.0   0.1  18.0   12:23    NE
21  14.2  20.9   16:11   7.0   06:40   4.5   0.4   0.0   0.3  16.0   15:44     W
22  15.8  22.1   14:48  10.0   06:56   3.1   0.6   0.0   0.4  18.0   13:20     W
23  13.5  16.8   00:41  10.0   23:58   4.8   0.0  11.8   0.1  18.0   11:57   WNW
24   9.8  12.6   18:02   7.6   04:50   8.5   0.0   2.4   0.1  13.0   14:29   NNE
25  10.9  14.6   15:14   8.6   07:20   7.4   0.0   0.4   4.4  31.0   10:37   WNW
26  10.1  13.3   16:08   6.2   07:02   8.2   0.0   0.0   2.8  31.0   09:14   WNW
27  10.5  12.9   15:29   6.2   23:52   7.8   0.0   0.0   0.8  22.0   12:30    NW
28  11.0  17.2   16:48   3.7   04:54   7.3   0.0   0.0   0.0  17.0   00:33     W
----------------------------------------------------------------------------------
    14.5  24.8    15     3.7    28   114.2   8.4  28.0   0.8  31.0    25       W

Max >=  27.0:  0
Max <=   0.0:  0
Min <=   0.0:  0
Min <= -18.0:  0
Max Rain: 11.8 on day 23
Days of Rain: 9 (>= 0.2 mm)  3 (>= 2.0 mm)  0 (>= 20.0 mm)
Heat Base: 18.3  Cool Base: 18.3  Method: Integration