NOAA-Style Climate Reports

Select a Year or Month report
2020: Jan Feb Mar Apr May Jun Jul Aug Sep Oct Nov Dec
2019: Jan Feb Mar Apr May Jun Jul Aug Sep Oct Nov Dec
2018: Jan Feb Mar Apr May Jun Jul Aug Sep Oct Nov Dec
2017: Jan Feb Mar Apr May Jun Jul Aug Sep Oct Nov Dec
2016: Jan Feb Mar Apr May Jun Jul Aug Sep Oct Nov Dec
2015: Jan Feb Mar Apr May Jun Jul Aug Sep Oct Nov Dec
2014: Jan Feb Mar Apr May Jun Jul Aug Sep Oct Nov Dec
2013: Jan Feb Mar Apr May Jun Jul Aug Sep Oct Nov Dec
2012: Jan Feb Mar Apr May Jun Jul Aug Sep Oct Nov Dec

Report for 2020 January
                   Monthly Climatological Summary for Jan 2020

Name: Batley Weather   City: Batley   State: West Yorkshire
Elevation: 255 ft  Lat: N 53° 42' 22"   Lon: W 001° 37' 12"

                  Temperature (°C), Rain (mm), Wind Speed (mph)

                                      Heat  Cool        Avg
    Mean                              Deg   Deg         Wind                 Dom
Day Temp  High   Time   Low    Time   Days  Days  Rain  Speed High   Time    Dir
----------------------------------------------------------------------------------
 1   5.6   8.8   23:00   3.0   08:30  12.7   0.0   0.0   0.3  13.0   00:00   WSW
 2   9.4  12.1   22:30   5.8   03:30   8.9   0.0   0.0   1.7  24.0   15:30   WSW
 3   7.9  11.8   00:00   6.1   09:30  10.4   0.0   0.0   4.2  27.0   19:30   WSW
 4   8.7   9.6   11:30   8.0   22:00   9.6   0.0   0.0   4.3  26.0   02:30   WSW
 5   9.4  10.7   13:00   7.9   05:30   8.9   0.0   0.0   1.6  24.0   22:00   WSW
 6   9.1  10.8   13:30   7.6   23:28   8.3   0.0   0.0   2.1  25.0   14:30   WSW
 7  11.5  14.7   15:05   6.4   03:20   6.8   0.0   0.0   2.8  27.0   21:43   WSW
 8   9.4  13.4   00:00   6.8   20:40   8.9   0.0   3.0   2.7  31.0   02:06   WSW
 9   6.9  10.6   09:19   5.3   18:03  11.4   0.0   9.2   1.6  31.0   00:43     W
10   5.6   8.9   23:55   2.2   09:28  12.7   0.0   0.0   0.4  28.0   08:53     W
11  11.0  13.0   16:24   8.9   00:00   7.3   0.0   4.8   2.2  31.0   04:23   WSW
12   6.9   9.7   00:00   3.2   20:45  11.4   0.0   4.2   0.7  31.0   03:00   WSW
13   6.6   9.6   17:40   2.6   07:34  11.7   0.0   3.0   0.9  33.0   17:57   WSW
14   8.1  13.9   16:03   5.6   06:26  10.2   0.0   5.4   2.1  33.0   16:34   WSW
15   7.3   8.4   13:44   5.8   06:13  11.0   0.0   0.0   1.3  33.0   15:03   WSW
16   9.0  12.6   19:40   4.4   05:10   9.3   0.0   0.0   0.4  20.0   11:35   WSW
17   6.7   9.5   00:00   4.7   22:00  11.6   0.0   2.4   1.9  23.0   17:34     W
18   5.0   7.2   13:46   2.0   22:02  13.3   0.0   0.4   3.1  31.0   14:38     W
19   2.6   6.8   14:11  -1.8   08:24  15.7   0.0   0.0   0.6  31.0   13:15   WSW
20   6.1   7.8   14:26   3.6   05:31  12.2   0.0   0.0   3.5  26.0   20:59   WSW
21   7.5   9.3   12:28   4.7   10:00  10.8   0.0   0.0   0.8  26.0   19:36   WSW
22   9.4  12.8   13:48   7.1   19:38   8.9   0.0   0.0   0.2  17.0   13:16   WSW
23   8.9  10.2   13:27   7.6   00:00   9.4   0.0   0.0   0.8  20.0   22:54     W
24   8.8   9.6   12:05   7.8   23:37   9.5   0.0   0.0   1.3  20.0   21:31     W
25   7.5   8.1   05:03   5.1   21:31  10.8   0.0   0.0   0.2  20.0   06:33   WSW
26   7.4  10.3   13:45   2.2   22:36  10.9   0.0   2.4   0.2  19.0   13:44   WSW
----------------------------------------------------------------------------------
     7.8  14.7     7    -1.8    19   272.6   0.0  34.8   1.4  33.0    13     WSW

Max >=  27.0:  0
Max <=   0.0:  0
Min <=   0.0:  1
Min <= -18.0:  0
Max Rain: 9.2 on day 9
Days of Rain: 9 (>= 0.2 mm)  8 (>= 2.0 mm)  0 (>= 20.0 mm)
Heat Base: 18.3  Cool Base: 18.3  Method: Integration