NOAA-Style Climate Reports

Select a Year or Month report
2018: Jan Feb Mar Apr May Jun Jul Aug Sep Oct Nov Dec
2017: Jan Feb Mar Apr May Jun Jul Aug Sep Oct Nov Dec
2016: Jan Feb Mar Apr May Jun Jul Aug Sep Oct Nov Dec
2015: Jan Feb Mar Apr May Jun Jul Aug Sep Oct Nov Dec
2014: Jan Feb Mar Apr May Jun Jul Aug Sep Oct Nov Dec
2013: Jan Feb Mar Apr May Jun Jul Aug Sep Oct Nov Dec
2012: Jan Feb Mar Apr May Jun Jul Aug Sep Oct Nov Dec

Report for 2012 August
                   Monthly Climatological Summary for Aug 2012

Name: Batley Weather   City: Batley   State: West Yorkshire
Elevation: 255 ft  Lat: N 53° 42' 22"   Lon: W 001° 37' 12"

                  Temperature (°C), Rain (mm), Wind Speed (mph)

                                      Heat  Cool        Avg
    Mean                              Deg   Deg         Wind                 Dom
Day Temp  High   Time   Low    Time   Days  Days  Rain  Speed High   Time    Dir
----------------------------------------------------------------------------------
 1  16.8  20.2   18:18  14.0   05:59   1.9   0.3   2.0   0.2  14.0   17:42     S
 2  16.5  22.3   14:08  12.6   05:14   2.4   0.6   2.0   0.0   0.0   00:00     E
 3  15.3  20.9   13:43   8.6   05:44   3.3   0.4   0.3   0.0   0.0   00:00     E
 4  17.4  23.8   17:23  11.7   06:12   2.1   1.2   0.0   0.1  12.0   17:54   WSW
 5  15.3  21.6   12:11  11.2   03:21   3.2   0.2  20.8   0.0   0.0   00:00     E
 6  15.0  19.5   13:13  11.8   04:27   3.4   0.1   0.3   3.4  21.0   13:53     W
 7  15.6  21.2   17:53  11.3   00:30   3.0   0.3   0.5   1.7  20.0   16:00     W
 8  16.2  23.2   16:57   9.1   04:47   3.3   1.2   0.0   0.7  13.0   18:12     W
 9  16.6  23.8   17:56   8.9   05:57   3.3   1.6   0.0   0.8  14.0   15:12     W
10  17.1  24.2   16:59   9.8   05:34   2.8   1.6   0.0   0.0   0.0   00:00     E
11  16.4  22.0   15:12  12.0   04:42   2.6   0.7   0.0   0.2  10.0   18:44   ENE
12  17.3  22.0   14:56  14.2   04:30   1.7   0.7   0.2   0.2  10.0   12:19   ENE
13  18.1  22.7   14:16  13.9   02:08   1.5   1.4   0.0   0.0   0.0   00:00     E
14  18.6  24.0   16:58  13.6   06:28   1.6   1.9   0.0   0.0   0.0   00:00     E
15  16.8  22.8   11:07  12.2   23:47   2.3   0.9  19.3   0.3  18.0   11:26   ENE
16  16.9  23.3   18:00  10.4   05:47   2.7   1.3   0.3   0.6  14.0   12:04   WSW
17  18.6  23.1   13:25  16.0   01:21   0.8   1.1   1.0   0.4  14.0   13:47     S
18  20.2  24.8   17:32  16.6   23:46   0.4   2.3   0.0   1.6  17.0   13:27     W
19  17.5  21.2   11:35  12.4   23:58   1.6   0.8   0.0   0.1  15.0   19:29     W
20  15.8  23.2   17:37  10.6   04:51   3.2   0.8   1.8   0.7  14.0   17:43     W
21  16.0  21.2   14:51  11.6   02:51   2.8   0.5   0.0   0.3  12.0   18:06     W
22  16.4  20.8   13:33  13.6   03:40   2.2   0.4   0.0   4.1  24.0   17:09   WSW
23  15.7  19.7   13:06  13.2   23:54   2.7   0.1   0.0   1.2  20.0   09:37   WSW
24  15.5  20.6   16:50  12.3   00:56   3.0   0.3   4.0   0.2   7.0   16:13   ENE
25  15.6  18.9   13:13  13.7   23:58   2.7   0.0   4.8   0.7  13.0   17:03     N
26  14.8  18.3   14:30  12.4   23:09   3.5   0.0   1.4   0.6  13.0   08:27   WNW
27  13.9  16.4   16:27   9.8   05:16   4.4   0.0   4.2   0.1   7.0   09:24   SSW
28  15.6  20.6   13:01  11.4   22:13   3.0   0.3   0.2   1.7  19.0   14:10   WSW
29  12.7  15.4   15:42  10.3   22:05   5.6   0.0   6.6   0.1  22.0   09:15   WSW
30  11.4  14.4   16:47   5.4   23:56   6.9   0.0   2.0   1.8  23.0   12:22     N
31   9.9  16.7   13:12   3.2   05:56   8.4   0.0   0.0   1.8  18.0   14:27     W
----------------------------------------------------------------------------------
    16.0  24.8    18     3.2    31    92.3  21.0  71.7   0.8  24.0    22       W

Max >=  27.0:  0
Max <=   0.0:  0
Min <=   0.0:  0
Min <= -18.0:  0
Max Rain: 20.8 on day 5
Days of Rain: 18 (>= 0.2 mm)  9 (>= 2.0 mm)  1 (>= 20.0 mm)
Heat Base: 18.3  Cool Base: 18.3  Method: Integration