NOAA-Style Climate Reports

Select a Year or Month report
2018: Jan Feb Mar Apr May Jun Jul Aug Sep Oct Nov Dec
2017: Jan Feb Mar Apr May Jun Jul Aug Sep Oct Nov Dec
2016: Jan Feb Mar Apr May Jun Jul Aug Sep Oct Nov Dec
2015: Jan Feb Mar Apr May Jun Jul Aug Sep Oct Nov Dec
2014: Jan Feb Mar Apr May Jun Jul Aug Sep Oct Nov Dec
2013: Jan Feb Mar Apr May Jun Jul Aug Sep Oct Nov Dec
2012: Jan Feb Mar Apr May Jun Jul Aug Sep Oct Nov Dec

Report for 2012 September
                   Monthly Climatological Summary for Sep 2012

Name: Batley Weather   City: Batley   State: West Yorkshire
Elevation: 255 ft  Lat: N 53° 42' 22"   Lon: W 001° 37' 12"

                  Temperature (°C), Rain (mm), Wind Speed (mph)

                                      Heat  Cool        Avg
    Mean                              Deg   Deg         Wind                 Dom
Day Temp  High   Time   Low    Time   Days  Days  Rain  Speed High   Time    Dir
----------------------------------------------------------------------------------
 1  16.1  20.8   15:17  12.1   00:00   2.6   0.4   0.0   4.3  22.0   19:14   WSW
 2  17.1  21.2   14:51  13.1   23:42   1.9   0.6   0.0   3.7  18.0   01:10     W
 3  16.0  21.3   15:23  10.5   06:15   3.0   0.7   0.0   1.7  15.0   07:46     W
 4  16.3  19.4   13:14  11.3   23:59   2.1   0.1   0.0   5.8  26.0   10:43     W
 5  13.2  19.5   17:13   7.0   06:30   5.1   0.0   0.0   2.1  18.0   13:14     W
 6  13.7  20.7   15:54   6.5   06:09   4.9   0.3   0.0   3.6  23.0   13:26   WSW
 7  17.3  21.1   12:13  14.6   07:29   1.5   0.5   0.0   5.2  30.0   01:29   WSW
 8  17.1  24.6   17:37   9.7   23:58   2.5   1.3   0.0   0.4  11.0   15:48   WSW
 9  15.1  24.1   13:17   6.2   06:42   4.5   1.3   0.0   1.1  17.0   18:39   WSW
10  17.3  20.4   14:58  12.7   23:58   1.4   0.4   5.8   2.4  19.0   00:11     W
11  11.3  14.8   12:38   7.4   22:51   7.0   0.0   6.4   5.1  28.0   13:34   WSW
12  10.7  14.7   12:45   7.2   03:59   7.6   0.0   5.4   2.8  21.0   12:21     W
13  10.9  15.0   13:40   4.6   04:18   7.4   0.0   0.0   3.3  25.0   11:53   WSW
14  14.2  15.9   14:38  12.2   23:56   4.1   0.0   0.2   9.4  36.0   14:13   WSW
15  14.0  18.2   17:09  11.4   02:57   4.3   0.0   0.0   4.9  25.0   05:02   WSW
16  14.5  18.7   14:38  10.8   23:56   3.8   0.0   1.6   3.4  21.0   11:04   WSW
17  12.1  15.8   16:24   8.8   02:26   6.2   0.0   0.0   3.0  22.0   12:52   WSW
18  10.3  13.1   15:05   8.2   23:53   8.0   0.0   5.0   5.7  28.0   15:15   WSW
19  10.1  14.1   12:44   6.5   07:09   8.2   0.0   0.0   4.5  23.0   11:28   WSW
20  11.8  15.8   15:29   8.4   00:24   6.5   0.0   1.4   1.9  23.0   14:47   WSW
21   9.8  12.7   00:40   4.9   23:30   8.5   0.0   9.6   1.9  20.0   01:16    NW
22   6.9  12.9   16:00   2.0   06:31  11.4   0.0   0.0   0.1   6.0   10:19   NNE
23   7.5  12.6   14:04   2.4   04:30  10.3   0.0   3.4   0.9  13.0   16:33   ENE
24  10.5  11.9   14:40   8.3   00:00   7.7   0.0  40.0   4.0  20.0   05:34    NE
25  10.1  11.1   15:04   9.2   19:53   8.2   0.0   6.8   1.9  21.0   06:38   WSW
26  11.1  13.7   14:12   9.4   05:26   7.2   0.0   4.4   1.4  15.0   14:36    NE
27  10.6  14.2   13:59   6.8   07:45   7.7   0.0   0.0   2.7  21.0   16:08   WSW
28  10.7  13.4   14:55   6.6   04:49   7.6   0.0   4.0   2.8  20.0   16:57   WSW
29  10.1  13.7   14:41   7.3   04:16   8.2   0.0   0.0   5.0  28.0   11:09   WSW
30  12.8  16.0   14:13   7.6   01:12   5.5   0.0   1.4   3.6  24.0   13:26   WSW
----------------------------------------------------------------------------------
    12.6  24.6     8     2.0    22   174.9   5.6  95.4   3.3  36.0    14       W

Max >=  27.0:  0
Max <=   0.0:  0
Min <=   0.0:  0
Min <= -18.0:  0
Max Rain: 40.0 on day 24
Days of Rain: 14 (>= 0.2 mm)  10 (>= 2.0 mm)  1 (>= 20.0 mm)
Heat Base: 18.3  Cool Base: 18.3  Method: Integration