NOAA-Style Climate Reports

Select a Year or Month report
2018: Jan Feb Mar Apr May Jun Jul Aug Sep Oct Nov Dec
2017: Jan Feb Mar Apr May Jun Jul Aug Sep Oct Nov Dec
2016: Jan Feb Mar Apr May Jun Jul Aug Sep Oct Nov Dec
2015: Jan Feb Mar Apr May Jun Jul Aug Sep Oct Nov Dec
2014: Jan Feb Mar Apr May Jun Jul Aug Sep Oct Nov Dec
2013: Jan Feb Mar Apr May Jun Jul Aug Sep Oct Nov Dec
2012: Jan Feb Mar Apr May Jun Jul Aug Sep Oct Nov Dec

Report for 2012 October
                   Monthly Climatological Summary for Oct 2012

Name: Batley Weather   City: Batley   State: West Yorkshire
Elevation: 255 ft  Lat: N 53° 42' 22"   Lon: W 001° 37' 12"

                  Temperature (°C), Rain (mm), Wind Speed (mph)

                                      Heat  Cool        Avg
    Mean                              Deg   Deg         Wind                 Dom
Day Temp  High   Time   Low    Time   Days  Days  Rain  Speed High   Time    Dir
----------------------------------------------------------------------------------
 1  12.2  15.0   15:32   9.6   07:02   6.1   0.0   0.8   1.6  20.0   23:30   WSW
 2  11.6  14.9   12:48   7.8   05:25   6.7   0.0   1.0   1.8  19.0   20:24   WSW
 3  10.4  13.7   15:24   7.7   23:38   7.9   0.0   3.0   4.2  26.0   03:49   WSW
 4   9.0  13.3   15:01   5.1   07:31   9.3   0.0   2.4   1.0  16.0   12:39   WSW
 5  10.0  12.2   13:34   8.4   00:00   8.3   0.0   4.4   4.1  29.0   13:36   WSW
 6   9.5  13.6   14:07   4.9   07:57   8.8   0.0   0.0   2.1  18.0   13:19     W
 7   6.4  11.6   16:11   2.2   07:35  11.9   0.0   0.0   0.0   5.0   11:29    SW
 8   6.9  11.1   15:54   3.3   03:05  11.3   0.0   0.0   0.2   6.0   21:45    NE
 9   5.9  10.9   15:20   2.2   05:11  12.3   0.0   0.0   0.3   6.0   11:41    NE
10   8.3  12.4   14:56   2.5   00:00  10.0   0.0   0.0   0.1   6.0   14:10     E
11   9.9  13.6   15:54   4.4   06:55   8.4   0.0   4.0   0.3   9.0   13:03   ENE
12  10.1  12.1   00:00   4.4   23:58   8.2   0.0  11.6   6.0  30.0   15:18   WSW
13   5.3  10.9   15:32   1.3   07:36  13.0   0.0   0.0   0.5  12.0   17:25     W
14   5.2  11.5   15:50   0.2   07:52  13.1   0.0   0.0   0.7  13.0   16:10     N
15   6.8  10.1   15:25   4.8   04:56  11.5   0.0   0.8   0.5  13.0   06:17   WSW
16   7.9  10.2   14:19   2.9   23:11   9.8   0.0   7.0   5.2  33.0   13:40   WSW
17   8.6  14.8   14:50   3.1   00:00   9.6   0.0   6.6   0.5  18.0   16:58   SSW
18  10.2  14.0   14:41   5.9   08:08   8.1   0.0   2.6   0.1  11.0   12:47     S
19   8.9  12.8   15:16   4.9   08:20   9.3   0.0   0.0   0.0   6.0   13:20   ENE
20  10.3  13.7   13:33   6.6   04:11   6.4   0.0   0.0   0.4  12.0   12:44   WSW
21   7.0   9.9   15:44   3.0   06:53  11.3   0.0   0.0   0.2   7.0   21:13   ENE
22  10.3  11.4   15:11   7.4   00:02   8.0   0.0   1.8   1.9  12.0   03:59    NE
23  11.6  12.6   13:52  10.8   04:17   6.7   0.0   0.2   0.8   9.0   20:04   NNE
24  11.2  11.7   00:00   9.7   22:44   7.1   0.0   0.4   2.1  15.0   19:44    NE
25   8.9  10.4   15:05   6.4   23:49   9.4   0.0   0.0   2.0  16.0   21:10   ENE
26   4.9   6.7   13:13   1.7   23:48  13.3   0.0   0.0   3.0  18.0   15:00   NNE
27   4.1   7.8   13:21   1.5   03:49  14.2   0.0   0.0   3.0  23.0   13:28   NNW
28   7.2  10.2   11:45   4.1   00:00  11.5   0.0   1.0   4.8  24.0   13:50   WSW
29   7.4  10.5   14:30   4.5   07:50  10.9   0.0   0.6   0.8  13.0   08:41     W
30   6.3   8.9   15:43   1.2   05:43  11.9   0.0   0.4   2.6  18.0   17:32   WSW
31   8.2  10.8   13:27   5.8   23:43  10.0   0.0   3.2   1.2  20.0   16:54    SW
----------------------------------------------------------------------------------
     8.4  15.0     1     0.2    14   304.3   0.0  51.8   1.7  33.0    16       W

Max >=  27.0:  0
Max <=   0.0:  0
Min <=   0.0:  0
Min <= -18.0:  0
Max Rain: 11.6 on day 12
Days of Rain: 18 (>= 0.2 mm)  9 (>= 2.0 mm)  0 (>= 20.0 mm)
Heat Base: 18.3  Cool Base: 18.3  Method: Integration