NOAA-Style Climate Reports

Select a Year or Month report
2018: Jan Feb Mar Apr May Jun Jul Aug Sep Oct Nov Dec
2017: Jan Feb Mar Apr May Jun Jul Aug Sep Oct Nov Dec
2016: Jan Feb Mar Apr May Jun Jul Aug Sep Oct Nov Dec
2015: Jan Feb Mar Apr May Jun Jul Aug Sep Oct Nov Dec
2014: Jan Feb Mar Apr May Jun Jul Aug Sep Oct Nov Dec
2013: Jan Feb Mar Apr May Jun Jul Aug Sep Oct Nov Dec
2012: Jan Feb Mar Apr May Jun Jul Aug Sep Oct Nov Dec

Report for 2013 May
                   Monthly Climatological Summary for May 2013

Name: Batley Weather   City: Batley   State: West Yorkshire
Elevation: 255 ft  Lat: N 53° 42' 22"   Lon: W 001° 37' 12"

                  Temperature (°C), Rain (mm), Wind Speed (mph)

                                      Heat  Cool        Avg
    Mean                              Deg   Deg         Wind                 Dom
Day Temp  High   Time   Low    Time   Days  Days  Rain  Speed High   Time    Dir
----------------------------------------------------------------------------------
 1  10.0  16.6   13:04   1.3   06:18   8.3   0.0   0.0   2.7  19.0   14:31     W
 2  10.4  18.9   18:43   0.8   05:53   8.0   0.0   0.0   0.5  13.0   18:49    NE
 3  11.2  16.4   14:56   4.4   04:17   7.1   0.0   0.0   4.3  24.0   16:17   WSW
 4  12.1  15.8   17:03   8.6   23:10   6.2   0.0   0.0   5.8  26.0   12:07     W
 5  14.0  20.1   13:16   8.7   01:31   4.4   0.1   0.0   4.6  23.0   03:01     W
 6  13.9  22.9   16:46   4.9   05:35   5.3   0.9   0.0   1.0  15.0   15:13     W
 7  14.5  23.1   15:03   5.1   05:18   5.0   1.2   0.0   0.7  16.0   16:12   ENE
 8  12.8  18.9   16:04   8.6   02:39   5.5   0.0   0.0   2.0  20.0   16:30     W
 9  10.2  14.6   12:06   6.3   05:40   8.1   0.0   4.4   2.3  18.0   01:25   WSW
10  10.8  15.3   17:26   8.4   23:54   7.5   0.0   3.6   6.7  26.0   07:48     W
11   9.1  13.7   16:39   5.3   03:56   9.2   0.0   0.4   6.0  30.0   17:18     W
12  10.2  13.6   17:21   7.1   00:00   8.1   0.0   0.8   5.6  26.0   02:37     W
13   9.3  13.2   17:09   6.4   07:11   9.0   0.0   1.2   8.2  33.0   14:47     W
14   8.8  13.6   15:30   5.4   06:00   9.1   0.0   3.6   1.1  21.0   09:30   WSW
15   7.3  12.6   17:24   5.2   06:19  10.9   0.0  17.4   6.2  27.0   16:11    NW
16   9.5  16.6   17:03   1.9   03:56   8.7   0.0   0.0   1.0  15.0   19:01   ENE
17  10.2  14.3   15:02   6.9   04:10   8.1   0.0   3.6   1.7  13.0   15:41   NNE
18   9.4  11.4   16:35   8.1   06:27   8.9   0.0   3.2   3.7  16.0   02:08     W
19  13.6  19.6   16:58   9.2   03:41   4.8   0.1   0.0   1.7  17.0   19:27     W
20  14.8  17.7   15:07  11.8   02:22   3.5   0.0   0.8   1.6  15.0   04:03    NW
21  11.9  17.3   14:48  10.1   05:23   6.4   0.0   0.6   1.1  14.0   00:48   NNE
22  11.7  15.7   18:00   7.3   23:34   6.4   0.0   0.2   4.9  26.0   15:30     W
23   7.2  10.8   16:43   5.0   05:18  11.1   0.0   4.4   5.3  27.0   13:04     W
24   7.4   9.7   19:14   5.6   00:26  10.9   0.0   4.2   7.3  30.0   06:14     N
25  11.6  19.7   17:16   4.1   05:08   6.7   0.0   0.0   1.9  18.0   17:42   WNW
26  13.3  20.3   16:47   4.2   04:26   5.2   0.3   0.0   2.3  16.0   16:22     W
27  12.0  18.1   12:56   4.3   05:01   6.3   0.0   0.0   0.9  14.0   12:57   WSW
28  11.0  13.8   13:35   9.1   05:28   7.3   0.0   3.6   0.9  15.0   21:42   ENE
29  10.8  13.1   11:31   8.8   02:54   7.5   0.0   6.0   3.0  16.0   10:37   NNE
30  12.0  13.9   16:51  10.7   05:41   6.3   0.0   2.8   3.3  18.0   16:41   NNE
31  15.4  21.9   13:34   8.2   04:58   3.6   0.8   0.0   3.3  23.0   16:16     W
----------------------------------------------------------------------------------
    11.2  23.1     7     0.8     2   223.4   3.4  60.8   3.3  33.0    13       W

Max >=  27.0:  0
Max <=   0.0:  0
Min <=   0.0:  0
Min <= -18.0:  0
Max Rain: 17.4 on day 15
Days of Rain: 17 (>= 0.2 mm)  11 (>= 2.0 mm)  0 (>= 20.0 mm)
Heat Base: 18.3  Cool Base: 18.3  Method: Integration