NOAA-Style Climate Reports

Select a Year or Month report
2018: Jan Feb Mar Apr May Jun Jul Aug Sep Oct Nov Dec
2017: Jan Feb Mar Apr May Jun Jul Aug Sep Oct Nov Dec
2016: Jan Feb Mar Apr May Jun Jul Aug Sep Oct Nov Dec
2015: Jan Feb Mar Apr May Jun Jul Aug Sep Oct Nov Dec
2014: Jan Feb Mar Apr May Jun Jul Aug Sep Oct Nov Dec
2013: Jan Feb Mar Apr May Jun Jul Aug Sep Oct Nov Dec
2012: Jan Feb Mar Apr May Jun Jul Aug Sep Oct Nov Dec

Report for 2013 July
                   Monthly Climatological Summary for Jul 2013

Name: Batley Weather   City: Batley   State: West Yorkshire
Elevation: 255 ft  Lat: N 53° 42' 22"   Lon: W 001° 37' 12"

                  Temperature (°C), Rain (mm), Wind Speed (mph)

                                      Heat  Cool        Avg
    Mean                              Deg   Deg         Wind                 Dom
Day Temp  High   Time   Low    Time   Days  Days  Rain  Speed High   Time    Dir
----------------------------------------------------------------------------------
 1  14.2  18.9   16:20   8.4   23:56   4.1   0.0   0.0   4.0  24.0   12:37     W
 2  13.0  17.1   15:28   7.8   01:07   5.3   0.0   2.8   0.1  10.0   16:55     S
 3  15.7  19.1   12:46  11.4   23:44   2.6   0.0   0.6   3.6  23.0   10:12     W
 4  16.8  21.3   14:28  10.7   01:33   2.4   0.9   0.0   4.2  25.0   17:39     W
 5  18.1  25.2   17:14  10.5   04:53   2.2   2.1   0.0   1.6  14.0   11:20     W
 6  20.1  28.7   18:02  11.1   05:13   1.8   3.6   0.0   1.2  15.0   12:33     W
 7  20.3  27.9   16:56  10.7   04:59   1.6   3.7   0.0   0.6   9.0   09:52     N
 8  18.6  24.2   17:08  12.9   05:17   1.1   1.5   0.0   0.7  10.0   17:29    NE
 9  20.1  29.0   18:08  10.2   04:51   2.0   3.8   0.0   0.2   9.0   15:15    NE
10  17.0  18.9   15:54  14.2   23:55   1.3   0.0   0.0   0.9  11.0   18:04    NE
11  16.8  23.7   18:08  12.2   05:09   2.6   1.2   0.0   0.8  10.0   14:27    NE
12  20.3  29.3   16:48   9.8   03:53   2.2   4.2   0.0   1.4  17.0   17:36   WNW
13  22.3  29.7   13:25  12.7   05:13   1.0   4.9   0.0   1.7  18.0   14:48   WNW
14  19.9  26.2   17:05  15.2   05:46   0.9   2.6   0.0   2.5  19.0   14:19   WNW
15  19.6  26.8   13:38  10.7   05:19   1.7   3.0   0.0   2.4  17.0   20:20   WNW
16  20.7  29.6   17:39  12.1   05:13   1.3   3.7   0.0   1.1  14.0   19:53     W
17  20.8  28.4   16:59  13.4   05:50   1.1   3.5   0.0   0.7   9.0   11:11   NNE
18  22.0  29.2   19:06  14.2   03:27   1.0   4.6   0.0   0.3   8.0   13:41    NW
19  21.7  28.8   13:12  13.4   05:21   0.9   4.3   0.0   1.2  15.0   16:24    NE
20  19.4  22.6   11:58  16.6   23:58   0.3   1.4   0.0   1.0  11.0   12:30    NE
21  16.4  18.7   12:55  14.4   06:26   1.9   0.0   0.2   0.8  10.0   09:03   ENE
22  18.2  26.5   18:13  14.6   02:42   1.7   1.7   0.2   0.3   9.0   15:05   ENE
23  19.1  23.8   15:46  16.4   00:58   0.6   1.5   8.4   0.2  11.0   18:15     E
24  19.8  25.1   15:29  15.0   05:09   0.7   2.3   0.0   0.6  13.0   17:10     W
25  19.6  24.3   16:11  15.4   00:32   0.8   2.1   0.2   0.5  25.0   18:56     W
26  19.1  26.6   16:55  11.1   05:18   1.9   2.8   0.0   1.0  16.0   17:40     W
27  19.0  25.4   15:03  11.5   04:59   1.6   2.3   5.8   0.6  10.0   17:38    NE
28  17.4  21.1   14:07  14.4   05:27   1.3   0.5  34.6   2.3  22.0   09:05     W
29  17.3  21.9   12:07  13.7   22:34   1.6   0.6   1.6   1.3  21.0   12:13     W
30  17.9  23.2   17:36  12.9   04:07   1.7   1.3   0.4   2.6  18.0   08:11     W
31  16.4  19.9   14:06  13.4   01:15   2.0   0.1   4.2   0.3   8.0   22:57     W
----------------------------------------------------------------------------------
    18.6  29.7    13     7.8     2    53.2  64.2  59.0   1.3  25.0     4     WNW

Max >=  27.0:  9
Max <=   0.0:  0
Min <=   0.0:  0
Min <= -18.0:  0
Max Rain: 34.6 on day 28
Days of Rain: 11 (>= 0.2 mm)  5 (>= 2.0 mm)  1 (>= 20.0 mm)
Heat Base: 18.3  Cool Base: 18.3  Method: Integration