NOAA-Style Climate Reports

Select a Year or Month report
2018: Jan Feb Mar Apr May Jun Jul Aug Sep Oct Nov Dec
2017: Jan Feb Mar Apr May Jun Jul Aug Sep Oct Nov Dec
2016: Jan Feb Mar Apr May Jun Jul Aug Sep Oct Nov Dec
2015: Jan Feb Mar Apr May Jun Jul Aug Sep Oct Nov Dec
2014: Jan Feb Mar Apr May Jun Jul Aug Sep Oct Nov Dec
2013: Jan Feb Mar Apr May Jun Jul Aug Sep Oct Nov Dec
2012: Jan Feb Mar Apr May Jun Jul Aug Sep Oct Nov Dec

Report for 2013 August
                   Monthly Climatological Summary for Aug 2013

Name: Batley Weather   City: Batley   State: West Yorkshire
Elevation: 255 ft  Lat: N 53° 42' 22"   Lon: W 001° 37' 12"

                  Temperature (°C), Rain (mm), Wind Speed (mph)

                                      Heat  Cool        Avg
    Mean                              Deg   Deg         Wind                 Dom
Day Temp  High   Time   Low    Time   Days  Days  Rain  Speed High   Time    Dir
----------------------------------------------------------------------------------
 1  22.4  31.2   18:05  17.1   00:00   0.3   4.4   0.0   0.4  11.0   01:16     S
 2  21.2  27.1   17:13  15.0   05:06   0.4   3.4   0.4   1.2  17.0   10:17     W
 3  18.1  22.3   13:10  14.0   23:58   1.4   1.3   1.0   2.8  26.0   10:31     W
 4  17.5  21.4   17:01  13.7   00:18   1.4   0.7   2.2   0.9  16.0   10:35   WSW
 5  16.7  19.8   14:56  13.6   23:55   1.7   0.1   5.8   1.2  16.0   16:22   WSW
 6  14.7  19.6   13:22   9.6   06:01   3.7   0.1   0.0   1.6  17.0   12:47     W
 7  15.0  21.6   17:29   8.0   04:51   4.1   0.7   0.0   0.6  10.0   17:16    NE
 8  16.1  24.0   13:21   7.8   05:10   3.6   1.4   0.0   0.5  13.0   14:29     W
 9  17.1  21.3   13:58  13.9   23:54   1.6   0.4   0.0   4.7  26.0   15:23     W
10  15.7  19.6   18:15  12.4   23:54   2.7   0.1   0.0   2.0  18.0   17:01     W
11  15.5  18.3   13:08  11.4   00:43   2.8   0.0   0.8   4.0  24.0   14:38   WSW
12  15.2  18.5   13:26  11.8   04:55   3.1   0.0   0.0   5.8  29.0   14:07   WSW
13  15.2  19.9   14:37  10.4   05:39   3.3   0.2   0.0   3.4  18.0   01:11     W
14  17.1  22.6   14:39  11.1   06:12   2.3   1.0   0.0   0.3  10.0   12:48   WSW
15  20.1  24.9   15:31  16.7   06:05   0.3   2.1   0.6   2.6  21.0   16:09   WSW
16  17.8  21.3   17:49  12.2   23:55   1.2   0.7   2.6   3.3  23.0   10:29     W
17  16.5  20.1   12:47  11.9   00:17   2.1   0.3   2.2   1.4  21.0   15:51   WSW
18  15.8  20.2   17:45  13.1   06:58   2.6   0.2   0.6   3.5  25.0   14:31   WSW
19  15.3  18.9   15:36  11.2   23:58   3.1   0.1   0.0   2.9  20.0   12:11   WSW
20  16.2  22.2   17:04   9.8   01:54   3.1   1.0   0.0   1.0  14.0   14:19     W
21  17.6  23.1   17:49  12.1   05:59   2.0   1.4   0.0   1.5  18.0   14:48   WSW
22  19.1  25.2   16:53  13.2   06:50   1.5   2.2   0.6   0.2  10.0   16:13    SE
23  19.5  25.2   13:12  15.0   04:34   0.9   2.1   3.8   0.2  11.0   11:48   ESE
24  16.1  18.3   14:49  14.4   21:38   2.2   0.0   7.8   1.2  15.0   14:54     W
25  17.9  23.1   17:09  14.2   00:46   1.5   1.1   0.0   2.1  18.0   09:25   NNE
26  16.9  24.0   17:34  11.3   23:57   2.4   1.1   0.0   0.2   7.0   12:40   ENE
27  15.7  23.2   13:08   8.8   05:11   3.8   1.2   0.0   0.8  14.0   13:25   WNW
28  16.6  21.1   12:53  12.2   23:54   2.2   0.5   0.0   1.5  17.0   19:25     W
29  16.4  21.8   17:33  10.4   01:32   2.6   0.7   0.0   1.8  19.0   15:57     W
30  18.6  22.6   16:47  14.8   23:59   0.9   1.2   0.0   3.1  23.0   19:41     W
31  13.0  17.4   12:52   6.6   07:00   5.1   0.0   0.0   4.8  24.0   17:48     W
----------------------------------------------------------------------------------
    17.0  31.2     1     6.6    31    69.9  29.7  28.4   2.0  29.0    12       W

Max >=  27.0:  2
Max <=   0.0:  0
Min <=   0.0:  0
Min <= -18.0:  0
Max Rain: 7.8 on day 24
Days of Rain: 12 (>= 0.2 mm)  6 (>= 2.0 mm)  0 (>= 20.0 mm)
Heat Base: 18.3  Cool Base: 18.3  Method: Integration