NOAA-Style Climate Reports

Select a Year or Month report
2018: Jan Feb Mar Apr May Jun Jul Aug Sep Oct Nov Dec
2017: Jan Feb Mar Apr May Jun Jul Aug Sep Oct Nov Dec
2016: Jan Feb Mar Apr May Jun Jul Aug Sep Oct Nov Dec
2015: Jan Feb Mar Apr May Jun Jul Aug Sep Oct Nov Dec
2014: Jan Feb Mar Apr May Jun Jul Aug Sep Oct Nov Dec
2013: Jan Feb Mar Apr May Jun Jul Aug Sep Oct Nov Dec
2012: Jan Feb Mar Apr May Jun Jul Aug Sep Oct Nov Dec

Report for 2014 July
                   Monthly Climatological Summary for Jul 2014

Name: Batley Weather   City: Batley   State: West Yorkshire
Elevation: 255 ft  Lat: N 53° 42' 22"   Lon: W 001° 37' 12"

                  Temperature (°C), Rain (mm), Wind Speed (mph)

                                      Heat  Cool        Avg
    Mean                              Deg   Deg         Wind                 Dom
Day Temp  High   Time   Low    Time   Days  Days  Rain  Speed High   Time    Dir
----------------------------------------------------------------------------------
 1  15.6  21.7   16:31   7.7   05:02   3.5   0.9   0.0   0.4  12.0   16:55    NE
 2  17.2  23.8   12:07   8.6   04:36   2.8   1.7   0.0   1.2  16.0   16:36     W
 3  18.5  22.8   15:07  16.1   05:20   0.7   1.0   0.0   1.5  18.0   19:28     W
 4  18.0  22.3   12:14  15.9   05:43   1.0   0.7   0.2   0.7  16.0   09:19     W
 5  17.0  21.3   17:51  12.1   23:57   1.8   0.5   0.0   2.7  20.0   12:58     W
 6  15.9  21.8   18:12  11.1   01:39   3.1   0.7   0.0   1.8  18.0   19:52   WNW
 7  15.7  21.8   17:39   8.2   03:55   3.3   0.7   4.8   0.8  16.0   11:49     W
 8  15.3  19.8   11:24  12.4   06:06   3.2   0.2   3.4   0.8  16.0   14:20    NW
 9  17.1  23.5   18:00  10.0   05:30   2.5   1.3   0.0   0.8  19.0   11:30   NNW
10  17.6  23.5   17:01  12.4   01:51   1.9   1.3   0.0   1.6  15.0   12:52     N
11  18.6  25.7   19:06  10.9   04:05   2.0   2.3   0.0   0.4  10.0   11:49   NNW
12  19.9  26.6   14:38  12.9   05:39   1.3   2.9   5.0   0.4  14.0   20:41     W
13  18.4  21.2   16:02  13.8   23:57   0.6   0.8   6.4   4.3  26.0   14:30     W
14  17.7  22.8   12:06  11.8   04:52   1.8   1.2   0.0   1.6  17.0   23:23     W
15  17.4  22.0   17:44  11.1   23:53   1.7   0.8   0.0   2.4  20.0   02:08     W
16  17.3  23.8   13:20   8.9   04:28   2.7   1.7   1.4   0.9  17.0   16:11     W
17  19.2  27.6   18:03  11.4   04:45   1.8   2.7   0.0   0.2  12.0   13:00    NE
18  18.3  21.6   18:29  14.1   02:55   1.2   1.2   0.0   1.0  19.0   13:22    NE
19  18.9  22.2   17:03  16.8   23:44   0.3   0.9   7.6   0.0   7.0   18:32    NE
20  20.2  24.9   15:50  16.8   00:00   0.2   2.2   0.0   1.6  17.0   17:23     W
21  20.2  24.9   17:42  15.5   23:55   0.5   2.4   0.0   2.3  21.0   16:00     W
22  19.2  27.4   17:42  12.1   05:25   1.7   2.6   0.0   0.2   9.0   18:33    NE
23  19.8  26.8   17:24  15.0   00:23   1.1   2.6   0.0   0.9  16.0   15:26    NE
24  20.4  27.7   17:17  13.9   04:12   1.1   3.2   0.0   0.9  13.0   16:24    NE
25  20.8  27.7   17:23  15.8   05:52   0.8   3.3   0.0   0.6  13.0   15:22    NE
26  21.5  28.9   17:21  13.0   05:08   1.1   4.3   0.0   1.3  19.0   22:52     W
27  18.5  23.3   17:20  14.8   05:29   1.0   1.2   0.8   3.9  19.0   07:59     W
28  18.4  23.7   16:53  11.9   05:18   1.6   1.7   0.0   0.3   7.0   00:25   NNW
29  14.5  15.1   22:45  13.9   23:57   0.2   0.0   0.0   0.5  22.0   15:01     W
30  16.8  20.8   17:07  13.5   05:09   1.8   0.3   0.0   3.4  25.0   15:11     W
31  18.3  22.9   17:25  15.3   02:25   1.0   1.0   0.0   1.3  21.0   10:25     W
----------------------------------------------------------------------------------
    18.1  28.9    26     7.7     1    49.3  48.3  29.6   1.4  26.0    13       W

Max >=  27.0:  5
Max <=   0.0:  0
Min <=   0.0:  0
Min <= -18.0:  0
Max Rain: 7.6 on day 19
Days of Rain: 8 (>= 0.2 mm)  5 (>= 2.0 mm)  0 (>= 20.0 mm)
Heat Base: 18.3  Cool Base: 18.3  Method: Integration