NOAA-Style Climate Reports

Select a Year or Month report
2018: Jan Feb Mar Apr May Jun Jul Aug Sep Oct Nov Dec
2017: Jan Feb Mar Apr May Jun Jul Aug Sep Oct Nov Dec
2016: Jan Feb Mar Apr May Jun Jul Aug Sep Oct Nov Dec
2015: Jan Feb Mar Apr May Jun Jul Aug Sep Oct Nov Dec
2014: Jan Feb Mar Apr May Jun Jul Aug Sep Oct Nov Dec
2013: Jan Feb Mar Apr May Jun Jul Aug Sep Oct Nov Dec
2012: Jan Feb Mar Apr May Jun Jul Aug Sep Oct Nov Dec

Report for 2014 November
                   Monthly Climatological Summary for Nov 2014

Name: Batley Weather   City: Batley   State: West Yorkshire
Elevation: 255 ft  Lat: N 53° 42' 22"   Lon: W 001° 37' 12"

                  Temperature (°C), Rain (mm), Wind Speed (mph)

                                      Heat  Cool        Avg
    Mean                              Deg   Deg         Wind                 Dom
Day Temp  High   Time   Low    Time   Days  Days  Rain  Speed High   Time    Dir
----------------------------------------------------------------------------------
 1  13.6  17.3   00:42  11.9   08:32   4.7   0.0   0.2   1.4  18.0   00:06   WSW
 2  11.6  14.7   02:37   6.9   21:01   6.7   0.0   0.2   1.4  17.0   10:58   WSW
 3   7.7  10.3   14:59   4.8   23:48  10.6   0.0   0.0   0.8  15.0   10:09   WSW
 4   4.8   8.5   14:46   1.0   06:56  13.5   0.0   0.0   0.1   7.0   12:05     W
 5   5.2   9.2   13:59  -0.3   23:49   9.2   0.0   0.0   1.0  15.0   11:12     N
 6   5.3   9.7   23:04  -1.1   03:12  12.9   0.0   0.2   0.2  17.0   18:58    NE
 7  10.0  12.7   10:14   7.8   21:36   8.3   0.0  12.8   1.5  27.0   15:01   WSW
 8   8.1  10.2   15:22   4.7   07:39  10.2   0.0   1.4   1.0  18.0   20:39   WSW
 9   4.7   9.5   14:18   1.7   23:16  13.6   0.0   0.0   0.0   6.0   00:17     W
10   6.6   9.5   12:39   1.3   00:31  11.7   0.0   0.0   0.0   5.0   12:34   WSW
11  10.2  11.2   14:34   9.3   00:00   8.1   0.0   2.2   0.4  12.0   18:45   ENE
12   9.1  11.0   09:53   5.0   21:50   9.0   0.0   2.2   0.1   9.0   15:41   ENE
13   9.7  11.5   17:15   5.8   00:00   8.6   0.0   0.0   0.3  14.0   15:12   ENE
14   9.2  12.3   14:44   2.7   23:55   9.1   0.0   7.2   0.2  12.0   03:17   ENE
15   6.5   8.5   19:42   2.3   00:24  11.8   0.0   0.4   0.0   5.0   17:03   ENE
16   8.2   9.4   14:03   6.6   19:22   6.1   0.0   2.2   0.4  10.0   20:56    NW
17   9.6  10.7   14:58   8.1   00:00   8.7   0.0   4.0   2.4  17.0   08:39    NE
18   9.3  11.4   13:01   6.7   07:32   9.0   0.0   2.0   0.5  11.0   14:35   ENE
19   9.6  10.8   14:16   8.7   02:50   8.7   0.0   0.0   0.1  10.0   00:15   ENE
21   9.1   9.1   00:00   9.1   00:00   0.0   0.0   0.0  ----   0.0   00:00   ---
22   7.2   7.5   23:26   0.0   23:24   0.2   0.0   0.0   0.0   7.0   00:23     W
23   6.6   8.7   01:12   1.5   20:59  11.7   0.0   1.0   0.8  13.0   11:32     W
24   4.2   7.9   13:37   1.8   22:04  14.1   0.0   0.2   0.8  13.0   12:44   WSW
25   3.8   6.2   13:50   0.4   04:49  14.5   0.0   0.0   0.0   5.0   23:05    NE
26   7.3   8.4   12:41   5.7   00:00  11.0   0.0   1.2   0.3  12.0   00:14   ENE
27   7.4   8.6   14:10   4.6   21:46  10.9   0.0   1.2   0.0   4.0   01:01   ---
28   9.3  10.7   14:08   6.2   00:00   9.0   0.0   1.0   0.8  12.0   16:02   ENE
29   9.9  10.2   14:11   9.6   00:00   8.3   0.0   1.8   0.1   7.0   00:52   ENE
30   9.8  11.3   12:59   7.8   08:22   8.3   0.0   0.0   1.3  16.0   02:33     W
----------------------------------------------------------------------------------
     8.1  17.3     1    -1.1     6   268.5   0.0  41.4   0.6  27.0     7     WNW

Max >=  27.0:  0
Max <=   0.0:  0
Min <=   0.0:  3
Min <= -18.0:  0
Max Rain: 12.8 on day 7
Days of Rain: 18 (>= 0.2 mm)  7 (>= 2.0 mm)  0 (>= 20.0 mm)
Heat Base: 18.3  Cool Base: 18.3  Method: Integration