NOAA-Style Climate Reports

Select a Year or Month report
2018: Jan Feb Mar Apr May Jun Jul Aug Sep Oct Nov Dec
2017: Jan Feb Mar Apr May Jun Jul Aug Sep Oct Nov Dec
2016: Jan Feb Mar Apr May Jun Jul Aug Sep Oct Nov Dec
2015: Jan Feb Mar Apr May Jun Jul Aug Sep Oct Nov Dec
2014: Jan Feb Mar Apr May Jun Jul Aug Sep Oct Nov Dec
2013: Jan Feb Mar Apr May Jun Jul Aug Sep Oct Nov Dec
2012: Jan Feb Mar Apr May Jun Jul Aug Sep Oct Nov Dec

Report for 2015 January
                   Monthly Climatological Summary for Jan 2015

Name: Batley Weather   City: Batley   State: West Yorkshire
Elevation: 255 ft  Lat: N 53° 42' 22"   Lon: W 001° 37' 12"

                  Temperature (°C), Rain (mm), Wind Speed (mph)

                                      Heat  Cool        Avg
    Mean                              Deg   Deg         Wind                 Dom
Day Temp  High   Time   Low    Time   Days  Days  Rain  Speed High   Time    Dir
----------------------------------------------------------------------------------
 1  11.6  13.3   21:37   8.7   00:00   6.7   0.0   2.6   6.0  36.0   23:50   WSW
 2   6.5  12.1   00:00   4.4   21:22  11.8   0.0   0.2  11.5  47.0   01:20   WSW
 3   4.0   5.7   04:11  -1.2   23:51  14.3   0.0   2.2   1.4  15.0   00:42   WSW
 4  -0.4   2.2   14:22  -3.3   08:14  18.7   0.0   0.0   0.2  12.0   18:39   WSW
 5   3.9   7.4   23:14   0.7   08:08  14.4   0.0   0.2   0.1  13.0   13:32   WSW
 6   6.3   8.7   09:43   2.6   19:11  12.0   0.0   0.2   2.6  27.0   11:18   WSW
 7   5.5  11.2   22:58   1.3   04:51  12.7   0.0   0.8   2.3  32.0   23:02   WSW
 8   7.1   9.9   00:00   5.6   19:17  11.3   0.0   0.8   5.5  29.0   23:24   WSW
 9  10.5  13.5   19:21   6.8   00:00   7.8   0.0   3.4  14.0  42.0   07:10   WSW
10   7.9  13.7   03:47   3.3   18:38  10.4   0.0   2.2  14.6  42.0   07:02   WSW
11   6.0   8.1   23:30   2.9   00:51  12.3   0.0   1.6   9.6  39.0   00:27   WSW
12   7.0  10.3   11:00   2.2   23:34  11.3   0.0   6.4   8.4  41.0   06:55   WSW
13   4.0   6.3   04:04   1.9   22:33  14.3   0.0   0.2   4.5  25.0   12:37   WSW
14   3.2   9.0   23:56   1.3   00:44  15.1   0.0   0.8   4.3  31.0   13:13   WSW
15   6.1  10.2   01:46   4.3   18:14  12.2   0.0   2.8   7.6  35.0   20:37   WSW
16   2.8   5.6   00:00   1.0   21:07  15.5   0.0   6.8   5.6  33.0   02:07   WSW
17   2.1   3.8   12:03   1.3   19:41  16.2   0.0   8.8   2.8  23.0   16:16   WSW
18   1.2   2.9   13:30  -1.6   08:52  17.1   0.0   1.2   1.4  13.0   00:04     W
19   1.2   3.6   13:07  -0.8   04:07  17.1   0.0   0.0   1.0  15.0   00:34     W
20   1.2   3.1   13:49   0.4   17:31  17.1   0.0   0.0   0.1   6.0   17:49   ENE
21   1.2   1.5   13:34   1.0   20:41  17.1   0.0   2.6   0.0   5.0   02:08   ENE
22   1.9   3.3   14:13   1.1   01:25  16.4   0.0   4.0   0.0   4.0   23:39   WNW
23   3.0   7.4   21:06  -1.0   08:42  15.3   0.0   2.4   1.4  23.0   21:01   WSW
24   4.3   5.8   14:55   2.6   07:26  13.6   0.0   0.2   5.2  30.0   02:27   WSW
25   7.2   9.7   23:45   4.2   00:06  11.1   0.0   0.0   3.9  24.0   23:43   WSW
26   6.8   9.7   00:00   4.4   21:55  11.5   0.0   0.6   6.3  30.0   00:22     W
27   6.5   8.2   13:08   4.4   00:41  11.8   0.0   0.2   4.9  24.0   13:21   WSW
28   5.2   9.3   06:36   1.6   21:19  13.1   0.0   7.6  10.2  40.0   12:52   WSW
29   1.9   2.9   13:43   1.0   23:36  16.4   0.0   5.2   6.6  30.0   00:49   WSW
30   2.3   4.8   12:51  -0.3   03:19  16.0   0.0   1.4   4.9  24.0   14:02   WSW
31   3.2   5.1   12:46   1.7   00:01  15.1   0.0   2.8   6.5  27.0   11:43   WNW
----------------------------------------------------------------------------------
     4.6  13.7    10    -3.3     4   425.7   0.0  68.2   4.9  47.0     2     WSW

Max >=  27.0:  0
Max <=   0.0:  0
Min <=   0.0:  6
Min <= -18.0:  0
Max Rain: 8.8 on day 17
Days of Rain: 27 (>= 0.2 mm)  14 (>= 2.0 mm)  0 (>= 20.0 mm)
Heat Base: 18.3  Cool Base: 18.3  Method: Integration