NOAA-Style Climate Reports

Select a Year or Month report
2018: Jan Feb Mar Apr May Jun Jul Aug Sep Oct Nov Dec
2017: Jan Feb Mar Apr May Jun Jul Aug Sep Oct Nov Dec
2016: Jan Feb Mar Apr May Jun Jul Aug Sep Oct Nov Dec
2015: Jan Feb Mar Apr May Jun Jul Aug Sep Oct Nov Dec
2014: Jan Feb Mar Apr May Jun Jul Aug Sep Oct Nov Dec
2013: Jan Feb Mar Apr May Jun Jul Aug Sep Oct Nov Dec
2012: Jan Feb Mar Apr May Jun Jul Aug Sep Oct Nov Dec

Report for 2015 March
                   Monthly Climatological Summary for Mar 2015

Name: Batley Weather   City: Batley   State: West Yorkshire
Elevation: 255 ft  Lat: N 53° 42' 22"   Lon: W 001° 37' 12"

                  Temperature (°C), Rain (mm), Wind Speed (mph)

                                      Heat  Cool        Avg
    Mean                              Deg   Deg         Wind                 Dom
Day Temp  High   Time   Low    Time   Days  Days  Rain  Speed High   Time    Dir
----------------------------------------------------------------------------------
 1   5.8   9.2   00:00   2.4   20:56  12.5   0.0   3.2  10.3  40.0   00:46   WSW
 2   3.5   5.7   15:01   1.7   08:28  14.8   0.0   2.8   7.9  35.0   11:32   WSW
 3   4.0   5.8   11:03   2.2   01:48  14.3   0.0   0.8   7.7  30.0   12:25   WSW
 4   5.6   8.7   14:18   3.6   05:54  12.7   0.0   0.4   9.0  33.0   02:53   WSW
 5   6.8  10.1   15:11   2.6   05:05  11.5   0.0   0.2   4.2  29.0   10:56   WSW
 6   9.2  13.3   15:27   6.6   05:51   9.1   0.0   0.0   3.3  22.0   12:51   WSW
 7  11.0  15.6   15:52   8.2   00:09   7.3   0.0   0.0   4.7  27.0   23:45   WSW
 8   8.2  11.7   08:46   0.7   23:49  10.0   0.0   0.4   5.6  27.0   00:32   WSW
 9   4.9  11.3   17:31  -2.8   05:50  13.4   0.0   2.2   3.0  27.0   18:34   WSW
10   5.9  10.6   13:02  -0.7   23:50  12.4   0.0   0.0   4.0  25.0   01:22     W
11   4.0  10.5   12:30  -2.3   05:16  14.2   0.0   1.6   0.4  13.0   12:31   WSW
12   7.5  12.8   13:18   1.2   01:03  10.8   0.0   0.2   0.1   9.0   12:26    SE
13   5.7   8.2   15:47   3.4   08:07  12.6   0.0  10.8   1.9  18.0   10:43    NE
14   4.5   6.5   15:46   3.0   21:33  13.8   0.0   0.2   2.2  15.0   01:17   ENE
15   5.9   8.8   14:53   4.0   00:00  12.4   0.0   0.0   3.4  17.0   14:58   ENE
16   5.6   7.3   14:22   4.6   01:36  12.7   0.0   0.2   1.2  12.0   01:34   ENE
17   5.6   9.7   14:47   1.0   23:57  12.7   0.0   0.0   0.1   7.0   13:11   WSW
18   3.3   8.6   11:46  -1.8   05:51  15.0   0.0   0.2   0.3   9.0   09:27     N
19   5.4   9.9   14:35   0.7   00:00  12.9   0.0   0.0   0.2   9.0   11:47   NNE
20   7.7  12.3   12:32   2.8   04:58  10.6   0.0   0.0   2.9  22.0   16:50     W
21   6.0   8.1   15:03   3.2   01:58  11.6   0.0   0.0   2.6  18.0   13:00   NNE
22   6.4  11.5   13:27   1.6   23:56  11.9   0.0   0.0   0.4  13.0   13:50     W
23   7.1  12.0   15:39   1.3   00:12  11.2   0.0   0.0   4.7  25.0   09:08     W
24   4.6   8.6   11:19  -0.2   05:36  13.7   0.0   0.8   1.7  21.0   13:25     W
25   4.4   9.9   15:06  -0.1   02:59  13.9   0.0   0.0   0.2  10.0   09:20   NNE
26   6.4  10.5   14:56   1.8   06:26  11.2   0.0   3.4   8.6  33.0   14:59     W
27   6.6  10.9   16:30   3.2   20:37  11.7   0.0   0.0   3.0  18.0   02:56     W
28   9.9  15.0   14:19   4.6   00:32   8.4   0.0   2.6   6.3  33.0   15:11     W
29   7.7   9.0   00:00   6.1   22:09  10.2   0.0   2.6   8.4  32.0   02:07     W
30   7.0  10.8   23:06   3.2   05:54  11.3   0.0   7.0   7.7  33.0   23:08     W
31   6.9   9.9   00:00   3.2   21:58  11.4   0.0   7.6  15.6  44.0   11:33     W
----------------------------------------------------------------------------------
     6.2  15.6     7    -2.8     9   372.2   0.0  47.2   4.2  44.0    31       W

Max >=  27.0:  0
Max <=   0.0:  0
Min <=   0.0:  6
Min <= -18.0:  0
Max Rain: 10.8 on day 13
Days of Rain: 19 (>= 0.2 mm)  9 (>= 2.0 mm)  0 (>= 20.0 mm)
Heat Base: 18.3  Cool Base: 18.3  Method: Integration