NOAA-Style Climate Reports

Select a Year or Month report
2018: Jan Feb Mar Apr May Jun Jul Aug Sep Oct Nov Dec
2017: Jan Feb Mar Apr May Jun Jul Aug Sep Oct Nov Dec
2016: Jan Feb Mar Apr May Jun Jul Aug Sep Oct Nov Dec
2015: Jan Feb Mar Apr May Jun Jul Aug Sep Oct Nov Dec
2014: Jan Feb Mar Apr May Jun Jul Aug Sep Oct Nov Dec
2013: Jan Feb Mar Apr May Jun Jul Aug Sep Oct Nov Dec
2012: Jan Feb Mar Apr May Jun Jul Aug Sep Oct Nov Dec

Report for 2015 September
                   Monthly Climatological Summary for Sep 2015

Name: Batley Weather   City: Batley   State: West Yorkshire
Elevation: 255 ft  Lat: N 53° 42' 22"   Lon: W 001° 37' 12"

                  Temperature (°C), Rain (mm), Wind Speed (mph)

                                      Heat  Cool        Avg
    Mean                              Deg   Deg         Wind                 Dom
Day Temp  High   Time   Low    Time   Days  Days  Rain  Speed High   Time    Dir
----------------------------------------------------------------------------------
 1  13.4  17.9   14:07  10.4   05:56   4.9   0.0   1.2   1.1  18.0   15:03     W
 2  13.1  17.4   12:44  10.6   06:08   5.2   0.0   0.0   0.9  18.0   14:38     W
 3  12.3  14.8   14:11   9.8   06:29   6.0   0.0   0.2   1.8  17.0   15:44     W
 4  13.0  15.9   17:33  10.3   06:13   5.3   0.0   0.0   1.7  17.0   10:05   WNW
 5  12.1  14.8   16:07   7.2   23:38   6.2   0.0   0.8   1.2  17.0   03:14     N
 6  11.8  17.2   17:17   5.6   06:21   6.5   0.0   0.0   2.2  19.0   16:38     W
 7  12.5  18.4   17:40   7.1   06:26   5.8   0.0   0.0   0.2   9.0   11:19   NNW
 8  11.2  14.1   17:31   7.1   03:42   7.1   0.0   0.0   0.0   6.0   17:12    NE
 9  13.1  16.3   17:04  10.6   05:09   5.2   0.0   0.0   0.0   7.0   10:36   ENE
10  14.9  19.8   17:13  10.8   23:54   3.6   0.2   0.0   0.1  10.0   13:56   ENE
11  14.9  19.7   14:04   9.6   01:14   3.6   0.2   0.0   0.1  13.0   12:26     E
12  13.5  16.8   12:35   7.6   23:51   4.8   0.0   9.6   1.1  21.0   14:53     W
13  11.1  17.3   14:14   6.6   02:05   7.2   0.0   0.0   0.0   6.0   16:08   ENE
14  10.9  13.4   14:56   5.9   04:21   7.4   0.0   0.8   0.3   9.0   15:06    NE
15  12.9  16.3   14:07   8.0   23:59   5.4   0.0  11.0   1.7  21.0   16:00     W
16  10.6  16.0   16:38   5.9   06:29   7.6   0.0   0.0   0.5  12.0   18:51   NNE
17  11.0  15.8   13:06   5.7   06:40   7.3   0.0   0.0   1.2  18.0   13:39     W
18  12.5  17.1   16:51   7.6   06:50   5.8   0.0   0.0   0.2  10.0   17:31   NNE
19  12.5  18.5   16:14   7.7   03:50   5.8   0.0   0.0   0.5  13.0   15:48     W
20  12.2  16.7   12:47   6.9   06:34   6.1   0.0   0.0   0.2  16.0   13:46     W
21  12.7  14.7   15:38   8.6   23:12   5.6   0.0   4.2   1.0  18.0   16:23     W
22  12.3  15.8   16:26   9.2   00:00   6.0   0.0   1.4   1.3  17.0   16:29     W
23  13.1  15.8   15:33  10.2   06:10   5.2   0.0   0.0   2.2  21.0   10:49     W
24  12.1  14.5   14:30  10.3   06:44   6.2   0.0   2.0   2.4  23.0   12:04     W
25  11.9  15.2   14:19   7.8   23:56   6.4   0.0   0.0   2.8  20.0   10:10     W
26  10.9  16.5   15:27   6.7   03:42   7.4   0.0   0.0   0.0   4.0   13:16     N
27   8.8  13.9   16:22   3.8   05:35   9.5   0.0   0.0   0.0   5.0   12:22   ENE
28   9.6  15.5   16:33   4.7   04:09   8.7   0.0   0.0   0.0   7.0   14:29   ENE
29  10.2  15.8   16:49   7.0   02:26   8.1   0.0   0.0   0.0   6.0   15:00    NE
30  11.5  16.1   15:26   7.2   00:00   6.6   0.0   0.0   0.2  12.0   15:20    NE
----------------------------------------------------------------------------------
    12.1  19.8    10     3.8    27   186.5   0.4  31.2   0.8  23.0    24       W

Max >=  27.0:  0
Max <=   0.0:  0
Min <=   0.0:  0
Min <= -18.0:  0
Max Rain: 11.0 on day 15
Days of Rain: 9 (>= 0.2 mm)  4 (>= 2.0 mm)  0 (>= 20.0 mm)
Heat Base: 18.3  Cool Base: 18.3  Method: Integration