NOAA-Style Climate Reports

Select a Year or Month report
2018: Jan Feb Mar Apr May Jun Jul Aug Sep Oct Nov Dec
2017: Jan Feb Mar Apr May Jun Jul Aug Sep Oct Nov Dec
2016: Jan Feb Mar Apr May Jun Jul Aug Sep Oct Nov Dec
2015: Jan Feb Mar Apr May Jun Jul Aug Sep Oct Nov Dec
2014: Jan Feb Mar Apr May Jun Jul Aug Sep Oct Nov Dec
2013: Jan Feb Mar Apr May Jun Jul Aug Sep Oct Nov Dec
2012: Jan Feb Mar Apr May Jun Jul Aug Sep Oct Nov Dec

Report for 2015 November
                   Monthly Climatological Summary for Nov 2015

Name: Batley Weather   City: Batley   State: West Yorkshire
Elevation: 255 ft  Lat: N 53° 42' 22"   Lon: W 001° 37' 12"

                  Temperature (°C), Rain (mm), Wind Speed (mph)

                                      Heat  Cool        Avg
    Mean                              Deg   Deg         Wind                 Dom
Day Temp  High   Time   Low    Time   Days  Days  Rain  Speed High   Time    Dir
----------------------------------------------------------------------------------
 1  11.5  14.6   13:50   8.7   01:31   6.8   0.0   0.0   0.0   4.0   12:22     N
 2   9.9  11.3   00:00   8.4   08:19   8.4   0.0   0.2   0.0   4.0   17:02   ENE
 3   8.8   9.6   13:33   7.1   05:28   9.0   0.0   0.6   0.0   3.0   00:03   ---
 4  10.8  12.7   15:17   9.3   00:00   7.5   0.0   0.0   0.0   3.0   13:24   ---
 5  11.6  14.3   13:27   7.1   05:23   6.7   0.0   2.4   0.0   0.0   00:00   ---
 6  13.8  16.3   15:39  11.4   23:37   4.5   0.0   0.0   1.8  23.0   20:16   WSW
 7  11.9  16.3   11:45   8.8   23:56   6.4   0.0  11.2   2.8  27.0   17:24   WSW
 8   9.9  15.7   17:09   5.6   07:38   8.4   0.0   3.6   1.6  24.0   19:22   WSW
 9  12.2  16.2   22:02   7.4   03:22   6.1   0.0   5.0   7.2  37.0   10:46   WSW
10  16.2  17.2   13:27  15.3   22:47   2.1   0.0   0.0   7.0  28.0   15:23   WSW
11  14.4  15.9   12:41  11.4   22:38   3.9   0.0   0.0   3.9  24.0   08:25   WSW
12  11.5  14.6   17:50   6.4   07:11   6.8   0.0   1.6   2.0  31.0   20:14   WSW
13   7.2  10.1   00:00   5.9   15:03  11.1   0.0   8.6   6.0  33.0   12:33   WSW
14   8.5  14.1   23:19   5.9   04:16   9.8   0.0  14.4   2.9  30.0   01:30   WSW
15  14.5  15.5   14:02  13.8   00:52   3.8   0.0  14.6   8.6  33.0   01:42   WSW
16   9.9  14.7   01:10   8.2   08:51   8.4   0.0   0.4   6.5  36.0   03:30   WSW
17  10.5  13.6   15:54   8.8   00:00   7.8   0.0   2.4   4.4  42.0   22:38   WSW
18  10.5  13.6   11:49   8.2   06:12   7.8   0.0   5.2   7.2  37.0   14:31   WSW
19   8.7  10.4   11:11   5.9   23:19   9.6   0.0   6.4   7.8  32.0   00:22   WSW
20   5.3   6.9   13:37   3.1   23:57  13.0   0.0   2.4   5.6  30.0   16:12   WSW
21   1.9   4.6   05:18  -1.9   23:05  16.4   0.0   5.4   5.4  29.0   07:04   WNW
22   2.1   5.6   13:08  -1.5   00:00  16.2   0.0   0.0   0.2  13.0   10:40   NNW
23   3.4   8.0   23:52  -0.7   01:22  14.9   0.0   1.2   1.5  18.0   11:02   WSW
24   7.8   9.8   12:03   6.4   21:39  10.5   0.0   0.4   4.3  27.0   12:15   WSW
25   7.6   9.6   13:14   5.3   03:14  10.6   0.0   0.0   2.4  18.0   09:44     W
26   9.8  12.2   21:46   6.1   04:43   8.5   0.0   0.0   2.2  19.0   21:03   WSW
27  10.1  12.6   07:49   3.9   23:59   8.2   0.0   2.0   3.6  29.0   15:51     W
28   5.8   7.9   17:36   3.3   01:40  12.5   0.0  15.2   4.9  29.0   20:08   WSW
29   7.7  10.9   13:12   4.9   23:57  10.6   0.0  15.4   9.8  42.0   13:29   WSW
30   6.5  12.1   14:29   3.4   21:43  11.8   0.0   8.4   3.3  29.0   14:45   WSW
----------------------------------------------------------------------------------
     9.3  17.2    10    -1.9    21   268.1   0.0 127.0   3.8  42.0    17     WSW

Max >=  27.0:  0
Max <=   0.0:  0
Min <=   0.0:  3
Min <= -18.0:  0
Max Rain: 15.4 on day 29
Days of Rain: 22 (>= 0.2 mm)  16 (>= 2.0 mm)  0 (>= 20.0 mm)
Heat Base: 18.3  Cool Base: 18.3  Method: Integration