NOAA-Style Climate Reports

Select a Year or Month report
2018: Jan Feb Mar Apr May Jun Jul Aug Sep Oct Nov Dec
2017: Jan Feb Mar Apr May Jun Jul Aug Sep Oct Nov Dec
2016: Jan Feb Mar Apr May Jun Jul Aug Sep Oct Nov Dec
2015: Jan Feb Mar Apr May Jun Jul Aug Sep Oct Nov Dec
2014: Jan Feb Mar Apr May Jun Jul Aug Sep Oct Nov Dec
2013: Jan Feb Mar Apr May Jun Jul Aug Sep Oct Nov Dec
2012: Jan Feb Mar Apr May Jun Jul Aug Sep Oct Nov Dec

Report for 2015 December
                   Monthly Climatological Summary for Dec 2015

Name: Batley Weather   City: Batley   State: West Yorkshire
Elevation: 255 ft  Lat: N 53° 42' 22"   Lon: W 001° 37' 12"

                  Temperature (°C), Rain (mm), Wind Speed (mph)

                                      Heat  Cool        Avg
    Mean                              Deg   Deg         Wind                 Dom
Day Temp  High   Time   Low    Time   Days  Days  Rain  Speed High   Time    Dir
----------------------------------------------------------------------------------
 1   8.8  13.1   13:16   3.8   00:00   9.4   0.0   2.2   2.4  24.0   18:45   WSW
 2  11.2  13.1   13:02   8.4   23:37   7.1   0.0   0.2   2.6  28.0   12:37   WSW
 3   9.4  12.6   20:48   6.7   23:54   8.9   0.0   5.2   1.6  34.0   22:47   WSW
 4   9.3  11.9   23:26   6.3   00:23   9.0   0.0   0.0   6.7  29.0   18:20   WSW
 5  11.8  12.7   23:25  10.8   07:26   6.5   0.0   2.2   7.0  31.0   02:07   WSW
 6   9.6  13.2   07:23   4.4   18:37   8.7   0.0   1.8   3.7  35.0   06:13   WSW
 7   9.5  12.2   14:02   6.3   00:00   8.8   0.0   0.4   0.0   9.0   19:52   ESE
 8  10.1  12.7   06:31   5.4   23:49   8.2   0.0   0.8   2.8  29.0   19:04   WSW
 9   8.3  11.5   23:51   3.5   06:29  10.0   0.0   0.0   3.5  28.0   12:20   WSW
10   8.2  11.5   00:15   5.0   19:32  10.1   0.0   8.8   3.9  28.0   00:53   WSW
11   5.8   7.3   00:00   4.6   07:19  12.5   0.0   4.8   5.6  28.0   16:31   WSW
12   4.5   5.9   00:00   3.2   16:03  13.8   0.0  24.6   1.4  17.0   03:36     W
13   2.6   5.2   22:38  -1.0   08:02  15.7   0.0   1.2   0.0   3.0   00:16   ---
14   6.6   8.8   13:24   4.7   03:40  11.3   0.0   0.4   0.0   4.0   22:29   ---
15   8.5  10.9   23:21   7.3   00:00   9.7   0.0   2.2   0.0   9.0   17:48   ENE
16  12.2  13.9   23:58  10.8   00:06   6.1   0.0   1.0   1.4  21.0   11:55   WSW
17  13.2  15.1   13:37  11.1   06:22   5.1   0.0   0.0   1.8  24.0   12:18   WSW
18  12.3  13.9   23:56  11.0   09:39   6.0   0.0   0.0   1.9  23.0   11:57   WSW
19  15.0  16.3   08:50  13.4   02:25   3.3   0.0   0.0   0.9  21.0   06:45    SW
20  11.0  15.0   00:03   8.4   23:54   7.3   0.0   0.4   4.7  30.0   04:21   WSW
21   8.5  11.2   13:21   6.4   08:34   9.8   0.0   1.4   4.8  34.0   13:46   WSW
22  11.6  14.3   10:05   8.8   23:30   6.7   0.0   5.0   5.1  37.0   09:59   WSW
23   7.7   9.3   23:32   6.2   08:18  10.6   0.0   2.8   3.4  32.0   04:52   WSW
24   8.1  11.8   08:50   4.6   22:13  10.2   0.0   1.4   3.7  25.0   09:37   WSW
25   7.5  13.0   23:57   3.6   08:08  10.8   0.0   9.4   2.1  23.0   19:13   WSW
26  13.0  14.3   14:07   9.4   23:44   5.3   0.0  14.0   3.0  27.0   19:50   WSW
27   7.1   9.4   00:00   4.7   10:54  11.2   0.0   1.4   1.1  23.0   00:35   WSW
28   8.9  10.2   05:27   7.3   17:22   8.7   0.0   0.2   0.1   9.0   09:01   ENE
29   9.3  11.6   03:03   6.9   16:36   9.0   0.0   0.2   0.3  13.0   20:09    SW
30  10.8  13.2   04:44   6.8   23:58   7.5   0.0   8.2   1.0  22.0   12:47    SW
31   6.1   8.7   15:39   3.6   22:34  12.2   0.0   1.6   2.5  25.0   10:20   WSW
----------------------------------------------------------------------------------
     9.2  16.3    19    -1.0    13   279.5   0.0 101.8   2.6  37.0    22     WSW

Max >=  27.0:  0
Max <=   0.0:  0
Min <=   0.0:  1
Min <= -18.0:  0
Max Rain: 24.6 on day 12
Days of Rain: 26 (>= 0.2 mm)  12 (>= 2.0 mm)  1 (>= 20.0 mm)
Heat Base: 18.3  Cool Base: 18.3  Method: Integration