NOAA-Style Climate Reports

Select a Year or Month report
2018: Jan Feb Mar Apr May Jun Jul Aug Sep Oct Nov Dec
2017: Jan Feb Mar Apr May Jun Jul Aug Sep Oct Nov Dec
2016: Jan Feb Mar Apr May Jun Jul Aug Sep Oct Nov Dec
2015: Jan Feb Mar Apr May Jun Jul Aug Sep Oct Nov Dec
2014: Jan Feb Mar Apr May Jun Jul Aug Sep Oct Nov Dec
2013: Jan Feb Mar Apr May Jun Jul Aug Sep Oct Nov Dec
2012: Jan Feb Mar Apr May Jun Jul Aug Sep Oct Nov Dec

Report for 2016 January
                   Monthly Climatological Summary for Jan 2016

Name: Batley Weather   City: Batley   State: West Yorkshire
Elevation: 255 ft  Lat: N 53° 42' 22"   Lon: W 001° 37' 12"

                  Temperature (°C), Rain (mm), Wind Speed (mph)

                                      Heat  Cool        Avg
    Mean                              Deg   Deg         Wind                 Dom
Day Temp  High   Time   Low    Time   Days  Days  Rain  Speed High   Time    Dir
----------------------------------------------------------------------------------
 1   3.1   6.7   23:24  -0.9   07:12  15.2   0.0   3.4   0.4  18.0   23:16   ENE
 2   8.1   8.8   13:16   6.7   00:00  10.1   0.0   5.4   0.4  13.0   00:30   ENE
 3   7.0   8.6   00:00   4.2   23:10  11.3   0.0   8.6   0.3  17.0   18:22   ENE
 4   5.9   7.2   20:46   3.7   03:10  12.4   0.0   0.6   0.0   7.0   23:41   ENE
 5   7.2   8.2   14:11   6.6   22:51  11.1   0.0   3.6   0.0  10.0   02:49   ENE
 6   7.2   8.3   13:48   5.2   19:49  11.1   0.0   0.8   0.1   7.0   13:34   ENE
 7   5.8   6.8   11:39   4.2   23:44  12.5   0.0  10.4   5.0  37.0   18:55   WSW
 8   4.8   7.4   13:50   3.0   23:25  13.5   0.0   0.4   0.9  17.0   12:26   WSW
 9   5.8   8.3   20:36   2.1   06:09  12.5   0.0   6.4   0.1  13.0   17:51     E
10   5.2   6.8   13:45   1.7   23:25  13.1   0.0   1.8   2.9  24.0   06:15   WSW
11   2.8   4.7   15:29   1.0   03:01  15.5   0.0   0.0   0.6  14.0   15:36     W
12   5.5   6.3   03:24   4.3   00:00  12.8   0.0   1.0   4.6  24.0   13:43     W
13   3.9   5.4   14:13   2.2   07:46  14.4   0.0   0.2   1.8  21.0   03:09   WSW
14   2.7   4.1   00:00   1.1   23:53  15.6   0.0   0.2   5.6  28.0   10:15     W
15   1.7   4.3   14:09  -0.4   07:24  16.6   0.0   0.0   2.7  23.0   12:40     W
16   0.9   2.6   14:18  -1.8   08:26  17.4   0.0   0.0   0.2  11.0   00:31     W
17   1.2   2.4   23:07  -0.2   07:12  17.1   0.0   2.0   0.0   5.0   18:42   ---
18   2.8   3.8   13:47   2.0   04:50  15.5   0.0   1.2   0.0   5.0   13:02   ---
19   4.3   5.9   13:57   2.9   00:00  14.0   0.0   0.0   0.0   3.0   11:41   ---
20   2.1   4.4   00:00  -2.1   23:40  16.2   0.0   0.0   0.0   5.0   14:20     W
21   1.3   4.9   20:20  -2.5   02:50  17.0   0.0   1.6   0.0   5.0   21:06     E
22   7.5  10.8   14:00   3.9   00:00  10.8   0.0   3.8   1.5  21.0   14:24   WSW
23   7.4  10.3   12:51   2.5   08:47  10.9   0.0   1.8   0.8  18.0   03:26   WSW
24  12.9  14.8   14:52   9.5   00:00   5.4   0.0   0.0   1.4  18.0   12:42   WSW
25  11.1  14.1   14:08   6.6   23:49   7.2   0.0   0.0   2.4  32.0   17:29   WSW
26  10.3  13.2   17:55   6.6   00:00   8.0   0.0   0.8   5.2  33.0   14:51   WSW
27  10.8  14.2   10:53   3.8   23:55   7.5   0.0   3.8   8.8  35.0   13:37   WSW
28   6.6  10.5   23:49   3.8   00:00  11.7   0.0   1.4   5.0  30.0   13:12   WSW
29  10.0  11.7   02:00   7.9   23:53   8.3   0.0   2.8  11.0  46.0   12:18   WSW
30   4.2   7.9   00:00   2.1   23:56  14.1   0.0   4.2   7.4  33.0   12:29   WSW
31   6.3  12.2   23:16   1.9   01:06  12.0   0.0   5.2   2.5  34.0   23:09   WSW
----------------------------------------------------------------------------------
     5.7  14.8    24    -2.5    21   390.8   0.0  71.4   2.3  46.0    29     WSW

Max >=  27.0:  0
Max <=   0.0:  0
Min <=   0.0:  6
Min <= -18.0:  0
Max Rain: 10.4 on day 7
Days of Rain: 24 (>= 0.2 mm)  12 (>= 2.0 mm)  0 (>= 20.0 mm)
Heat Base: 18.3  Cool Base: 18.3  Method: Integration