NOAA-Style Climate Reports

Select a Year or Month report
2018: Jan Feb Mar Apr May Jun Jul Aug Sep Oct Nov Dec
2017: Jan Feb Mar Apr May Jun Jul Aug Sep Oct Nov Dec
2016: Jan Feb Mar Apr May Jun Jul Aug Sep Oct Nov Dec
2015: Jan Feb Mar Apr May Jun Jul Aug Sep Oct Nov Dec
2014: Jan Feb Mar Apr May Jun Jul Aug Sep Oct Nov Dec
2013: Jan Feb Mar Apr May Jun Jul Aug Sep Oct Nov Dec
2012: Jan Feb Mar Apr May Jun Jul Aug Sep Oct Nov Dec

Report for 2016 February
                   Monthly Climatological Summary for Feb 2016

Name: Batley Weather   City: Batley   State: West Yorkshire
Elevation: 255 ft  Lat: N 53° 42' 22"   Lon: W 001° 37' 12"

                  Temperature (°C), Rain (mm), Wind Speed (mph)

                                      Heat  Cool        Avg
    Mean                              Deg   Deg         Wind                 Dom
Day Temp  High   Time   Low    Time   Days  Days  Rain  Speed High   Time    Dir
----------------------------------------------------------------------------------
 1  11.0  13.2   11:27   7.6   23:57   7.3   0.0   0.4  12.4  42.0   12:31   WSW
 2   6.0   7.6   00:00   3.3   20:15  12.3   0.0   1.2  11.0  40.0   04:25   WSW
 3   4.5   6.7   13:46   2.4   04:48  13.8   0.0   2.8   5.0  30.0   03:38     W
 4   9.2  10.9   12:14   4.7   00:45   9.1   0.0   0.6   5.5  30.0   10:19     W
 5   9.8  11.2   12:57   6.1   23:56   8.5   0.0   1.2   3.4  26.0   15:01   WSW
 6   6.6  10.5   16:40   2.3   05:20  11.7   0.0   5.0   1.0  16.0   00:01   WSW
 7   6.1   8.2   13:33   3.8   06:43  12.2   0.0   4.0   3.3  28.0   13:20   WSW
 8   6.5   7.7   13:29   5.4   03:26  11.8   0.0  10.6   7.9  34.0   21:35   WSW
 9   4.3   5.6   00:00   3.4   06:54  14.0   0.0   0.0   6.2  30.0   00:56   WSW
10   4.3   6.9   14:40   1.5   23:59  14.0   0.0   0.0   3.2  20.0   13:15     W
11   2.3   7.5   13:39  -1.5   23:40  16.0   0.0   0.0   0.4  11.0   01:28   WSW
12   2.5   5.4   14:32  -1.4   00:00  15.8   0.0   0.4   0.0   5.0   14:21   ENE
13   3.2   5.3   13:05   0.6   03:50  14.5   0.0   0.2   1.3  16.0   14:20   ENE
14   2.7   4.8   13:02   0.8   22:45  15.6   0.0   0.0   2.4  15.0   05:31   NNE
15   1.8   5.0   14:14  -2.3   23:11  16.5   0.0   0.0   2.2  17.0   13:00   NNW
16   1.9   6.7   13:58  -4.4   05:47  16.4   0.0   0.2   0.2  13.0   13:46   SSW
17   4.9   6.4   13:20   3.3   22:07  13.4   0.0   4.0   0.2  13.0   13:23     W
18   2.5   6.3   14:46  -0.6   07:53  15.8   0.0   0.0   1.5  21.0   17:07   WSW
19   4.6   9.4   21:37  -1.5   07:24  13.7   0.0   0.2   2.3  29.0   23:33   WSW
20   8.1   8.7   15:38   7.3   06:19   9.9   0.0   0.8  10.1  36.0   02:15   WSW
21  10.4  14.2   13:37   6.9   23:56   7.9   0.0   1.8  10.0  42.0   13:31   WSW
22   5.5   7.7   12:29   3.6   06:19  12.8   0.0   0.0   5.7  29.0   09:50   WSW
23   3.4   7.2   14:07  -0.4   23:55  14.9   0.0   0.0   1.1  14.0   14:36     W
24   1.7   6.0   14:57  -3.4   05:40  16.6   0.0   0.0   0.4  13.0   15:57     W
25   1.9   5.2   13:08  -2.3   07:02  16.4   0.0   0.0   0.9  15.0   12:05     W
26   2.6   6.4   14:07   0.2   22:34  15.7   0.0   0.0   0.0   7.0   10:44     E
27   2.4   5.8   12:56  -1.1   06:02  15.9   0.0   0.0   0.7  13.0   12:42    NE
28   2.9   7.2   14:01  -2.4   23:52  15.4   0.0   0.0   1.0  14.0   11:00   NNE
29   2.4   7.4   13:22  -2.9   03:22  15.9   0.0   1.6   0.3  14.0   13:15   WSW
----------------------------------------------------------------------------------
     4.7  14.2    21    -4.4    16   393.8   0.0  35.0   3.4  42.0     1     WSW

Max >=  27.0:  0
Max <=   0.0:  0
Min <=   0.0: 12
Min <= -18.0:  0
Max Rain: 10.6 on day 8
Days of Rain: 16 (>= 0.2 mm)  5 (>= 2.0 mm)  0 (>= 20.0 mm)
Heat Base: 18.3  Cool Base: 18.3  Method: Integration