NOAA-Style Climate Reports

Select a Year or Month report
2018: Jan Feb Mar Apr May Jun Jul Aug Sep Oct Nov Dec
2017: Jan Feb Mar Apr May Jun Jul Aug Sep Oct Nov Dec
2016: Jan Feb Mar Apr May Jun Jul Aug Sep Oct Nov Dec
2015: Jan Feb Mar Apr May Jun Jul Aug Sep Oct Nov Dec
2014: Jan Feb Mar Apr May Jun Jul Aug Sep Oct Nov Dec
2013: Jan Feb Mar Apr May Jun Jul Aug Sep Oct Nov Dec
2012: Jan Feb Mar Apr May Jun Jul Aug Sep Oct Nov Dec

Report for 2016 May
                   Monthly Climatological Summary for May 2016

Name: Batley Weather   City: Batley   State: West Yorkshire
Elevation: 255 ft  Lat: N 53° 42' 22"   Lon: W 001° 37' 12"

                  Temperature (°C), Rain (mm), Wind Speed (mph)

                                      Heat  Cool        Avg
    Mean                              Deg   Deg         Wind                 Dom
Day Temp  High   Time   Low    Time   Days  Days  Rain  Speed High   Time    Dir
----------------------------------------------------------------------------------
 1   8.0  12.0   14:32   0.6   03:14  10.3   0.0   0.2   0.6  16.0   16:52   WSW
 2  12.0  15.0   11:48   6.9   23:49   6.3   0.0   1.4   5.0  28.0   18:15     W
 3   9.6  14.6   16:16   4.9   23:50   8.7   0.0   0.0   6.1  24.0   10:37     W
 4  11.2  19.4   17:14   3.1   02:32   7.1   0.1   0.0   0.9  16.0   14:56     W
 5  13.6  21.1   17:30   5.0   05:53   5.3   0.6   0.0   0.3  17.0   11:03     W
 6  13.2  19.6   15:23   6.1   05:42   5.3   0.2   0.0   0.1   9.0   12:32   ENE
 7  13.1  19.7   16:38   7.7   04:11   5.3   0.1   0.2   1.2  15.0   15:23    NE
 8  15.4  24.8   17:06   8.4   02:23   4.3   1.4   0.0   0.3  16.0   15:44   ENE
 9  16.0  23.8   13:26   8.9   04:50   3.6   1.3   0.0   1.3  17.0   14:19   ENE
10  13.9  17.9   12:35  11.5   06:04   4.4   0.0   6.4   1.7  15.0   09:37    NE
11  13.9  18.6   13:14  11.4   04:56   4.4   0.0   0.8   1.4  15.0   12:26    NE
12  14.2  19.5   16:00  10.6   22:20   4.3   0.2   0.0   2.7  19.0   17:02   NNE
13  10.0  13.2   11:02   6.9   23:40   8.3   0.0   0.2   2.8  20.0   05:44   NNE
14   9.3  15.0   17:12   4.3   03:43   9.0   0.0   0.0   0.8  17.0   09:59     N
15  10.0  15.8   16:59   2.9   04:40   8.3   0.0   0.0   0.0   0.0   00:00   ---
16  10.8  15.9   16:57   5.2   05:23   7.5   0.0   0.0   2.6  19.0   20:10   WNW
17  13.3  20.2   17:34   5.5   04:26   5.1   0.2   0.0   0.9  15.0   21:43   WNW
18  12.9  15.6   17:08  10.7   23:44   5.4   0.0   5.0   0.7  16.0   18:54   WNW
19  12.8  18.1   12:55   8.4   04:33   5.5   0.0   4.0   0.5  15.0   16:23     W
20  14.3  17.5   15:41  11.8   23:31   4.0   0.0   0.4   1.0  18.0   15:52     W
21  14.5  18.8   12:32  11.8   00:00   3.8   0.0   6.0   0.5  18.0   12:37     W
22  13.2  18.6   13:01   8.5   05:07   5.1   0.0   0.0   2.0  19.0   15:28   WNW
23  12.4  17.8   16:53   7.7   05:04   5.9   0.0   2.6   0.9  15.0   10:10   WNW
24  11.0  16.6   12:31   5.1   04:39   7.3   0.0   0.2   1.4  18.0   18:29    NE
25   9.3  10.1   13:57   8.5   04:04   9.0   0.0   3.0   1.2  15.0   17:24   NNE
26  12.0  14.5   13:39   9.4   00:00   6.3   0.0   3.4   0.0  10.0   00:34     W
27  13.0  16.8   17:41   9.4   00:32   5.3   0.0   0.0   0.0   7.0   12:17   NNE
28  13.0  19.4   17:31   7.3   05:13   5.3   0.0   0.0   0.0   1.0   00:28   ---
29  12.6  18.1   16:42   6.8   04:14   5.7   0.0   0.0   0.6  12.0   18:09   NNE
30  13.1  17.6   16:57  10.1   06:43   5.2   0.0   0.0   2.1  19.0   20:41     N
31  11.7  13.1   16:56  10.4   03:17   6.6   0.0   0.8   3.6  22.0   08:10     N
----------------------------------------------------------------------------------
    12.4  24.8     8     0.6     1   187.9   4.1  34.6   1.4  28.0     2      NW

Max >=  27.0:  0
Max <=   0.0:  0
Min <=   0.0:  0
Min <= -18.0:  0
Max Rain: 6.4 on day 10
Days of Rain: 15 (>= 0.2 mm)  7 (>= 2.0 mm)  0 (>= 20.0 mm)
Heat Base: 18.3  Cool Base: 18.3  Method: Integration