NOAA-Style Climate Reports

Select a Year or Month report
2018: Jan Feb Mar Apr May Jun Jul Aug Sep Oct Nov Dec
2017: Jan Feb Mar Apr May Jun Jul Aug Sep Oct Nov Dec
2016: Jan Feb Mar Apr May Jun Jul Aug Sep Oct Nov Dec
2015: Jan Feb Mar Apr May Jun Jul Aug Sep Oct Nov Dec
2014: Jan Feb Mar Apr May Jun Jul Aug Sep Oct Nov Dec
2013: Jan Feb Mar Apr May Jun Jul Aug Sep Oct Nov Dec
2012: Jan Feb Mar Apr May Jun Jul Aug Sep Oct Nov Dec

Report for 2016 July
                   Monthly Climatological Summary for Jul 2016

Name: Batley Weather   City: Batley   State: West Yorkshire
Elevation: 255 ft  Lat: N 53° 42' 22"   Lon: W 001° 37' 12"

                  Temperature (°C), Rain (mm), Wind Speed (mph)

                                      Heat  Cool        Avg
    Mean                              Deg   Deg         Wind                 Dom
Day Temp  High   Time   Low    Time   Days  Days  Rain  Speed High   Time    Dir
----------------------------------------------------------------------------------
 1  14.1  18.6   15:07   9.9   23:45   4.2   0.0   1.2   2.4  21.0   17:37     W
 2  13.6  18.4   17:17   9.1   03:41   4.7   0.0   0.0   4.7  30.0   16:01   WNW
 3  14.9  19.6   17:09  10.2   04:59   3.4   0.1   0.0   3.3  30.0   15:03   WNW
 4  16.2  22.3   12:44  10.4   00:00   2.8   0.7   1.4   0.3  25.0   12:08     W
 5  16.1  19.4   17:22  12.3   23:53   2.3   0.1   0.0   5.6  26.0   17:32    NW
 6  15.3  19.4   16:01   9.9   04:18   3.1   0.2   0.0   0.8  26.0   16:34   WNW
 7  18.4  23.2   17:49  15.5   05:08   1.0   1.1   0.0   1.5  18.0   06:39   WNW
 8  16.6  19.3   17:27  12.7   23:56   1.8   0.1   2.6   4.3  26.0   16:37   WNW
 9  17.8  21.8   16:08  12.4   00:24   1.2   0.8   4.0   0.8  26.0   15:38     W
10  18.7  21.9   12:48  15.9   22:52   0.5   0.9   0.2   1.2  19.0   12:03     W
11  16.5  19.1   15:38  14.2   23:24   1.8   0.0   0.8   3.9  26.0   15:37     W
12  15.6  18.2   13:21  12.4   23:57   2.7   0.0   0.0   1.5  26.0   14:39   WNW
13  14.4  18.7   17:12  11.2   02:36   3.9   0.0   0.6   3.5  22.0   13:02   WNW
14  15.5  20.8   16:46  10.0   04:51   3.3   0.5   0.0   2.2  22.0   12:04   WNW
15  16.2  20.1   18:21  11.5   02:20   2.4   0.3   1.2   1.0  20.0   16:48     W
16  17.9  20.9   13:54  14.8   22:34   0.9   0.5   0.0   3.2  22.0   18:55     W
17  17.8  22.4   16:56  14.5   02:36   1.5   1.0   0.0   4.0  23.0   09:29   WNW
18  21.1  27.6   17:46  14.8   00:08   0.7   3.5   0.0   0.8  23.0   08:31     W
19  23.4  31.4   17:40  15.4   05:30   0.3   5.4   0.0   0.1  15.0   11:07    SE
20  22.0  26.9   17:11  18.2   23:20   0.0   3.6   0.0   2.5  24.0   16:15    NW
21  19.3  23.3   14:14  15.4   04:31   0.5   1.6   0.0   0.8  24.0   15:17   WNW
22  20.8  26.0   17:58  16.8   05:04   0.2   2.7   0.0   0.3  15.0   01:05   WNW
23  20.6  25.1   17:05  16.3   05:54   0.3   2.5   0.0   0.5  13.0   12:46   WNW
24  19.3  23.3   11:58  15.0   05:16   0.6   1.7   0.0   0.3  14.0   20:48   WNW
25  16.8  19.3   17:37  12.8   23:59   1.5   0.1   0.0   2.4  21.0   09:30   WNW
26  17.1  21.0   13:28  11.8   01:27   1.8   0.6   0.4   1.0  21.0   08:32   WNW
27  18.1  21.1   13:47  13.3   23:50   0.9   0.7   0.2   3.2  20.0   14:34   WNW
28  15.4  19.0   10:57  10.8   04:52   2.9   0.0   2.2   0.1  20.0   13:36     W
29  16.9  19.2   12:56  14.8   00:00   1.4   0.0   5.2   0.2  11.0   12:41     W
30  15.8  19.8   13:12  12.7   05:09   2.6   0.1   0.0   3.2  20.0   11:44   WNW
31  14.9  18.2   18:04  12.2   03:03   3.1   0.0   0.0   2.1  20.0   10:46   WNW
----------------------------------------------------------------------------------
    17.3  31.4    19     9.1     2    58.3  28.8  20.0   2.0  30.0     2     WNW

Max >=  27.0:  2
Max <=   0.0:  0
Min <=   0.0:  0
Min <= -18.0:  0
Max Rain: 5.2 on day 29
Days of Rain: 12 (>= 0.2 mm)  4 (>= 2.0 mm)  0 (>= 20.0 mm)
Heat Base: 18.3  Cool Base: 18.3  Method: Integration