NOAA-Style Climate Reports

Select a Year or Month report
2018: Jan Feb Mar Apr May Jun Jul Aug Sep Oct Nov Dec
2017: Jan Feb Mar Apr May Jun Jul Aug Sep Oct Nov Dec
2016: Jan Feb Mar Apr May Jun Jul Aug Sep Oct Nov Dec
2015: Jan Feb Mar Apr May Jun Jul Aug Sep Oct Nov Dec
2014: Jan Feb Mar Apr May Jun Jul Aug Sep Oct Nov Dec
2013: Jan Feb Mar Apr May Jun Jul Aug Sep Oct Nov Dec
2012: Jan Feb Mar Apr May Jun Jul Aug Sep Oct Nov Dec

Report for 2016 August
                   Monthly Climatological Summary for Aug 2016

Name: Batley Weather   City: Batley   State: West Yorkshire
Elevation: 255 ft  Lat: N 53° 42' 22"   Lon: W 001° 37' 12"

                  Temperature (°C), Rain (mm), Wind Speed (mph)

                                      Heat  Cool        Avg
    Mean                              Deg   Deg         Wind                 Dom
Day Temp  High   Time   Low    Time   Days  Days  Rain  Speed High   Time    Dir
----------------------------------------------------------------------------------
 1  15.8  18.9   13:05  12.9   04:14   2.6   0.0   0.2   0.6  20.0   13:38     W
 2  17.2  20.2   16:37  14.8   03:27   1.5   0.4   0.0   0.0  18.0   03:38     W
 3  18.4  22.2   14:19  16.1   22:48   0.6   0.8   0.2   2.1  22.0   11:48     W
 4  17.0  20.1   17:42  15.0   04:12   1.5   0.2   4.4   5.1  26.0   15:16     W
 5  17.5  21.5   17:01  14.6   23:46   1.5   0.7   0.0   2.4  26.0   14:18     W
 6  18.9  24.4   17:10  12.8   06:08   1.6   2.2   0.0   0.7  21.0   10:56     W
 7  19.2  21.0   14:49  14.8   23:58   0.3   1.2   3.0   5.2  31.0   21:35     W
 8  15.3  18.8   17:04  12.6   23:49   3.0   0.0   0.0   7.2  31.0   20:37     W
 9  13.7  17.6   13:07   8.6   05:43   4.6   0.0   0.8   4.0  29.0   10:17     W
10  14.0  18.7   14:41  10.7   02:50   4.3   0.0   3.2   1.2  26.0   12:59     W
11  16.1  18.3   16:53  13.4   01:42   2.2   0.0   2.0   6.8  32.0   09:05     W
12  18.0  21.1   15:38  15.6   06:43   0.9   0.6   0.0   5.4  32.0   08:07     W
13  16.7  18.8   15:37  14.4   07:03   1.6   0.0   2.2   3.9  26.0   08:27     W
14  16.5  20.1   17:38  11.4   23:59   2.0   0.2   0.0   0.8  22.0   12:39     W
15  15.5  24.3   17:31   8.4   05:52   3.9   1.2   0.0   0.0  18.0   12:36   ENE
16  15.3  22.3   17:41   9.3   05:28   3.8   0.8   0.0   0.1  11.0   14:30   ENE
17  16.1  22.6   17:21  10.6   01:45   2.9   0.7   0.0   0.0  11.0   13:32    NE
18  17.4  22.6   17:23  12.7   01:05   1.9   1.0   0.0   0.1  11.0   12:55    NE
19  16.2  18.0   14:49  14.2   23:47   2.1   0.0   6.4   0.0  10.0   13:48    NE
20  15.8  20.0   15:29  12.0   03:03   2.7   0.2   3.4   0.8  17.0   15:54     W
21  16.9  19.8   16:47  15.1   03:35   1.6   0.2   3.0   3.3  24.0   13:25     W
22  19.1  22.7   17:13  16.4   22:34   0.4   1.2   4.6   2.4  24.0   12:27     W
23  20.7  26.1   17:25  16.7   06:29   0.4   2.8   0.0   0.1  23.0   17:10     S
24  19.3  24.1   15:47  14.8   06:10   0.7   1.7   0.0   0.5  12.0   15:03     W
25  16.8  17.9   17:16  15.8   05:28   1.5   0.0  14.4   0.0  12.0   06:50   NNW
26  16.6  20.5   17:08  12.7   06:25   2.1   0.4   1.8   1.5  18.0   13:12     W
27  14.3  18.9   12:20   9.1   06:30   4.1   0.0   8.6   0.0  18.0   12:14    NE
28  16.2  19.3   15:00  14.1   05:24   2.2   0.1   0.0   0.1   9.0   12:23     N
29  15.5  20.3   17:24  11.3   05:50   3.0   0.2   0.0   1.9  20.0   10:33     W
30  16.7  22.4   17:33  11.1   04:58   2.4   0.9   0.0   0.5  20.0   09:35     W
31  17.0  20.2   11:53  13.9   01:45   1.7   0.4   0.0   2.1  22.0   13:52     W
----------------------------------------------------------------------------------
    16.8  26.1    23     8.4    15    65.6  18.1  58.2   1.9  32.0    11       W

Max >=  27.0:  0
Max <=   0.0:  0
Min <=   0.0:  0
Min <= -18.0:  0
Max Rain: 14.4 on day 25
Days of Rain: 15 (>= 0.2 mm)  11 (>= 2.0 mm)  0 (>= 20.0 mm)
Heat Base: 18.3  Cool Base: 18.3  Method: Integration