NOAA-Style Climate Reports

Select a Year or Month report
2018: Jan Feb Mar Apr May Jun Jul Aug Sep Oct Nov Dec
2017: Jan Feb Mar Apr May Jun Jul Aug Sep Oct Nov Dec
2016: Jan Feb Mar Apr May Jun Jul Aug Sep Oct Nov Dec
2015: Jan Feb Mar Apr May Jun Jul Aug Sep Oct Nov Dec
2014: Jan Feb Mar Apr May Jun Jul Aug Sep Oct Nov Dec
2013: Jan Feb Mar Apr May Jun Jul Aug Sep Oct Nov Dec
2012: Jan Feb Mar Apr May Jun Jul Aug Sep Oct Nov Dec

Report for 2016 September
                   Monthly Climatological Summary for Sep 2016

Name: Batley Weather   City: Batley   State: West Yorkshire
Elevation: 255 ft  Lat: N 53° 42' 22"   Lon: W 001° 37' 12"

                  Temperature (°C), Rain (mm), Wind Speed (mph)

                                      Heat  Cool        Avg
    Mean                              Deg   Deg         Wind                 Dom
Day Temp  High   Time   Low    Time   Days  Days  Rain  Speed High   Time    Dir
----------------------------------------------------------------------------------
 1  16.1  19.7   16:10  11.5   05:36   2.4   0.2   0.0   0.6  22.0   12:54     W
 2  16.6  19.6   15:01  11.6   23:52   1.9   0.2   0.4   1.3  18.0   15:50     W
 3  14.3  17.0   19:40  10.8   07:00   4.0   0.0   8.8   0.2  18.0   14:52     W
 4  16.0  19.1   17:10  13.6   05:15   2.3   0.0   0.2   1.7  21.0   15:03     W
 5  17.4  22.2   14:21  13.3   04:30   1.9   1.0   0.2   0.0  21.0   14:05   WSW
 6  20.6  24.5   15:18  15.9   02:02   0.4   2.7   0.0   0.7  16.0   12:30     W
 7  20.6  24.1   15:17  16.9   23:46   0.1   2.4   0.0   0.0  16.0   11:32   WSW
 8  17.2  20.3   15:00  14.4   21:24   1.4   0.3   0.0   2.1  28.0   14:29     W
 9  17.7  21.8   15:31  12.9   06:01   1.5   0.9   0.0   0.3  28.0   13:31   WSW
10  15.5  18.6   00:00  11.4   23:26   2.8   0.0   0.2   0.4  23.0   01:40     W
11  13.2  18.5   14:18   9.1   04:57   5.1   0.0   0.0   0.1  23.0   00:41   WSW
12  14.5  22.3   17:07  10.7   00:56   4.3   0.5   0.8   0.0  13.0   14:38   ESE
13  19.3  25.7   15:56  15.0   05:47   0.9   2.0   4.6   0.5  21.0   19:23     W
14  17.2  20.4   16:40  15.3   03:54   1.4   0.4   0.2   0.4  12.0   10:40   NNE
15  18.6  24.1   16:10  15.1   06:30   1.2   1.5   0.0   0.1   8.0   21:22     W
16  16.0  18.5   00:04  12.9   23:55   2.3   0.0   1.2   4.2  25.0   15:50     W
17  14.2  18.7   15:32  10.6   23:56   4.1   0.0   0.0   0.8  15.0   14:24   WNW
18  13.5  18.8   15:06   8.1   07:08   4.8   0.0   0.0   0.4  13.0   15:34     W
19  15.3  17.3   17:29  13.3   21:27   3.0   0.0   0.6   0.1   9.0   09:56     N
20  14.8  17.9   14:12  12.4   23:54   3.5   0.0   0.0   0.1   9.0   12:06   NNE
21  14.7  19.3   15:29  10.1   03:21   3.7   0.1   3.4   0.0   7.0   11:33   SSW
22  13.6  16.2   14:46   8.3   23:53   4.7   0.0   0.2   0.8  14.0   11:09     W
23  12.5  17.8   16:05   7.8   01:09   5.8   0.0   0.0   0.3  13.0   11:39     W
24  15.0  19.3   14:42   9.6   06:31   3.4   0.1   0.0   0.0  13.0   15:09   SSE
25  14.3  17.5   00:00  10.5   23:59   4.0   0.0  12.8   1.1  21.0   14:31     W
26  11.9  14.6   15:43   8.1   04:47   6.4   0.0   3.6   0.0   5.0   13:49   ---
27  14.8  18.9   13:48  11.5   05:12   3.5   0.0   0.0   2.0  26.0   18:15     W
28  17.5  22.7   16:03  13.7   03:01   1.9   1.1   0.0   4.8  29.0   12:53     W
29  14.7  18.6   00:00  11.4   23:14   3.6   0.0   0.4   5.4  31.0   15:35     W
30  11.0  15.0   12:52   7.6   06:04   7.3   0.0   2.0   0.8  17.0   00:33     W
----------------------------------------------------------------------------------
    15.6  25.7    13     7.6    30    93.6  13.4  39.6   1.0  31.0    29       W

Max >=  27.0:  0
Max <=   0.0:  0
Min <=   0.0:  0
Min <= -18.0:  0
Max Rain: 12.8 on day 25
Days of Rain: 16 (>= 0.2 mm)  6 (>= 2.0 mm)  0 (>= 20.0 mm)
Heat Base: 18.3  Cool Base: 18.3  Method: Integration