NOAA-Style Climate Reports

Select a Year or Month report
2018: Jan Feb Mar Apr May Jun Jul Aug Sep Oct Nov Dec
2017: Jan Feb Mar Apr May Jun Jul Aug Sep Oct Nov Dec
2016: Jan Feb Mar Apr May Jun Jul Aug Sep Oct Nov Dec
2015: Jan Feb Mar Apr May Jun Jul Aug Sep Oct Nov Dec
2014: Jan Feb Mar Apr May Jun Jul Aug Sep Oct Nov Dec
2013: Jan Feb Mar Apr May Jun Jul Aug Sep Oct Nov Dec
2012: Jan Feb Mar Apr May Jun Jul Aug Sep Oct Nov Dec

Report for 2017 February
                   Monthly Climatological Summary for Feb 2017

Name: Batley Weather   City: Batley   State: West Yorkshire
Elevation: 255 ft  Lat: N 53° 42' 22"   Lon: W 001° 37' 12"

                  Temperature (°C), Rain (mm), Wind Speed (mph)

                                      Heat  Cool        Avg
    Mean                              Deg   Deg         Wind                 Dom
Day Temp  High   Time   Low    Time   Days  Days  Rain  Speed High   Time    Dir
----------------------------------------------------------------------------------
 1   7.5   8.8   21:50   6.2   07:32  10.8   0.0   3.0   0.0  10.0   01:02   ---
 2  10.2  11.7   13:43   6.6   00:10   8.1   0.0   0.2   0.2  19.0   22:55   SSW
 3   7.9  10.3   00:03   4.2   07:53  10.4   0.0   2.0   0.2  19.0   21:31     S
 4   3.6   7.2   13:47   0.6   21:52  14.7   0.0   1.0   1.2  19.0   01:33   WSW
 5   3.2   6.8   13:36   0.2   23:47  15.1   0.0   0.0   0.1  19.0   00:09     W
 6   3.0   6.4   15:47  -0.8   01:37  15.3   0.0   4.0   0.0  10.0   18:47   ENE
 7   4.8   7.7   14:06   1.7   21:13  13.5   0.0   0.8   0.0  10.0   17:23   ENE
 8   3.3   4.5   14:57   1.3   01:13  15.0   0.0   0.8   0.1   9.0   10:33   ENE
 9   1.9   3.1   12:58   1.3   04:18  15.5   0.0   0.0   0.1   9.0   09:09   ENE
10   2.1   3.7   14:14   1.3   05:14  15.5   0.0   0.6   1.6  15.0   14:24    NE
11   3.3   3.9   10:30   1.9   00:00  15.0   0.0   4.0   3.9  18.0   21:47    NE
12   2.8   3.7   22:47   1.8   06:49  15.5   0.0   4.8   5.2  23.0   04:04   ENE
13   4.8   7.3   13:56   3.6   23:55  13.5   0.0   0.0   3.7  23.0   02:40   ENE
14   4.5   7.2   14:01   1.3   06:36  13.8   0.0   0.0   0.1  18.0   00:48   ENE
15   7.8  10.4   15:19   4.2   08:29  10.5   0.0   1.6   0.3  15.0   23:57     W
16   8.3  10.9   14:36   6.3   06:43   9.0   0.0   0.2   4.1  30.0   13:34   WSW
17   9.3  11.3   14:41   7.9   19:52   9.0   0.0   0.6   0.4  30.0   13:34   WSW
18   9.4  12.6   14:31   5.7   06:05   8.9   0.0   0.0   1.5  21.0   22:52   WSW
19  10.1  12.1   23:47   8.6   07:03   8.2   0.0   0.0   4.7  27.0   23:43   WSW
20  11.7  14.3   10:31   8.8   23:54   6.6   0.0   0.6   8.1  36.0   09:38   WSW
21   9.9  12.7   14:46   6.7   07:13   8.0   0.0   0.8   5.3  42.0   23:07   WSW
22   9.2  11.9   00:00   7.1   23:41   9.1   0.0   2.8   9.6  42.0   21:43   WSW
23   6.6   9.9   05:53   4.0   22:37  11.7   0.0  10.0   6.7  44.0   14:06     W
24   5.6   8.1   13:43   3.2   05:20  12.7   0.0   0.0   3.7  44.0   12:42   WSW
25   9.2  10.7   20:09   6.9   00:00   9.1   0.0   2.0   4.0  26.0   08:32   WSW
26   9.4  11.8   15:48   5.6   23:58   8.9   0.0   1.6   3.7  30.0   15:56   WSW
27   5.1   7.4   13:16   2.0   23:23  13.1   0.0   3.4   0.8  30.0   14:32     W
28   4.2   6.3   12:49   2.2   00:23  14.1   0.0   0.4   2.3  22.0   10:25   WSW
----------------------------------------------------------------------------------
     6.4  14.3    20    -0.8     6   330.6   0.0  45.2   2.6  44.0    23       W

Max >=  27.0:  0
Max <=   0.0:  0
Min <=   0.0:  1
Min <= -18.0:  0
Max Rain: 10.0 on day 23
Days of Rain: 21 (>= 0.2 mm)  9 (>= 2.0 mm)  0 (>= 20.0 mm)
Heat Base: 18.3  Cool Base: 18.3  Method: Integration