NOAA-Style Climate Reports

Select a Year or Month report
2018: Jan Feb Mar Apr May Jun Jul Aug Sep Oct Nov Dec
2017: Jan Feb Mar Apr May Jun Jul Aug Sep Oct Nov Dec
2016: Jan Feb Mar Apr May Jun Jul Aug Sep Oct Nov Dec
2015: Jan Feb Mar Apr May Jun Jul Aug Sep Oct Nov Dec
2014: Jan Feb Mar Apr May Jun Jul Aug Sep Oct Nov Dec
2013: Jan Feb Mar Apr May Jun Jul Aug Sep Oct Nov Dec
2012: Jan Feb Mar Apr May Jun Jul Aug Sep Oct Nov Dec

Report for 2017 March
                   Monthly Climatological Summary for Mar 2017

Name: Batley Weather   City: Batley   State: West Yorkshire
Elevation: 255 ft  Lat: N 53° 42' 22"   Lon: W 001° 37' 12"

                  Temperature (°C), Rain (mm), Wind Speed (mph)

                                      Heat  Cool        Avg
    Mean                              Deg   Deg         Wind                 Dom
Day Temp  High   Time   Low    Time   Days  Days  Rain  Speed High   Time    Dir
----------------------------------------------------------------------------------
 1   4.4   8.2   13:13   1.0   22:23  13.9   0.0   0.0   2.0  23.0   14:19   WSW
 2   5.0   8.1   13:09   2.1   22:04  13.3   0.0   3.4   5.3  32.0   15:50   WSW
 3   5.8   7.0   23:48   4.1   07:20  12.5   0.0  10.2   0.1  32.0   14:27    NE
 4   7.9  10.8   13:34   6.1   07:18  10.4   0.0   0.2   0.2  11.0   19:42   WSW
 5   6.0   7.4   11:43   3.4   07:51  12.3   0.0   4.0   0.3  11.0   18:18     W
 6   6.7  10.1   15:40   4.2   22:49  11.6   0.0   0.2   3.0  19.0   13:25     W
 7   7.0   9.8   15:26   4.3   06:35  11.3   0.0   0.4   1.3  19.0   13:25     W
 8   9.4  12.1   15:15   5.3   23:51   8.9   0.0   3.4   4.8  28.0   16:41   WSW
 9   8.4  11.9   13:27   4.1   23:36   9.9   0.0   0.0   4.6  34.0   10:43     W
10   9.1  14.4   14:25   3.7   00:49   8.8   0.0   0.0   0.1  34.0   09:19     W
11  11.1  13.3   14:02   8.4   00:21   7.2   0.0   0.4   0.0  10.0   14:11   WSW
12  11.0  13.9   13:38   6.8   23:51   7.3   0.0   0.4   2.2  17.0   15:32     W
13   8.9  12.4   14:42   4.6   05:06   9.4   0.0   0.0   5.1  27.0   08:01   WSW
14  11.3  14.5   14:10   8.4   01:55   7.0   0.0   0.0   4.7  29.0   12:52   WSW
15  10.0  14.8   15:39   5.1   23:56   8.3   0.0   0.0   2.4  29.0   12:52     W
16   8.4  13.1   14:57   4.8   00:37   9.9   0.0   0.4   4.2  26.0   10:44   WSW
17   7.7  11.7   23:16   4.1   01:19  10.6   0.0   1.6   6.5  35.0   22:28   WSW
18  12.0  13.4   14:33  11.3   04:59   6.3   0.0   0.4   7.3  41.0   02:37   WSW
19  12.1  14.2   12:11  10.1   22:10   6.2   0.0   0.2   7.6  41.0   01:13   WSW
20   9.0  11.2   04:39   4.9   19:29   9.3   0.0   4.0   5.2  36.0   12:22   WSW
21   5.7   9.2   13:15   3.1   06:53  12.6   0.0   0.8   5.7  34.0   09:59   WSW
22   5.7   7.1   13:35   2.3   23:50  12.6   0.0   8.2   0.2  34.0   08:35   ENE
23   6.8  11.0   13:38   1.8   00:18  11.5   0.0   0.4   3.5  23.0   14:26   ENE
24   6.2  11.9   13:25   0.6   23:16  12.1   0.0   0.0   0.9  23.0   13:02   ENE
25   5.7  15.0   16:54  -1.7   04:55  12.6   0.0   0.0   0.0  14.0   09:55    NE
26   6.4  13.7   15:07  -0.8   06:51  11.4   0.0   0.0   0.4  15.0   17:18   ENE
27   7.7  11.0   16:44   5.8   04:19  10.6   0.0   0.0   0.1  15.0   15:54   ENE
28   9.2  13.7   17:05   6.2   04:53   9.1   0.0   0.2   0.3  14.0   14:56     W
29  12.3  14.7   14:51   8.7   00:00   6.0   0.0   2.4   0.4  17.0   11:18   WSW
30  15.1  18.3   13:17  13.0   07:05   3.2   0.0   0.0   1.7  24.0   15:03   WSW
31  14.0  17.2   14:20  11.0   23:26   4.4   0.0   0.4   1.5  24.0   13:39   WSW
----------------------------------------------------------------------------------
     8.6  18.3    30    -1.7    25   300.5   0.0  41.6   2.6  41.0    18     WSW

Max >=  27.0:  0
Max <=   0.0:  0
Min <=   0.0:  2
Min <= -18.0:  0
Max Rain: 10.2 on day 3
Days of Rain: 20 (>= 0.2 mm)  7 (>= 2.0 mm)  0 (>= 20.0 mm)
Heat Base: 18.3  Cool Base: 18.3  Method: Integration