NOAA-Style Climate Reports

Select a Year or Month report
2018: Jan Feb Mar Apr May Jun Jul Aug Sep Oct Nov Dec
2017: Jan Feb Mar Apr May Jun Jul Aug Sep Oct Nov Dec
2016: Jan Feb Mar Apr May Jun Jul Aug Sep Oct Nov Dec
2015: Jan Feb Mar Apr May Jun Jul Aug Sep Oct Nov Dec
2014: Jan Feb Mar Apr May Jun Jul Aug Sep Oct Nov Dec
2013: Jan Feb Mar Apr May Jun Jul Aug Sep Oct Nov Dec
2012: Jan Feb Mar Apr May Jun Jul Aug Sep Oct Nov Dec

Report for 2017 April
                   Monthly Climatological Summary for Apr 2017

Name: Batley Weather   City: Batley   State: West Yorkshire
Elevation: 255 ft  Lat: N 53° 42' 22"   Lon: W 001° 37' 12"

                  Temperature (°C), Rain (mm), Wind Speed (mph)

                                      Heat  Cool        Avg
    Mean                              Deg   Deg         Wind                 Dom
Day Temp  High   Time   Low    Time   Days  Days  Rain  Speed High   Time    Dir
----------------------------------------------------------------------------------
 1  10.1  13.7   17:15   5.9   06:26   8.2   0.0   0.4   2.1  21.0   09:06     W
 2  10.1  14.7   18:08   5.2   23:59   8.2   0.0   0.0   0.5  20.0   15:51   WSW
 3   9.8  16.8   14:35   1.6   06:37   8.5   0.0   0.0   0.7  18.0   14:41     W
 4  11.2  14.2   16:44   7.6   23:58   7.1   0.0   0.0   2.8  18.0   13:17     W
 5   9.5  13.1   15:55   6.3   02:10   8.8   0.0   0.0   4.8  24.0   15:01     W
 6   7.8  11.4   14:48   3.0   05:18  10.5   0.0   0.0   3.9  24.0   13:37     W
 7   8.9  13.0   17:07   2.7   23:57   9.4   0.0   0.0   2.1  21.0   11:12     W
 8   9.5  21.6   17:15   0.2   06:38   9.1   0.3   0.0   0.1  17.0   08:49     W
 9  11.5  21.4   12:38   3.8   06:17   7.2   0.4   0.0   3.6  26.0   23:25     W
10   9.9  13.9   12:59   6.8   03:26   8.4   0.0   0.0   6.3  26.0   22:01     W
11   9.5  13.5   13:53   5.8   04:57   8.8   0.0   0.0   7.2  29.0   13:16     W
12  10.1  12.6   15:18   7.7   23:53   8.2   0.0   0.0   9.3  36.0   16:37     W
13   8.9  11.2   15:00   6.2   05:16   9.4   0.0   0.0   4.7  36.0   15:13     W
14   9.9  12.7   14:50   7.7   04:42   8.4   0.0   2.0   3.2  24.0   17:25     W
15   8.1  11.3   13:36   5.3   06:18  10.2   0.0   1.4   6.7  33.0   16:48     W
16   8.5  11.7   17:36   6.0   00:00   9.8   0.0   3.0   4.2  33.0   15:24     W
17   8.0  11.8   17:15   5.8   05:24   9.5   0.0   0.0   0.5  21.0   01:28   NNE
18   6.8  12.7   16:17   0.2   06:10  11.5   0.0   0.0   1.1  19.0   22:24    NE
19   8.8  12.9   13:09   2.6   02:42   9.5   0.0   0.0   0.5  18.0   00:01     W
20  11.8  15.0   14:02   9.1   00:00   6.5   0.0   0.8   4.2  23.0   14:40   WNW
21  10.9  14.8   16:53   5.1   03:42   7.4   0.0   0.0   4.8  25.0   10:48   WNW
22   9.8  15.2   17:34   5.5   06:10   8.5   0.0   0.0   0.2  25.0   09:24   NNE
23   9.4  14.7   14:40   3.3   02:59   8.9   0.0   0.0   3.1  21.0   17:28   WNW
24   9.0  11.9   14:28   2.7   23:50   9.3   0.0   0.4   6.2  35.0   17:07   WNW
25   4.4   9.5   14:49  -0.2   05:31  13.9   0.0   1.2   3.5  35.0   15:43    NW
26   5.5   9.2   17:17   1.5   23:46  12.8   0.0   0.8   2.2  30.0   15:01     N
27   7.4  11.8   18:14   1.7   00:00  10.9   0.0   5.0   2.7  19.0   10:12   WNW
28   8.7  13.1   14:52   2.8   05:53   9.6   0.0   0.0   0.5  19.0   08:48   WNW
29  10.0  14.2   15:49   6.8   05:19   8.3   0.0   0.0   0.0  11.0   09:53     W
30  10.6  15.8   15:18   4.9   02:35   7.7   0.0   0.0   0.3  21.0   15:39   ENE
----------------------------------------------------------------------------------
     9.1  21.6     8    -0.2    25   274.5   0.7  15.0   3.1  36.0    12     WNW

Max >=  27.0:  0
Max <=   0.0:  0
Min <=   0.0:  1
Min <= -18.0:  0
Max Rain: 5.0 on day 27
Days of Rain: 9 (>= 0.2 mm)  3 (>= 2.0 mm)  0 (>= 20.0 mm)
Heat Base: 18.3  Cool Base: 18.3  Method: Integration