NOAA-Style Climate Reports

Select a Year or Month report
2018: Jan Feb Mar Apr May Jun Jul Aug Sep Oct Nov Dec
2017: Jan Feb Mar Apr May Jun Jul Aug Sep Oct Nov Dec
2016: Jan Feb Mar Apr May Jun Jul Aug Sep Oct Nov Dec
2015: Jan Feb Mar Apr May Jun Jul Aug Sep Oct Nov Dec
2014: Jan Feb Mar Apr May Jun Jul Aug Sep Oct Nov Dec
2013: Jan Feb Mar Apr May Jun Jul Aug Sep Oct Nov Dec
2012: Jan Feb Mar Apr May Jun Jul Aug Sep Oct Nov Dec

Report for 2017 June
                   Monthly Climatological Summary for Jun 2017

Name: Batley Weather   City: Batley   State: West Yorkshire
Elevation: 255 ft  Lat: N 53° 42' 22"   Lon: W 001° 37' 12"

                  Temperature (°C), Rain (mm), Wind Speed (mph)

                                      Heat  Cool        Avg
    Mean                              Deg   Deg         Wind                 Dom
Day Temp  High   Time   Low    Time   Days  Days  Rain  Speed High   Time    Dir
----------------------------------------------------------------------------------
 1  19.1  24.6   18:12  13.0   05:06   1.2   2.0   0.0   0.4  15.0   12:02   WNW
 2  16.3  18.6   15:44  14.4   05:10   1.9   0.0   1.4   0.2  15.0   10:38   WNW
 3  15.7  19.8   14:29  11.6   05:57   2.9   0.2   0.0   1.3  20.0   17:14    NW
 4  14.9  19.3   19:35  10.1   04:05   3.3   0.1   0.0   1.4  22.0   11:08    NW
 5  12.7  17.1   14:54   8.4   02:29   5.6   0.0   8.0   0.1  22.0   09:44   WNW
 6  12.4  13.5   06:43  11.5   08:12   5.8   0.0   7.8   6.7  41.0   19:42     W
 7  13.7  16.4   15:39  10.8   06:24   4.6   0.0   0.2   9.2  41.0   18:18     W
 8  16.0  20.6   17:36  12.5   23:58   2.4   0.2   2.8   0.6  38.0   08:02     W
 9  15.5  20.4   17:25  10.8   03:37   3.1   0.2   0.0   2.2  26.0   17:18   WNW
10  15.8  19.7   15:33  11.9   01:39   2.6   0.3   7.2   0.2  23.0   12:09     W
11  16.2  19.9   17:17  13.4   05:05   2.2   0.1   0.0   2.8  35.0   19:45     W
12  14.4  16.5   15:00  13.2   04:44   3.4   0.0   0.2   4.2  35.0   18:22     W
13  16.6  20.7   16:00  13.4   04:06   2.1   0.5   0.0   0.5  31.0   14:05     W
14  19.2  26.6   17:58  11.2   05:14   1.8   2.8   0.0   0.0  12.0   09:11   WSW
15  17.1  20.6   14:07  12.9   05:10   1.6   0.5   0.8   3.8  27.0   14:24   WNW
16  16.5  19.8   15:27  13.4   04:01   2.0   0.2   0.0   4.8  27.0   13:00   WNW
17  21.7  28.3   17:25  16.6   23:56   0.1   3.5   0.0   1.5  21.0   09:04   WNW
18  22.1  30.3   18:07  13.1   05:34   1.0   4.8   0.0   0.5  19.0   16:17    NW
19  23.2  29.9   16:59  14.8   04:47   0.7   5.6   0.0   0.8  16.0   14:44    NW
20  18.1  21.5   00:00  15.5   23:58   0.6   0.4   0.0   0.0  14.0   13:42     N
21  20.6  27.5   16:34  14.7   04:27   1.1   3.4   0.0   0.0   9.0   08:59   ENE
22  18.2  20.6   03:05  15.2   22:30   0.6   0.5   0.0   5.8  29.0   19:14   WNW
23  16.3  18.7   16:24  14.7   03:45   2.0   0.0   0.2   2.2  29.0   17:51     W
24  16.4  20.0   19:08  14.0   03:43   2.0   0.1   0.8   4.2  26.0   20:32     W
25  15.0  17.7   15:36  11.4   23:58   3.3   0.0   0.8   4.2  26.0   19:08     W
26  15.1  20.6   17:56   8.2   05:22   3.6   0.4   0.0   0.4  24.0   15:51   WNW
27  13.9  15.9   16:24  12.4   07:47   4.4   0.0   4.4   0.0  14.0   08:08    NE
28  11.6  12.6   00:00  10.4   20:55   6.7   0.0  22.6   1.7  17.0   22:31   NNE
29  13.8  16.7   16:03  10.9   00:08   4.5   0.0   9.4   1.3  19.0   05:39    NW
----------------------------------------------------------------------------------
    16.5  30.3    18     8.2    26    77.1  25.8  66.6   2.1  41.0     6     WNW

Max >=  27.0:  4
Max <=   0.0:  0
Min <=   0.0:  0
Min <= -18.0:  0
Max Rain: 22.6 on day 28
Days of Rain: 14 (>= 0.2 mm)  7 (>= 2.0 mm)  1 (>= 20.0 mm)
Heat Base: 18.3  Cool Base: 18.3  Method: Integration