NOAA-Style Climate Reports

Select a Year or Month report
2018: Jan Feb Mar Apr May Jun Jul Aug Sep Oct Nov Dec
2017: Jan Feb Mar Apr May Jun Jul Aug Sep Oct Nov Dec
2016: Jan Feb Mar Apr May Jun Jul Aug Sep Oct Nov Dec
2015: Jan Feb Mar Apr May Jun Jul Aug Sep Oct Nov Dec
2014: Jan Feb Mar Apr May Jun Jul Aug Sep Oct Nov Dec
2013: Jan Feb Mar Apr May Jun Jul Aug Sep Oct Nov Dec
2012: Jan Feb Mar Apr May Jun Jul Aug Sep Oct Nov Dec

Report for 2017 December
                   Monthly Climatological Summary for Dec 2017

Name: Batley Weather   City: Batley   State: West Yorkshire
Elevation: 255 ft  Lat: N 53° 42' 22"   Lon: W 001° 37' 12"

                  Temperature (°C), Rain (mm), Wind Speed (mph)

                                      Heat  Cool        Avg
    Mean                              Deg   Deg         Wind                 Dom
Day Temp  High   Time   Low    Time   Days  Days  Rain  Speed High   Time    Dir
----------------------------------------------------------------------------------
 1   3.9   5.2   14:14   2.6   03:44  14.4   0.0   0.6   1.6  23.0   08:08   NNW
 2   6.2   8.8   13:22   3.2   09:06  12.1   0.0   0.2   0.3  18.0   10:32     W
 3   7.0   9.8   11:12   2.6   22:52  11.2   0.0   0.0   0.1  12.0   17:56   WSW
 4   6.6   9.7   12:55   1.3   02:08  11.7   0.0   0.0   1.6  16.0   08:49   WSW
 5   8.1   9.0   01:01   7.2   16:25  10.1   0.0   0.0   5.6  28.0   13:55     W
 6  10.0  12.2   23:59   8.2   00:39   8.3   0.0   0.0   3.2  28.0   12:31   WSW
 7   8.2  13.7   05:22   2.1   23:44  10.1   0.0   4.4   7.1  30.0   11:26     W
 8   1.9   3.1   05:09   0.3   22:18  16.4   0.0   1.6   6.4  30.0   11:26     W
 9   1.2   2.5   13:23  -1.1   07:04  17.1   0.0   0.0   2.2  26.0   03:40     W
10   0.7   1.9   14:00  -2.0   23:37  17.6   0.0   0.0   0.6  19.0   01:00   NNE
11  -1.4   1.9   14:25  -2.8   02:04  19.7   0.0   0.0   0.1  13.0   12:28   NNW
12   0.1   5.4   23:02  -4.0   05:19  18.2   0.0   0.6   0.4  20.0   23:13     W
13   4.8   7.7   11:05   2.2   20:50  13.5   0.0   4.8   3.5  24.0   16:41     W
14   3.6   5.4   13:47   1.8   03:11  14.7   0.0  11.0   2.4  24.0   15:18   WSW
15   3.2   5.3   12:01   1.1   02:09  15.1   0.0   0.0   1.6  24.0   15:49    NW
16   1.1   4.4   13:50  -2.6   23:46  17.2   0.0   0.0   1.0  20.0   11:11     W
17   3.5   9.6   17:17  -2.6   00:00  14.8   0.0   1.4   1.5  30.0   15:46     W
18   3.8   6.8   22:26   0.1   08:30  14.5   0.0   0.0   0.7  30.0   15:46     W
19   6.6   9.8   23:58   2.2   08:08  11.7   0.0   0.0   0.9  20.0   12:34   WSW
20  11.0  11.9   14:05   9.8   00:00   7.3   0.0   0.0   0.9  20.0   11:10   WSW
21   9.8  11.0   16:39   8.6   05:45   8.5   0.0   0.6   0.2  17.0   04:22     W
22  10.5  11.2   12:03   9.6   21:44   7.8   0.0   0.0   1.4  20.0   23:52     W
23   9.9  10.4   02:04   9.3   19:50   8.4   0.0   0.0   7.7  32.0   08:08   WSW
24  11.0  12.7   11:38   9.8   01:44   7.3   0.0   0.0   6.0  32.0   06:44   WSW
25   9.9  11.6   12:11   5.3   23:53   8.4   0.0   1.4   4.6  26.0   08:42   WSW
26   3.8   5.3   00:00   2.5   19:32  14.5   0.0   5.6   3.2  28.0   03:58     W
27   2.5   3.7   11:20   0.1   23:56  15.8   0.0   0.2   3.9  28.0   02:34   WNW
28   2.3   4.9   13:00  -0.2   00:04  16.0   0.0   0.0   3.7  22.0   06:59   WSW
29   2.1   6.0   18:35  -2.7   02:14  16.2   0.0   4.2   2.2  29.0   18:03   WSW
30   6.2   9.6   13:59   2.6   03:01  12.1   0.0   8.0   3.6  32.0   14:27   WSW
----------------------------------------------------------------------------------
     5.3  13.7     7    -4.0    12   390.7   0.0  44.6   2.6  32.0    23       W

Max >=  27.0:  0
Max <=   0.0:  0
Min <=   0.0:  8
Min <= -18.0:  0
Max Rain: 11.0 on day 14
Days of Rain: 14 (>= 0.2 mm)  6 (>= 2.0 mm)  0 (>= 20.0 mm)
Heat Base: 18.3  Cool Base: 18.3  Method: Integration