NOAA-Style Climate Reports

Select a Year or Month report
2018: Jan Feb Mar Apr May Jun Jul Aug Sep Oct Nov Dec
2017: Jan Feb Mar Apr May Jun Jul Aug Sep Oct Nov Dec
2016: Jan Feb Mar Apr May Jun Jul Aug Sep Oct Nov Dec
2015: Jan Feb Mar Apr May Jun Jul Aug Sep Oct Nov Dec
2014: Jan Feb Mar Apr May Jun Jul Aug Sep Oct Nov Dec
2013: Jan Feb Mar Apr May Jun Jul Aug Sep Oct Nov Dec
2012: Jan Feb Mar Apr May Jun Jul Aug Sep Oct Nov Dec

Report for 2018 February
                   Monthly Climatological Summary for Feb 2018

Name: Batley Weather   City: Batley   State: West Yorkshire
Elevation: 255 ft  Lat: N 53° 42' 22"   Lon: W 001° 37' 12"

                  Temperature (°C), Rain (mm), Wind Speed (mph)

                                      Heat  Cool        Avg
    Mean                              Deg   Deg         Wind                 Dom
Day Temp  High   Time   Low    Time   Days  Days  Rain  Speed High   Time    Dir
----------------------------------------------------------------------------------
 1   4.3   6.4   13:15   1.9   03:49  14.0   0.0   0.2   6.1  38.0   04:15     W
 2   4.2   7.2   13:42  -0.8   22:29  14.1   0.0   0.0   2.9  28.0   14:03     W
 3   3.2   4.3   14:08   0.1   00:00  15.1   0.0   5.2   0.1  21.0   04:08   NNE
 4   2.7   4.5   12:54   0.8   05:02  14.6   0.0   0.2   0.1  12.0   16:00    NE
 5   1.7   4.2   14:04   0.2   22:43  16.6   0.0   0.0   0.0  12.0   14:36   ---
 6   1.0   2.2   15:57  -0.3   03:30  17.3   0.0   0.2   0.8  14.0   21:51     W
 7   0.5   2.8   13:47  -3.7   07:39  17.8   0.0   0.0   0.7  14.0   20:27     W
 8   5.6   8.9   14:21   0.8   05:41  12.7   0.0   1.4   0.6  20.0   14:16   WSW
 9   4.2   6.7   00:00   1.3   21:24  14.1   0.0   0.2   4.1  26.0   10:37     W
10   5.6   9.8   22:38  -1.2   04:27  12.7   0.0   1.4   1.3  39.0   21:57   WSW
11   3.2   6.3   00:00   1.2   22:04  15.1   0.0   1.0   9.1  39.0   21:57   WSW
12   2.7   5.8   15:27   0.1   05:15  15.6   0.0   0.4   4.9  38.0   00:19   WSW
13   2.3   5.1   12:36  -2.9   23:55  16.0   0.0   0.8   0.2  29.0   10:26     W
14   1.9   5.7   20:04  -3.6   01:40  15.0   0.0   2.0   0.1  13.0   13:53   SSW
15   5.4   7.1   14:36   3.1   23:51  12.9   0.0   0.0   5.6  40.0   13:58   WSW
16   3.7   7.7   14:04   0.9   23:09  14.6   0.0   0.4   0.8  40.0   12:34   WSW
17   4.8   8.8   16:05   0.6   23:44  13.5   0.0   0.6   0.1  15.0   09:52     W
18   4.3   8.7   13:15  -1.3   05:25  13.9   0.0   1.4   0.0  10.0   10:32   ---
19   9.7  11.7   16:30   6.6   00:00   8.6   0.0   2.6   0.5  14.0   05:47     W
20   7.9   9.8   13:47   6.0   07:27  10.4   0.0   0.4   3.0  21.0   13:13   NNW
----------------------------------------------------------------------------------
     3.9  11.7    19    -3.7     7   284.6   0.0  18.4   2.1  40.0    15       W

Max >=  27.0:  0
Max <=   0.0:  0
Min <=   0.0:  7
Min <= -18.0:  0
Max Rain: 5.2 on day 3
Days of Rain: 16 (>= 0.2 mm)  3 (>= 2.0 mm)  0 (>= 20.0 mm)
Heat Base: 18.3  Cool Base: 18.3  Method: Integration