NOAA-Style Climate Reports

Select a Year or Month report
2018: Jan Feb Mar Apr May Jun Jul Aug Sep Oct Nov Dec
2017: Jan Feb Mar Apr May Jun Jul Aug Sep Oct Nov Dec
2016: Jan Feb Mar Apr May Jun Jul Aug Sep Oct Nov Dec
2015: Jan Feb Mar Apr May Jun Jul Aug Sep Oct Nov Dec
2014: Jan Feb Mar Apr May Jun Jul Aug Sep Oct Nov Dec
2013: Jan Feb Mar Apr May Jun Jul Aug Sep Oct Nov Dec
2012: Jan Feb Mar Apr May Jun Jul Aug Sep Oct Nov Dec

Report for 2018 March
                   Monthly Climatological Summary for Mar 2018

Name: Batley Weather   City: Batley   State: West Yorkshire
Elevation: 255 ft  Lat: N 53° 42' 22"   Lon: W 001° 37' 12"

                  Temperature (°C), Rain (mm), Wind Speed (mph)

                                      Heat  Cool        Avg
    Mean                              Deg   Deg         Wind                 Dom
Day Temp  High   Time   Low    Time   Days  Days  Rain  Speed High   Time    Dir
----------------------------------------------------------------------------------
 1  -2.0  -0.1   21:32  -4.8   01:02  20.3   0.0   0.0   6.8  31.0   15:42   ENE
 2   0.0   1.1   12:32  -0.8   03:45  18.3   0.0   0.0   7.5  31.0   14:18   ENE
 3  -0.2   0.7   15:23  -1.5   04:49  18.5   0.0   0.0   2.2  29.0   06:16   ENE
 4   2.4   3.9   16:57   0.6   00:00  15.9   0.0   2.2   0.3  15.0   04:39   ENE
 5   5.5   9.1   14:55   2.8   06:12  12.8   0.0   2.2   0.1  10.0   23:17   ENE
 6   5.4   7.3   13:02   2.7   23:55  12.9   0.0   5.6   0.7  16.0   08:16     W
 7   3.8   8.4   15:06   0.3   06:23  14.5   0.0   0.4   0.3  16.0   06:53     W
 8   3.2   6.9   15:44  -0.9   03:05  15.1   0.0   8.2   2.0  29.0   12:44     W
 9   5.4  10.4   13:53  -0.7   05:18  12.9   0.0   3.8   0.0  29.0   11:20     W
10   8.0  11.2   17:18   5.8   05:00  10.3   0.0   7.0   0.2  17.0   18:43     W
11   6.8  11.5   13:27   1.8   06:54  11.5   0.0   0.0   0.1  17.0   17:19   ENE
12   6.3   7.1   00:00   4.9   23:53  12.0   0.0  17.2   2.2  17.0   06:43    NE
13   6.1   9.6   11:53   0.6   23:46  12.2   0.0   0.2   0.4  17.0   05:19     W
14   5.6  11.2   13:35  -0.9   03:58  12.7   0.0   0.0   0.2  15.0   12:16     E
15   6.7   8.1   14:13   5.9   06:48  11.6   0.0   5.4   0.4  15.0   12:16   ENE
16   5.0   7.3   13:57   1.3   23:49  13.3   0.0   5.6   1.8  19.0   06:00   ENE
17   0.2   2.2   12:12  -1.8   20:30  18.1   0.0   1.6   6.5  26.0   14:03   ENE
18  -0.1   1.0   13:35  -1.6   00:00  18.4   0.0   1.0   6.1  26.0   12:40   ENE
19   2.7   5.7   14:14   0.3   04:40  15.6   0.0   1.2   4.3  25.0   12:01   ENE
20   4.8   8.2   16:09   1.0   02:33  13.5   0.0   0.2   1.0  25.0   09:59   NNW
21   4.6   8.0   15:02  -1.5   06:06  13.7   0.0   0.2   5.5  28.0   18:52     W
22   8.3  10.7   12:07   6.8   23:04  10.0   0.0   0.0   4.5  33.0   02:33     W
23   8.3  10.2   14:18   6.4   22:27  10.0   0.0   0.0   1.7  33.0   01:09   WSW
24   7.6  10.9   15:31   5.1   04:43  10.7   0.0   0.6   0.0  23.0   06:47    NE
25   6.5  12.3   14:59  -0.4   07:05  11.3   0.0   0.0   1.9  19.0   17:28     W
26   6.1  11.3   16:57  -0.2   06:16  12.2   0.0   0.0   0.4  19.0   16:05     W
27   7.7  10.8   13:51   5.1   00:00  10.6   0.0   5.2   1.9  20.0   13:39     W
28   5.8   9.1   14:41   3.0   23:26  12.5   0.0   0.4   2.3  25.0   14:44     W
29   4.2   9.2   15:55  -1.8   06:51  14.1   0.0   6.6   0.2  25.0   13:20    NE
30   6.6   9.8   16:09   4.4   06:38  11.7   0.0   3.2   1.3  18.0   17:31   ENE
31   4.7   5.6   00:00   3.7   23:51  13.6   0.0  15.4   4.8  23.0   02:05    NE
----------------------------------------------------------------------------------
     4.7  12.3    25    -4.8     1   420.8   0.0  93.4   2.2  33.0    22      NE

Max >=  27.0:  0
Max <=   0.0:  1
Min <=   0.0: 12
Min <= -18.0:  0
Max Rain: 17.2 on day 12
Days of Rain: 22 (>= 0.2 mm)  13 (>= 2.0 mm)  0 (>= 20.0 mm)
Heat Base: 18.3  Cool Base: 18.3  Method: Integration