NOAA-Style Climate Reports

Select a Year or Month report
2018: Jan Feb Mar Apr May Jun Jul Aug Sep Oct Nov Dec
2017: Jan Feb Mar Apr May Jun Jul Aug Sep Oct Nov Dec
2016: Jan Feb Mar Apr May Jun Jul Aug Sep Oct Nov Dec
2015: Jan Feb Mar Apr May Jun Jul Aug Sep Oct Nov Dec
2014: Jan Feb Mar Apr May Jun Jul Aug Sep Oct Nov Dec
2013: Jan Feb Mar Apr May Jun Jul Aug Sep Oct Nov Dec
2012: Jan Feb Mar Apr May Jun Jul Aug Sep Oct Nov Dec

Report for 2018 April
                   Monthly Climatological Summary for Apr 2018

Name: Batley Weather   City: Batley   State: West Yorkshire
Elevation: 255 ft  Lat: N 53° 42' 22"   Lon: W 001° 37' 12"

                  Temperature (°C), Rain (mm), Wind Speed (mph)

                                      Heat  Cool        Avg
    Mean                              Deg   Deg         Wind                 Dom
Day Temp  High   Time   Low    Time   Days  Days  Rain  Speed High   Time    Dir
----------------------------------------------------------------------------------
 1   4.0   5.7   14:01   2.7   05:16  14.3   0.0   0.6   0.4  23.0   00:42   NNE
 2   3.7   5.1   23:24   1.5   08:47  14.6   0.0   9.8   0.1  13.0   10:09   ENE
 3   8.8  13.7   16:07   4.4   00:20   9.5   0.0  20.6   0.4  21.0   15:35   WSW
 4   7.5  12.2   15:07   3.6   02:57  10.8   0.0   5.4   1.2  24.0   20:41   NNW
 5   6.4  12.4   17:27   0.9   06:52  11.9   0.0   0.8   2.1  24.0   20:41     W
 6   8.7  14.8   17:27   2.8   06:32   9.6   0.0   0.0   0.1  18.0   01:00   ENE
 7  10.3  13.0   15:34   7.6   06:48   8.0   0.0   0.4   0.2  14.0   22:50     W
 8   9.7  13.7   14:55   5.7   06:26   8.6   0.0   0.0   0.0  14.0   21:27     W
 9   8.2  13.5   15:17   2.2   07:06  10.1   0.0   1.6   0.2  11.0   21:24   ENE
10   7.3   7.8   23:26   6.8   05:02  11.0   0.0   2.2   2.1  19.0   09:22    NE
11   6.5   7.9   00:57   5.5   23:46  11.8   0.0   0.6   2.1  19.0   07:58    NE
12   5.7   6.2   14:43   5.4   00:00  12.6   0.0   0.2   1.7  16.0   07:49    NE
13   7.6   9.6   17:32   5.5   00:00  10.7   0.0   0.4   0.1  13.0   00:12   NNE
14  11.1  15.8   18:17   7.3   23:51   7.2   0.0   0.2   0.0   9.0   00:15   ENE
15   9.8  15.0   12:54   5.0   03:40   8.5   0.0   0.2   0.0   9.0   17:26   ENE
16  11.6  15.0   15:42   8.6   00:00   6.7   0.0   0.0   0.9  20.0   10:12     W
17  12.8  15.3   15:48   9.6   00:24   5.5   0.0   0.2   0.3  20.0   08:48    SW
18  17.3  23.2   17:23  12.0   04:26   2.2   1.1   0.0   0.5  19.0   10:51     W
19  17.8  26.4   17:06   9.9   05:20   3.0   2.5   0.4   0.0  19.0   09:28   ---
20  13.5  18.7   17:07   7.6   23:21   4.8   0.0   0.0   2.2  18.0   14:40     W
21  13.6  22.7   17:43   5.2   04:54   5.5   0.7   0.4   0.0  18.0   13:16     E
22  14.0  17.7   09:29  10.6   21:57   4.3   0.0   0.4   1.7  24.0   10:33     W
23  11.8  15.0   15:11   9.8   06:20   6.5   0.0   1.4   3.4  29.0   21:28     W
24  10.6  13.4   11:19   8.7   23:19   7.7   0.0   0.4   2.3  29.0   21:28     W
25   9.7  12.8   14:15   7.1   02:01   8.6   0.0   1.0   4.2  28.0   19:23     W
26   9.3  12.3   17:22   7.5   05:47   9.0   0.0   1.4   5.2  28.0   18:00     W
27   7.2   9.5   11:16   4.3   05:29  11.1   0.0   5.8   0.1  27.0   12:30    NE
28   7.3   9.6   14:05   4.7   23:28  11.0   0.0   3.2   0.2  10.0   13:56   NNE
29   7.5  10.7   15:35   4.3   23:56  10.8   0.0   2.2   1.9  19.0   16:52    NE
30   7.1  10.9   17:23   2.8   23:57  11.2   0.0   0.4   2.9  25.0   09:58   NNE
----------------------------------------------------------------------------------
     9.5  26.4    19     0.9     5   267.1   4.3  60.2   1.2  29.0    23     WNW

Max >=  27.0:  0
Max <=   0.0:  0
Min <=   0.0:  0
Min <= -18.0:  0
Max Rain: 20.6 on day 3
Days of Rain: 25 (>= 0.2 mm)  7 (>= 2.0 mm)  1 (>= 20.0 mm)
Heat Base: 18.3  Cool Base: 18.3  Method: Integration