NOAA-Style Climate Reports

Select a Year or Month report
2019: Jan Feb Mar Apr May Jun Jul Aug Sep Oct Nov Dec
2018: Jan Feb Mar Apr May Jun Jul Aug Sep Oct Nov Dec
2017: Jan Feb Mar Apr May Jun Jul Aug Sep Oct Nov Dec
2016: Jan Feb Mar Apr May Jun Jul Aug Sep Oct Nov Dec
2015: Jan Feb Mar Apr May Jun Jul Aug Sep Oct Nov Dec
2014: Jan Feb Mar Apr May Jun Jul Aug Sep Oct Nov Dec
2013: Jan Feb Mar Apr May Jun Jul Aug Sep Oct Nov Dec
2012: Jan Feb Mar Apr May Jun Jul Aug Sep Oct Nov Dec

Report for 2019 January
                   Monthly Climatological Summary for Jan 2019

Name: Batley Weather   City: Batley   State: West Yorkshire
Elevation: 255 ft  Lat: N 53° 42' 22"   Lon: W 001° 37' 12"

                  Temperature (°C), Rain (mm), Wind Speed (mph)

                                      Heat  Cool        Avg
    Mean                              Deg   Deg         Wind                 Dom
Day Temp  High   Time   Low    Time   Days  Days  Rain  Speed High   Time    Dir
----------------------------------------------------------------------------------
 1   7.8  10.9   07:48   2.9   21:15  10.5   0.0   0.0   1.1  27.0   21:42   WSW
 2   4.2   5.4   13:13   3.3   23:44  14.1   0.0   0.0   0.0  25.0   01:44   ---
 3   2.9   3.9   13:58   1.4   20:35  15.4   0.0   0.0   0.0   6.0   10:25   ---
 4   3.5   4.8   23:54   2.7   02:28  14.8   0.0   0.0   0.1   9.0   11:07     W
 5   6.2   7.6   14:53   4.8   00:00  12.1   0.0   0.0   0.8  18.0   01:12     W
 6   8.9  10.6   14:09   6.9   00:00   9.4   0.0   0.0   1.0  18.0   01:12   WSW
 7   9.5  11.8   11:48   8.0   23:48   8.8   0.0   1.4   5.2  34.0   18:41   WSW
 8   6.1   8.1   00:00   3.6   23:19  12.2   0.0   0.0   2.9  34.0   17:18     W
 9   3.1   5.1   14:03  -0.3   23:29  15.2   0.0   0.0   0.1  30.0   01:23    NW
10   5.8   9.6   14:51  -0.8   00:24  12.5   0.0   0.2   0.2  13.0   15:51     W
11   7.0   9.2   23:46   3.8   08:24  11.3   0.0   0.0   0.6  20.0   23:44     W
12   9.7  11.4   23:12   9.0   09:17   8.6   0.0   2.4   8.8  37.0   15:41   WSW
13   9.6  11.4   12:32   7.1   22:59   8.7   0.0   0.0  10.5  43.0   04:37   WSW
14   7.2   8.1   14:27   6.4   04:38  11.1   0.0   0.0   1.6  43.0   03:14     W
15   8.9  10.1   14:27   7.0   00:44   9.4   0.0   0.0   3.8  27.0   06:40   WSW
16   7.0   9.6   02:04   3.8   20:14  11.3   0.0   0.6   2.3  27.0   05:17   WSW
17   1.9   4.3   01:58  -1.1   23:32  16.4   0.0   0.0   1.2  24.0   07:52   WNW
18   0.6   3.1   13:36  -2.4   07:03  17.7   0.0   1.2   0.0  23.0   01:53   ---
----------------------------------------------------------------------------------
     6.1  11.8     7    -2.4    18   219.5   0.0   5.8   2.2  43.0    13     WSW

Max >=  27.0:  0
Max <=   0.0:  0
Min <=   0.0:  4
Min <= -18.0:  0
Max Rain: 2.4 on day 12
Days of Rain: 5 (>= 0.2 mm)  1 (>= 2.0 mm)  0 (>= 20.0 mm)
Heat Base: 18.3  Cool Base: 18.3  Method: Integration