NOAA-Style Climate Reports


Report for 2020 February
                   Monthly Climatological Summary for Feb 2020

Name: Batley Weather   City: Batley   State: West Yorkshire
Elevation: 255 ft  Lat: N 53° 42' 22"   Lon: W 001° 37' 12"

                  Temperature (°C), Rain (mm), Wind Speed (mph)

                                      Heat  Cool        Avg
    Mean                              Deg   Deg         Wind                 Dom
Day Temp  High   Time   Low    Time   Days  Days  Rain  Speed High   Time    Dir
----------------------------------------------------------------------------------
 1   9.7  11.4   00:00   7.5   22:46   8.6   0.0   0.0   7.1  37.0   12:49   WSW
 2   8.5  11.0   15:12   6.4   07:06   9.8   0.0   8.6   1.3  37.0   11:26   WSW
 3   7.7   9.7   00:00   4.1   20:29  10.6   0.0   0.8   9.9  43.0   11:35   WSW
 4   6.6  11.1   13:04   3.1   02:11  11.7   0.0   7.8   5.2  43.0   10:12   WSW
 5   5.0   8.7   12:49   2.1   01:19  13.3   0.0   0.0   0.3  40.0   00:33   WSW
 6   4.3   8.3   13:44   0.1   23:52  14.0   0.0   0.0   0.0  14.0   10:15   WSW
 7   3.7   9.4   23:57  -0.9   03:45  14.6   0.0   0.0   0.0  10.0   02:28     W
 8   8.6  10.5   01:34   5.8   08:04   9.7   0.0   0.8   1.0  23.0   03:36   WSW
 9  10.5  13.5   09:48   5.9   23:59   7.8   0.0  43.4   7.2  40.0   12:07   WSW
10   5.6   7.5   12:57   3.5   19:43  12.7   0.0   7.8   9.3  40.0   10:44   WSW
11   4.7   5.7   01:43   3.2   11:18  13.6   0.0   3.8  11.6  39.0   19:51   WSW
12   4.1   7.1   12:41   0.9   22:39  14.2   0.0   0.8   6.2  39.0   18:28   WSW
13   5.4   8.9   14:26   1.2   00:01  12.9   0.0   3.6   0.6  34.0   13:07     W
14   6.2  11.1   14:50   0.7   02:19  12.1   0.0   0.0   0.4  19.0   13:34   WSW
15  10.0  13.6   18:31   4.0   03:59   8.3   0.0  12.8   1.7  42.0   19:33   WSW
16   8.2  11.2   00:00   5.9   21:36  10.1   0.0  16.8   5.0  42.0   18:10   WSW
17   7.2  10.2   14:34   3.9   20:31  11.1   0.0   1.2   7.4  41.0   02:35   WSW
18   6.3   9.4   13:15   4.8   06:53  12.0   0.0   1.6   6.2  41.0   01:12   WSW
19   7.3  10.5   23:45   4.9   00:00  11.0   0.0   0.0   2.7  39.0   14:35   WSW
20   7.8  11.1   07:30   5.4   17:30  10.3   0.0   4.6   3.3  33.0   14:00   WSW
21   8.9  10.9   12:30   5.2   01:30   8.6   0.0   5.0   7.1  30.0   12:00   WSW
22   9.2  11.6   04:00   6.7   22:59   9.1   0.0   6.8  10.1  40.0   14:12   WSW
23   6.7   7.9   10:01   5.1   23:57  11.6   0.0  10.8   4.8  40.0   12:49   WSW
24   6.4  13.1   13:46   2.1   06:31  11.9   0.0  15.6   5.8  36.0   13:10   WSW
25   4.5   6.7   13:09   2.6   06:58  13.8   0.0  10.4   3.3  35.0   14:45   WSW
26   4.4   7.3   13:34   2.6   20:13  13.9   0.0   0.4   3.5  30.0   16:42   WSW
27   4.4   6.7   14:24   2.4   07:02  13.9   0.0   1.6   2.5  32.0   15:44     W
----------------------------------------------------------------------------------
     6.7  13.6    15    -0.9     7   311.2   0.0 165.0   4.6  43.0     3     WSW

Max >=  27.0:  0
Max <=   0.0:  0
Min <=   0.0:  1
Min <= -18.0:  0
Max Rain: 43.4 on day 9
Days of Rain: 21 (>= 0.2 mm)  14 (>= 2.0 mm)  1 (>= 20.0 mm)
Heat Base: 18.3  Cool Base: 18.3  Method: Integration