NOAA-Style Climate Reports


Report for 2020 March
                   Monthly Climatological Summary for Mar 2020

Name: Batley Weather   City: Batley   State: West Yorkshire
Elevation: 255 ft  Lat: N 53° 42' 22"   Lon: W 001° 37' 12"

                  Temperature (°C), Rain (mm), Wind Speed (mph)

                                      Heat  Cool        Avg
    Mean                              Deg   Deg         Wind                 Dom
Day Temp  High   Time   Low    Time   Days  Days  Rain  Speed High   Time    Dir
----------------------------------------------------------------------------------
 1   5.7   8.8   14:45   1.3   21:36  12.6   0.0   0.8   4.7  32.0   21:40   WSW
 2   3.2   7.5   13:39  -0.8   05:42  15.1   0.0   0.8   1.4  31.0   08:39   WSW
 3   5.3   8.7   14:45   2.2   06:58  11.9   0.0   2.8   2.4  28.0   15:31     W
 4   4.4   9.2   15:56   0.6   06:54  13.8   0.0   0.0   0.0  28.0   15:05   ---
 5   2.9   8.4   15:26  -1.3   23:54  15.4   0.0   0.0   0.4  14.0   12:58    NE
 6   3.3  10.1   15:32  -2.1   06:45  15.0   0.0   0.0   0.3  14.0   11:35   WSW
 7   9.6  14.2   13:40   2.9   01:44   8.7   0.0   0.0   1.3  26.0   23:02   WSW
 8   8.9  11.6   00:00   5.7   19:56   9.4   0.0   8.6   1.8  27.0   08:44   WSW
 9   8.3  11.9   23:55   6.2   00:00  10.0   0.0   5.0   2.6  29.0   23:59   WSW
10  11.4  13.5   11:11   7.8   23:27   6.9   0.0   7.0   6.6  35.0   12:55   WSW
11   8.7  12.6   14:06   4.4   04:20   9.6   0.0   6.2   3.5  37.0   23:13   WSW
12   6.5  10.2   13:52   3.7   04:41  11.8   0.0   3.2   8.7  37.0   21:50   WSW
13   7.3  10.3   15:10   4.9   23:50  11.0   0.0   0.0   1.7  35.0   15:59     W
14   9.2  12.6   15:20   4.8   00:03   9.1   0.0   0.0   0.8  26.0   02:22   WSW
15   9.4  11.6   00:34   6.8   22:11   8.9   0.0   2.8   3.1  25.0   16:17   WSW
16   8.7  11.6   14:12   6.8   00:46   9.6   0.0   0.0   1.2  25.0   14:54   WSW
17  12.4  15.6   13:22   8.5   00:05   5.9   0.0   0.0   1.8  26.0   16:56   WSW
18   8.5  12.8   00:00   5.9   23:40   9.8   0.0   2.2   1.4  26.0   15:33   WSW
19   7.0  11.1   15:19   3.9   06:15  11.3   0.0   0.0   0.0  20.0   00:54   ENE
20   6.3  10.1   12:21   2.2   23:53  12.0   0.0   0.0   1.1  20.0   12:18   ENE
21   5.9  10.3   13:01   1.9   00:54  12.4   0.0   0.0   0.3  20.0   10:55   ENE
22   5.5  11.4   15:43  -0.6   23:55  12.8   0.0   0.0   0.2  16.0   11:28   ENE
23   5.1  13.7   16:30  -1.6   05:01  13.2   0.0   0.0   0.0  12.0   14:41   ENE
24   8.9  18.3   15:06   0.2   05:46   9.4   0.0   0.0   0.1  13.0   12:24   WSW
25   9.7  17.9   16:11   3.3   23:58   8.6   0.0   0.0   0.0  13.0   11:01   ENE
26   6.1  14.3   15:59  -0.8   05:56  12.2   0.0   0.0   0.1   8.0   10:30    NE
27   6.0  12.4   15:44  -0.9   03:25  12.3   0.0   0.0   0.4  16.0   19:04    NE
28   7.1  10.7   11:31   4.1   22:28  11.2   0.0   0.0   2.2  22.0   13:05    NE
29   4.7   7.8   14:12   1.2   21:39  13.0   0.0   0.0   2.2  23.0   23:30   NNE
30   7.0  11.1   14:22   2.6   02:34  11.3   0.0   0.4   1.1  23.0   00:42   NNE
31   7.6  10.8   16:19   4.8   06:17  10.7   0.0   0.2   0.0  21.0   14:12    NE
----------------------------------------------------------------------------------
     7.1  18.3    24    -2.1     6   344.9   0.0  40.0   1.7  37.0    11       W

Max >=  27.0:  0
Max <=   0.0:  0
Min <=   0.0:  7
Min <= -18.0:  0
Max Rain: 8.6 on day 8
Days of Rain: 12 (>= 0.2 mm)  8 (>= 2.0 mm)  0 (>= 20.0 mm)
Heat Base: 18.3  Cool Base: 18.3  Method: Integration