NOAA-Style Climate Reports

Select a Year or Month report
2018: Jan Feb Mar Apr May Jun Jul Aug Sep Oct Nov Dec
2017: Jan Feb Mar Apr May Jun Jul Aug Sep Oct Nov Dec
2016: Jan Feb Mar Apr May Jun Jul Aug Sep Oct Nov Dec
2015: Jan Feb Mar Apr May Jun Jul Aug Sep Oct Nov Dec
2014: Jan Feb Mar Apr May Jun Jul Aug Sep Oct Nov Dec
2013: Jan Feb Mar Apr May Jun Jul Aug Sep Oct Nov Dec
2012: Jan Feb Mar Apr May Jun Jul Aug Sep Oct Nov Dec

Report for 2012 November
                   Monthly Climatological Summary for Nov 2012

Name: Batley Weather   City: Batley   State: West Yorkshire
Elevation: 255 ft  Lat: N 53° 42' 22"   Lon: W 001° 37' 12"

                  Temperature (°C), Rain (mm), Wind Speed (mph)

                                      Heat  Cool        Avg
    Mean                              Deg   Deg         Wind                 Dom
Day Temp  High   Time   Low    Time   Days  Days  Rain  Speed High   Time    Dir
----------------------------------------------------------------------------------
 1   4.9   7.1   13:20   2.3   20:02  13.4   0.0   2.8   1.5  19.0   16:29   WSW
 2   5.7   8.8   13:40   4.4   22:23  12.4   0.0   7.4   3.6  30.0   16:22   WSW
 3   3.1   7.4   14:36   0.1   06:56  15.1   0.0   0.2   1.2  21.0   14:29   WSW
 4   1.9   3.9   17:09  -0.8   07:18  16.3   0.0   0.0   0.5  10.0   21:36   NNE
 5   2.6   8.6   14:16  -1.3   07:12  15.7   0.0   0.2   0.9  13.0   11:24   WNW
 6   6.0  10.1   19:03  -1.1   01:10  12.3   0.0   2.2   6.9  31.0   21:37   WSW
 7   9.3  10.4   10:51   8.0   03:18   8.9   0.0   0.2   9.7  33.0   08:04   WSW
 8   9.3  10.6   13:58   6.7   23:57   9.0   0.0   0.2   5.9  28.0   04:19   WSW
 9   8.9  10.8   12:44   5.5   01:37   9.4   0.0   0.8   2.0  23.0   13:04   WSW
10   5.0   8.5   13:21   1.3   21:04  13.3   0.0   0.0   0.5  11.0   12:16   WSW
11   5.9   9.6   14:00   2.6   00:00  12.4   0.0   0.0   2.3  16.0   13:33   WSW
12   7.9  11.4   22:39   4.4   00:00  10.4   0.0   1.0   0.7  12.0   20:27   WSW
13  12.1  13.5   13:42   8.6   03:40   6.2   0.0   0.0   2.0  22.0   13:53   WSW
14  10.7  12.7   12:25   7.6   08:39   7.6   0.0   0.0   0.4  11.0   00:21   WSW
15   8.3  12.6   14:30   3.7   20:18  10.0   0.0   0.0   0.1   7.0   21:31   WSW
16   6.7   9.1   13:24   4.8   04:01  11.6   0.0   4.2   0.5  10.0   05:10   WSW
17   6.3   8.4   13:36   2.3   21:13  12.0   0.0   3.8   1.9  19.0   16:15   WSW
18   3.6   6.5   14:20   0.9   08:41  14.7   0.0   0.0   0.9  13.0   05:37   WSW
19   8.2  11.7   21:04   4.3   05:08  10.1   0.0   0.4   0.9  15.0   20:27   SSW
20  11.1  15.1   14:30   7.6   02:47   7.2   0.0   0.2   1.0  18.0   15:39   WSW
21   6.5   9.8   00:00   2.0   22:35  11.8   0.0   9.0   1.0  12.0   16:50     W
22   8.7  13.0   14:00   3.9   03:14   9.6   0.0   5.4   1.8  22.0   15:50    SW
23   6.0   8.6   13:00   1.6   23:56  12.3   0.0   0.0   3.3  24.0   03:13   WSW
24   2.5   6.7   23:48  -1.4   07:17  15.8   0.0   7.2   1.2  17.0   21:43   ENE
25   6.1   8.0   02:41   2.8   17:47  12.2   0.0  12.6   5.7  33.0   10:21   WSW
26   6.5   7.6   18:56   4.7   00:47  11.8   0.0   9.8   3.0  17.0   17:44   NNE
27   6.5   7.3   12:52   5.4   23:52  11.8   0.0   3.4   4.3  18.0   04:05   NNE
28   4.3   5.6   00:17   1.3   19:51  14.0   0.0   0.0   3.3  18.0   01:09   NNW
29   0.1   3.5   14:01  -2.9   22:08  18.2   0.0   0.0   0.4  11.0   00:10     W
30  -1.6   2.2   14:19  -4.3   07:53  19.9   0.0   0.2   0.1   5.0   11:39     W
----------------------------------------------------------------------------------
     6.1  15.1    20    -4.3    30   365.4   0.0  71.2   2.3  33.0     7       W

Max >=  27.0:  0
Max <=   0.0:  0
Min <=   0.0:  6
Min <= -18.0:  0
Max Rain: 12.6 on day 25
Days of Rain: 20 (>= 0.2 mm)  11 (>= 2.0 mm)  0 (>= 20.0 mm)
Heat Base: 18.3  Cool Base: 18.3  Method: Integration