NOAA-Style Climate Reports

Select a Year or Month report
2018: Jan Feb Mar Apr May Jun Jul Aug Sep Oct Nov Dec
2017: Jan Feb Mar Apr May Jun Jul Aug Sep Oct Nov Dec
2016: Jan Feb Mar Apr May Jun Jul Aug Sep Oct Nov Dec
2015: Jan Feb Mar Apr May Jun Jul Aug Sep Oct Nov Dec
2014: Jan Feb Mar Apr May Jun Jul Aug Sep Oct Nov Dec
2013: Jan Feb Mar Apr May Jun Jul Aug Sep Oct Nov Dec
2012: Jan Feb Mar Apr May Jun Jul Aug Sep Oct Nov Dec

Report for 2013 April
                   Monthly Climatological Summary for Apr 2013

Name: Batley Weather   City: Batley   State: West Yorkshire
Elevation: 255 ft  Lat: N 53° 42' 22"   Lon: W 001° 37' 12"

                  Temperature (°C), Rain (mm), Wind Speed (mph)

                                      Heat  Cool        Avg
    Mean                              Deg   Deg         Wind                 Dom
Day Temp  High   Time   Low    Time   Days  Days  Rain  Speed High   Time    Dir
----------------------------------------------------------------------------------
 1   2.2   6.0   16:58  -0.2   00:48  16.1   0.0   0.0   3.5  19.0   13:04   ENE
 2   2.8   7.4   17:00  -1.9   02:35  15.5   0.0   0.0   3.0  16.0   10:25   ENE
 3   3.5   8.8   16:54  -1.6   01:07  14.8   0.0   0.0   4.4  20.0   16:08   ENE
 4   3.6   7.7   17:06   0.8   04:38  14.7   0.0   0.0   6.7  28.0   10:40   ENE
 5   3.9   8.3   13:09  -0.8   06:16  14.4   0.0   0.0   4.2  20.0   14:33    NE
 6   3.9  12.8   17:48  -3.6   05:41  14.4   0.0   0.0   0.4   9.0   13:55   NNE
 7   4.2  12.0   14:04  -3.6   06:40  14.1   0.0   0.0   1.2  16.0   19:28   ENE
 8   4.1   8.4   12:31   1.3   02:59  14.2   0.0   0.0   4.2  19.0   13:54   ENE
 9   5.0   9.8   14:12   1.9   04:05  13.3   0.0   0.0   5.7  22.0   13:41   ENE
10   6.5  12.7   15:11   1.1   02:45  11.8   0.0   0.0   0.6  12.0   21:26   ENE
11   4.9   8.7   14:22   2.7   07:14  13.4   0.0   0.4   1.9  12.0   03:16   ENE
12   6.0   9.6   18:00   3.8   01:52  12.3   0.0   4.8   0.3   7.0   15:28   NNE
13   7.4  12.2   15:35   1.3   06:05   7.0   0.0   1.0   0.2  11.0   17:29   ENE
14  14.2  18.3   12:00  10.8   00:00   4.1   0.0   0.0   3.0  30.0   10:37   WSW
15  13.8  18.8   16:28  10.7   05:20   4.5   0.0   0.0   4.5  28.0   11:05   WSW
16  12.5  16.2   15:23   7.9   23:58   5.8   0.0   0.0   7.6  42.0   11:42   WSW
17  11.3  17.4   16:29   4.6   02:47   7.0   0.0   0.0   2.8  37.0   22:23   WSW
18  10.6  13.9   15:08   8.0   07:01   7.7   0.0   0.8  12.4  47.0   07:02   WSW
19   8.5  12.6   15:53   3.5   23:59   9.2   0.0   2.6   1.8  17.0   01:30     W
20   7.4  16.1   18:19  -0.6   06:05   9.9   0.0   0.0   0.5  15.0   18:14    SW
21   7.8  12.9   16:03   1.4   05:08  10.5   0.0   0.0   2.1  21.0   12:14   WSW
22   8.9  14.8   18:35   1.9   05:56   9.4   0.0   0.0   5.1  29.0   18:53   WSW
23  11.8  16.3   15:08   8.2   04:53   6.5   0.0   0.0   7.2  29.0   11:08   WSW
24  11.5  16.2   14:18   6.2   03:52   6.8   0.0   0.0   4.3  26.0   15:07   WSW
25  10.5  13.8   13:59   7.2   23:57   7.8   0.0   0.2   2.5  20.0   14:42     W
26   7.6  12.1   13:59   3.1   23:51  10.6   0.0   0.2   5.7  28.0   14:52     W
27   6.1  11.6   16:53   2.6   01:54  12.2   0.0   1.2   2.8  23.0   12:26   NNE
28   8.1  14.3   13:37   1.8   00:54  10.2   0.0   1.0   6.2  35.0   12:12   WSW
29   8.2  12.8   16:09   4.8   01:49  10.1   0.0   0.6   9.1  32.0   13:52   WSW
30   9.6  16.3   17:38   4.4   05:27   8.7   0.0   0.0   1.4  20.0   01:06     W
----------------------------------------------------------------------------------
     7.5  18.8    15    -3.6     6   317.0   0.0  12.8   3.9  47.0    18       W

Max >=  27.0:  0
Max <=   0.0:  0
Min <=   0.0:  7
Min <= -18.0:  0
Max Rain: 4.8 on day 12
Days of Rain: 10 (>= 0.2 mm)  2 (>= 2.0 mm)  0 (>= 20.0 mm)
Heat Base: 18.3  Cool Base: 18.3  Method: Integration