NOAA-Style Climate Reports

Select a Year or Month report
2018: Jan Feb Mar Apr May Jun Jul Aug Sep Oct Nov Dec
2017: Jan Feb Mar Apr May Jun Jul Aug Sep Oct Nov Dec
2016: Jan Feb Mar Apr May Jun Jul Aug Sep Oct Nov Dec
2015: Jan Feb Mar Apr May Jun Jul Aug Sep Oct Nov Dec
2014: Jan Feb Mar Apr May Jun Jul Aug Sep Oct Nov Dec
2013: Jan Feb Mar Apr May Jun Jul Aug Sep Oct Nov Dec
2012: Jan Feb Mar Apr May Jun Jul Aug Sep Oct Nov Dec

Report for 2013 October
                   Monthly Climatological Summary for Oct 2013

Name: Batley Weather   City: Batley   State: West Yorkshire
Elevation: 255 ft  Lat: N 53° 42' 22"   Lon: W 001° 37' 12"

                  Temperature (°C), Rain (mm), Wind Speed (mph)

                                      Heat  Cool        Avg
    Mean                              Deg   Deg         Wind                 Dom
Day Temp  High   Time   Low    Time   Days  Days  Rain  Speed High   Time    Dir
----------------------------------------------------------------------------------
 1  13.1  16.1   15:38  10.8   00:00   5.2   0.0   0.0   0.6  10.0   13:03   ENE
 2  13.2  14.6   22:26  12.1   00:00   5.1   0.0   7.6   0.2  10.0   11:33   ENE
 3  15.1  16.2   15:05  14.5   00:25   3.2   0.0   4.0   0.1  10.0   18:03   ENE
 4  15.8  17.7   12:43  14.3   01:47   2.5   0.0   2.8   2.4  24.0   16:58   WSW
 5  13.7  16.2   15:27   9.3   23:45   4.6   0.0   0.0   1.6  17.0   10:41     W
 6  13.1  18.1   16:37   7.5   07:41   5.2   0.0   0.0   1.2  16.0   14:28     W
 7  16.3  19.2   13:21  13.8   23:25   2.1   0.1   0.0   1.1  17.0   11:11     W
 8  15.1  17.9   12:46  11.8   22:36   3.2   0.0   0.0   4.4  23.0   09:41   WSW
 9  11.0  13.7   12:17   8.1   22:35   7.3   0.0   1.0   7.0  29.0   12:26     W
10   8.6  11.3   14:19   6.7   07:09   9.7   0.0   0.2   5.8  26.0   15:09   NNW
11  11.0  13.4   12:32   8.3   00:00   7.3   0.0   0.2   6.5  25.0   11:49    NE
12  10.8  11.9   14:09   9.8   02:05   7.5   0.0   2.0   4.3  18.0   00:10    NE
13  10.4  11.7   16:03   9.3   23:54   7.9   0.0   2.2   4.1  21.0   08:08   NNE
14   9.9  12.3   15:36   7.0   23:59   8.4   0.0   7.2   3.5  20.0   01:46    NE
15   9.8  13.8   13:55   5.3   23:48   8.5   0.0   0.2   0.7  12.0   13:35    NE
16   8.6  11.6   19:53   3.8   02:04   9.7   0.0   5.6   2.4  29.0   19:42   WSW
17  11.3  14.2   13:13   6.3   23:55   7.0   0.0   0.0   2.9  25.0   02:03   WSW
18   9.8  12.6   15:28   5.1   03:00   8.5   0.0   0.4   0.1  10.0   22:18   ENE
19  12.9  16.7   15:41   9.7   21:33   5.4   0.0   2.2   0.1  25.0   18:16   WSW
20  12.1  16.6   14:45   9.0   01:23   6.2   0.0   2.8   0.3  12.0   12:20    SW
21  13.3  16.4   16:48   9.8   04:46   5.0   0.0   4.2   0.3  12.0   15:26   WSW
22  14.9  16.9   14:56  12.5   20:43   3.4   0.0   1.4   0.2  12.0   14:03   SSW
23  11.5  13.5   00:00   7.7   23:35   6.8   0.0   1.4   4.3  29.0   12:27   WSW
24   8.7  14.1   16:36   4.4   06:44   9.6   0.0   0.0   0.4  14.0   04:32     W
25  13.4  16.6   15:08   9.4   00:00   4.9   0.0   4.2   1.1  21.0   21:14   WSW
26  13.4  15.3   14:47  10.8   23:56   4.7   0.0   0.4   1.9  20.0   13:43   WSW
27  11.2  13.1   13:20   8.3   03:08   7.4   0.0   1.2   4.0  30.0   11:23   WSW
28   9.4  11.4   00:00   7.5   21:23   8.9   0.0   5.2   3.6  24.0   13:21   WSW
29   8.0   9.9   14:30   6.3   23:50  10.3   0.0   1.6   4.8  25.0   13:00   WSW
30   8.6  12.3   19:13   4.5   08:45   9.7   0.0   0.6   1.1  20.0   20:04   WSW
31   9.3  12.8   12:47   5.9   07:17   9.0   0.0   0.2   1.3  19.0   13:55   WSW
----------------------------------------------------------------------------------
    11.7  19.2     7     3.8    16   204.2   0.1  58.8   2.3  30.0    27     WNW

Max >=  27.0:  0
Max <=   0.0:  0
Min <=   0.0:  0
Min <= -18.0:  0
Max Rain: 7.6 on day 2
Days of Rain: 24 (>= 0.2 mm)  12 (>= 2.0 mm)  0 (>= 20.0 mm)
Heat Base: 18.3  Cool Base: 18.3  Method: Integration