NOAA-Style Climate Reports

Select a Year or Month report
2018: Jan Feb Mar Apr May Jun Jul Aug Sep Oct Nov Dec
2017: Jan Feb Mar Apr May Jun Jul Aug Sep Oct Nov Dec
2016: Jan Feb Mar Apr May Jun Jul Aug Sep Oct Nov Dec
2015: Jan Feb Mar Apr May Jun Jul Aug Sep Oct Nov Dec
2014: Jan Feb Mar Apr May Jun Jul Aug Sep Oct Nov Dec
2013: Jan Feb Mar Apr May Jun Jul Aug Sep Oct Nov Dec
2012: Jan Feb Mar Apr May Jun Jul Aug Sep Oct Nov Dec

Report for 2013 December
                   Monthly Climatological Summary for Dec 2013

Name: Batley Weather   City: Batley   State: West Yorkshire
Elevation: 255 ft  Lat: N 53° 42' 22"   Lon: W 001° 37' 12"

                  Temperature (°C), Rain (mm), Wind Speed (mph)

                                      Heat  Cool        Avg
    Mean                              Deg   Deg         Wind                 Dom
Day Temp  High   Time   Low    Time   Days  Days  Rain  Speed High   Time    Dir
----------------------------------------------------------------------------------
 1   7.6  10.4   14:16   5.4   08:53  10.7   0.0   0.0   1.8  19.0   01:28   WSW
 2   6.7   8.2   12:02   5.6   00:46  11.6   0.0   0.0   0.2  12.0   20:34     W
 3   6.9   8.3   12:52   6.2   07:22  11.4   0.0   0.0   1.6  14.0   23:28   WSW
 4   6.1   8.6   01:36   2.9   08:20  12.2   0.0   0.0   4.4  21.0   12:34   WSW
 5   5.7   8.7   11:41   2.6   23:10  12.5   0.0   5.0  12.0  51.0   07:17   WSW
 6   3.9   6.3   13:53   1.8   01:22  14.4   0.0   0.8   4.0  19.0   01:34   WSW
 7   6.6   7.7   10:54   3.3   00:00  11.7   0.0   4.4   2.2  19.0   14:26   WSW
 8   9.1  11.0   23:55   7.3   07:43   9.2   0.0   0.2   7.4  33.0   17:26   WSW
 9   9.3  11.2   13:40   3.6   23:59   9.0   0.0   0.0   4.3  26.0   01:39   WSW
10   4.9   9.3   12:52   1.3   05:08  13.4   0.0   0.0   0.7  18.0   12:36   WSW
11   1.4   5.2   13:30  -1.0   23:54  15.1   0.0   0.0   0.0   4.0   12:30     E
12   6.0  11.8   15:13  -2.1   02:41  12.3   0.0   1.2   0.6  15.0   13:43   WSW
13  10.2  12.3   13:44   6.8   23:52   8.1   0.0   3.8   1.5  25.0   16:07   WSW
14   8.2  11.5   23:42   2.8   07:21  10.1   0.0   0.0   3.5  29.0   12:53   WSW
15  10.1  13.7   22:47   4.0   08:46   8.2   0.0   0.0   3.9  33.0   03:23   WSW
16   9.0  13.5   00:00   5.1   23:39   9.3   0.0   4.4   4.2  25.0   08:08   WSW
17   2.4   5.5   03:01   0.4   09:11  15.9   0.0   0.0   0.4  18.0   03:01     W
18   6.3  10.5   17:40   0.6   01:32  12.0   0.0   5.8   1.3  30.0   21:01   WSW
19   4.5   6.3   00:00   0.8   23:15  13.8   0.0   0.2   4.2  22.0   03:01   WSW
20   6.5  10.2   23:14   2.8   00:00  11.8   0.0   1.6   5.0  31.0   20:57   WSW
21   9.5  11.3   12:36   6.0   23:35   8.8   0.0   1.4   5.6  35.0   19:14   WSW
22   5.2   6.7   13:48   3.1   23:38  13.1   0.0   3.0   5.7  32.0   08:12   WSW
23   7.3  10.8   14:39   3.1   02:54  11.0   0.0   7.8   1.7  19.0   16:47   WSW
24   6.0  10.4   00:47   4.3   09:54  12.3   0.0   1.8   5.9  34.0   19:03   WSW
25   2.9   4.8   00:00  -1.6   23:40  15.4   0.0   0.0   1.6  18.0   02:03   WSW
26   1.1   5.5   23:56  -1.8   00:24  17.2   0.0   0.2   0.2  14.0   23:28     N
27   7.5   9.1   14:42   5.5   00:00  10.8   0.0   2.0   7.7  34.0   14:39   WSW
28   5.1   6.9   13:19   3.9   09:20  13.2   0.0   0.0   5.9  28.0   00:47   WSW
29   4.7   7.2   23:57   1.7   17:48  13.6   0.0   0.0   4.1  21.0   09:42   WSW
30   7.6  10.6   12:12   2.2   23:54  10.7   0.0   2.4   3.7  37.0   13:01   WSW
31   5.0   8.0   11:16   1.3   00:51  13.3   0.0   0.6   0.8  20.0   12:20     W
----------------------------------------------------------------------------------
     6.2  13.7    15    -2.1    12   372.1   0.0  46.6   3.5  51.0     5     WSW

Max >=  27.0:  0
Max <=   0.0:  0
Min <=   0.0:  4
Min <= -18.0:  0
Max Rain: 7.8 on day 23
Days of Rain: 18 (>= 0.2 mm)  9 (>= 2.0 mm)  0 (>= 20.0 mm)
Heat Base: 18.3  Cool Base: 18.3  Method: Integration