NOAA-Style Climate Reports

Select a Year or Month report
2018: Jan Feb Mar Apr May Jun Jul Aug Sep Oct Nov Dec
2017: Jan Feb Mar Apr May Jun Jul Aug Sep Oct Nov Dec
2016: Jan Feb Mar Apr May Jun Jul Aug Sep Oct Nov Dec
2015: Jan Feb Mar Apr May Jun Jul Aug Sep Oct Nov Dec
2014: Jan Feb Mar Apr May Jun Jul Aug Sep Oct Nov Dec
2013: Jan Feb Mar Apr May Jun Jul Aug Sep Oct Nov Dec
2012: Jan Feb Mar Apr May Jun Jul Aug Sep Oct Nov Dec

Report for 2014 August
                   Monthly Climatological Summary for Aug 2014

Name: Batley Weather   City: Batley   State: West Yorkshire
Elevation: 255 ft  Lat: N 53° 42' 22"   Lon: W 001° 37' 12"

                  Temperature (°C), Rain (mm), Wind Speed (mph)

                                      Heat  Cool        Avg
    Mean                              Deg   Deg         Wind                 Dom
Day Temp  High   Time   Low    Time   Days  Days  Rain  Speed High   Time    Dir
----------------------------------------------------------------------------------
 1  17.8  22.4   14:24  14.5   05:49   1.2   0.7   2.6   0.4  16.0   17:51     W
 2  17.6  20.9   17:45  14.9   23:54   1.3   0.6   4.0   0.1  11.0   21:30     W
 3  17.1  23.2   17:31  11.2   06:00   2.4   1.2   0.0   1.7  24.0   16:08     W
 4  16.6  22.8   17:31  10.4   05:27   2.7   1.0   0.0   1.8  19.0   13:03     W
 5  17.4  24.6   13:09  11.2   05:00   2.2   1.4   0.0   0.0   0.0   00:00   ---
 6  18.5  22.3   17:30  15.4   05:59   0.9   1.1   6.6   2.3  26.0   14:46     W
 7  16.8  21.6   17:36  10.3   23:54   2.3   0.8   0.0   1.2  15.0   03:15     W
 8  15.4  22.3   15:03   9.9   01:02   3.5   0.6  13.8   0.1  12.0   15:58    NE
 9  16.9  22.1   17:22  13.6   02:36   2.1   0.7   0.0   3.6  25.0   11:34     W
10  14.3  17.3   15:49  12.6   20:34   4.0   0.0  20.2   2.8  29.0   22:50     W
11  15.4  18.8   16:01  12.6   00:00   2.9   0.0   0.6   6.6  31.0   10:23   WSW
12  14.6  18.5   17:00  12.1   05:31   3.7   0.0   2.4   3.4  25.0   10:31   WSW
13  15.4  18.9   16:46  12.8   02:25   2.9   0.0   1.6   5.1  27.0   18:19   WSW
14  14.9  19.9   14:20  12.7   03:26   3.5   0.1   5.2   1.4  16.0   00:39     W
15  14.4  18.9   14:51  11.1   05:57   3.9   0.0   2.6   1.1  20.0   19:18     W
16  14.3  16.8   13:12  11.6   04:24   3.8   0.0   0.0   5.1  28.0   17:53   WSW
17  14.3  17.4   15:05  12.1   05:28   4.0   0.0   4.6   8.0  33.0   16:17   WSW
18  14.0  18.0   14:10  11.6   23:40   4.3   0.0   0.0   3.7  21.0   15:23     W
19  12.4  16.3   13:20   8.1   06:57   5.9   0.0   0.0   2.4  17.0   09:52     W
20  11.8  16.6   17:49   6.3   05:44   6.5   0.0   2.2   1.1  15.0   18:23     W
21  12.9  16.3   16:08   9.9   00:00   5.4   0.0   6.6   1.4  23.0   11:01     W
22  12.7  16.9   12:36   9.6   05:53   5.6   0.0   1.6   1.2  18.0   15:13     W
23  11.8  16.3   12:52   8.3   04:06   6.5   0.0   0.6   1.6  17.0   16:34     W
24  12.5  18.2   17:30   5.9   05:45   5.8   0.0   0.0   1.0  16.0   10:43     W
25  12.7  13.8   11:42  11.1   04:29   5.6   0.0   4.4   0.6  16.0   23:46   ENE
26  13.8  17.5   17:34   9.2   22:49   4.5   0.0   3.6   2.5  17.0   00:41   ENE
27  14.5  18.4   16:02  10.5   00:00   3.8   0.0   0.0   0.2  13.0   14:07   ENE
28  16.7  20.6   12:35  12.8   23:15   2.0   0.4   0.2   0.9  23.0   15:04     W
29  15.3  17.7   12:58  11.8   01:56   3.0   0.0   3.8   0.9  19.0   12:04     W
30  15.5  18.2   15:54  12.9   05:35   2.8   0.0   1.6   4.4  25.0   11:21   WSW
31  15.1  20.1   17:29  11.0   06:43   3.4   0.1   0.0   2.9  19.0   14:02     W
----------------------------------------------------------------------------------
    14.9  24.6     5     5.9    24   112.4   8.7  88.8   2.2  33.0    17       W

Max >=  27.0:  0
Max <=   0.0:  0
Min <=   0.0:  0
Min <= -18.0:  0
Max Rain: 20.2 on day 10
Days of Rain: 20 (>= 0.2 mm)  14 (>= 2.0 mm)  1 (>= 20.0 mm)
Heat Base: 18.3  Cool Base: 18.3  Method: Integration