NOAA-Style Climate Reports

Select a Year or Month report
2018: Jan Feb Mar Apr May Jun Jul Aug Sep Oct Nov Dec
2017: Jan Feb Mar Apr May Jun Jul Aug Sep Oct Nov Dec
2016: Jan Feb Mar Apr May Jun Jul Aug Sep Oct Nov Dec
2015: Jan Feb Mar Apr May Jun Jul Aug Sep Oct Nov Dec
2014: Jan Feb Mar Apr May Jun Jul Aug Sep Oct Nov Dec
2013: Jan Feb Mar Apr May Jun Jul Aug Sep Oct Nov Dec
2012: Jan Feb Mar Apr May Jun Jul Aug Sep Oct Nov Dec

Report for 2015 June
                   Monthly Climatological Summary for Jun 2015

Name: Batley Weather   City: Batley   State: West Yorkshire
Elevation: 255 ft  Lat: N 53° 42' 22"   Lon: W 001° 37' 12"

                  Temperature (°C), Rain (mm), Wind Speed (mph)

                                      Heat  Cool        Avg
    Mean                              Deg   Deg         Wind                 Dom
Day Temp  High   Time   Low    Time   Days  Days  Rain  Speed High   Time    Dir
----------------------------------------------------------------------------------
 1   9.9  14.2   13:05   5.5   05:08   8.4   0.0   8.6   2.1  23.0   01:42     W
 2  12.7  18.2   14:03   7.9   05:19   5.6   0.0   2.6   5.4  35.0   15:57     W
 3  13.2  18.1   17:04   7.7   23:55   5.0   0.0   0.0   4.1  24.0   15:58     W
 4  14.9  24.3   17:45   6.1   03:26   4.5   1.0   0.0   0.1  11.0   15:29   SSE
 5  15.3  22.8   12:55  10.2   02:47   3.6   0.6   0.0   2.2  22.0   17:30     W
 6  13.2  17.6   13:02   9.0   04:10   5.1   0.0   0.0   5.8  32.0   10:38     W
 7  13.0  17.7   16:46   8.1   04:46   5.3   0.0   0.0   5.0  26.0   14:49     W
 8  11.4  17.2   11:51   5.7   04:10   6.9   0.0   0.0   0.3  13.0   13:38    NE
 9  11.0  16.6   19:47   3.9   05:08   7.3   0.0   0.0   0.5  12.0   09:51    NE
10  12.3  19.7   17:26   5.2   01:50   6.1   0.1   0.0   0.3  12.0   15:22    NE
11  13.8  21.2   16:58   5.8   03:12   5.1   0.6   0.0   0.3  12.0   16:52   ENE
12  15.4  22.8   16:34   7.9   02:32   3.8   0.9   0.0   0.2   7.0   10:45    NE
13  15.0  19.3   17:07  12.7   06:33   3.3   0.1   4.4   0.2  11.0   21:03     W
14  11.7  13.9   00:00   9.4   23:53   6.6   0.0   0.6   0.7  14.0   16:04   NNE
15  13.1  19.9   17:02   5.1   04:54   5.3   0.1   0.0   0.0   6.0   12:33   WSW
16  16.8  22.8   15:54  10.8   00:13   2.7   1.3   0.0   0.6  13.0   16:24     W
17  16.5  19.9   13:08  12.3   23:59   2.0   0.2   0.8   4.6  26.0   15:46     W
18  13.0  17.1   18:08   9.6   04:25   5.3   0.0   0.0   5.2  29.0   16:30     W
19  13.4  15.9   15:31  10.8   04:11   4.9   0.0   0.0   5.6  29.0   16:45     W
20  15.8  20.1   18:44  12.4   00:18   2.8   0.3   0.4   1.8  21.0   18:07     W
21  13.8  15.9   17:35  11.4   05:15   4.5   0.0   1.6   4.2  25.0   09:47     W
22  12.2  15.9   14:39   9.4   02:07   6.1   0.0   1.8   3.4  22.0   12:56   WNW
23  14.4  21.1   19:49   9.3   04:58   4.2   0.3   0.0   0.4  15.0   00:57   WNW
24  16.2  22.3   13:19   9.1   01:57   3.1   1.0   0.0   2.0  17.0   18:47     W
25  17.7  23.9   15:14  10.1   03:42   2.2   1.6   0.0   0.2  14.0   13:41     W
26  17.9  22.1   14:26  14.4   04:20   1.4   1.0   0.0   0.9  15.0   20:08     W
27  18.0  24.1   17:05  11.1   05:18   1.7   1.4   0.0   2.3  21.0   15:44     W
28  17.0  21.9   17:01  13.9   01:25   1.9   0.6   0.8   1.9  23.0   15:53     W
29  18.5  23.8   17:37  13.8   05:03   1.2   1.4   0.0   0.8  13.0   06:50     W
30  22.2  30.9   17:29  13.7   03:09   1.0   4.9   0.0   0.2  12.0   15:19    SE
----------------------------------------------------------------------------------
    14.6  30.9    30     3.9     9   126.9  17.4  21.6   2.0  35.0     2       W

Max >=  27.0:  1
Max <=   0.0:  0
Min <=   0.0:  0
Min <= -18.0:  0
Max Rain: 8.6 on day 1
Days of Rain: 9 (>= 0.2 mm)  3 (>= 2.0 mm)  0 (>= 20.0 mm)
Heat Base: 18.3  Cool Base: 18.3  Method: Integration