NOAA-Style Climate Reports

Select a Year or Month report
2018: Jan Feb Mar Apr May Jun Jul Aug Sep Oct Nov Dec
2017: Jan Feb Mar Apr May Jun Jul Aug Sep Oct Nov Dec
2016: Jan Feb Mar Apr May Jun Jul Aug Sep Oct Nov Dec
2015: Jan Feb Mar Apr May Jun Jul Aug Sep Oct Nov Dec
2014: Jan Feb Mar Apr May Jun Jul Aug Sep Oct Nov Dec
2013: Jan Feb Mar Apr May Jun Jul Aug Sep Oct Nov Dec
2012: Jan Feb Mar Apr May Jun Jul Aug Sep Oct Nov Dec

Report for 2016 November
                   Monthly Climatological Summary for Nov 2016

Name: Batley Weather   City: Batley   State: West Yorkshire
Elevation: 255 ft  Lat: N 53° 42' 22"   Lon: W 001° 37' 12"

                  Temperature (°C), Rain (mm), Wind Speed (mph)

                                      Heat  Cool        Avg
    Mean                              Deg   Deg         Wind                 Dom
Day Temp  High   Time   Low    Time   Days  Days  Rain  Speed High   Time    Dir
----------------------------------------------------------------------------------
 1   7.7  10.7   04:27   1.4   23:14  10.6   0.0   0.0   0.9  19.0   07:39   NNE
 2   4.6   9.1   13:34   1.3   23:32  13.7   0.0   0.0   0.7  14.0   10:36     W
 3   6.1   8.9   13:14   1.3   00:02  12.2   0.0   0.2   0.2  10.0   13:58     W
 4   6.8   8.9   12:48   3.8   18:30  11.5   0.0   0.8   0.7  16.0   14:29     W
 5   6.0   7.8   12:53   3.4   23:03  12.3   0.0   0.0   4.9  27.0   10:33   WNW
 6   4.8   7.2   12:28   3.1   01:44  13.5   0.0   2.8   2.1  20.0   13:05   WNW
 7   4.2   6.7   11:52   0.8   23:50  14.1   0.0   0.0   0.7  16.0   11:25   NNW
 8   2.6   5.5   12:49  -0.7   07:11  15.7   0.0   2.0   0.0   7.0   00:06     W
 9   2.2   3.5   15:31   0.5   22:37  16.1   0.0   8.4   0.1  12.0   15:59     W
10   4.7   7.2   13:12   0.5   00:09  13.6   0.0   4.0   1.9  24.0   11:04     W
11   5.7   7.6   12:59   4.0   17:21  12.6   0.0   0.0   0.0   7.0   15:21   WSW
12   8.5  11.3   13:21   5.7   00:00   9.8   0.0   5.4   0.6  18.0   16:45   WSW
13   7.0   9.8   13:43   2.9   03:13  11.3   0.0   2.0   0.3  13.0   16:21     W
14  12.1  14.3   22:18   9.4   01:33   6.2   0.0   0.0   3.9  26.0   12:27   WSW
15  11.9  14.9   02:47   6.7   20:22   6.3   0.0   0.0   2.8  21.0   02:08   WSW
16   8.9  11.8   10:59   6.1   18:57   9.4   0.0   0.4   6.0  33.0   12:49   WSW
17   5.6   7.4   10:52   4.1   20:29  12.7   0.0   4.0   2.8  30.0   14:22   WSW
18   3.4   4.3   00:00   2.2   05:28  14.9   0.0  14.2   2.3  19.0   03:42   WSW
19   2.8   5.3   12:51   0.6   20:37  15.5   0.0   1.4   1.5  20.0   10:39     W
20   3.4   6.6   13:09  -0.1   23:42  14.9   0.0   2.8   1.8  19.0   07:35     N
21   4.9   6.9   21:00   0.0   00:00  13.4   0.0  24.8   5.0  31.0   16:18    NE
22   6.7   8.1   14:25   5.6   02:09  11.6   0.0   1.6   0.8  14.0   13:28    NW
23   6.3   8.3   13:30   3.6   21:11  12.0   0.0   0.4   1.7  13.0   05:11   NNE
24   5.6   6.2   09:53   3.6   00:00  12.7   0.0   0.2   0.4  10.0   18:53     N
25   5.6   8.1   12:29   3.1   18:18  12.7   0.0   0.0   0.0  10.0   00:17   ENE
26   2.4   5.4   23:47  -0.9   08:24  15.9   0.0   0.0   0.0   3.0   12:02   ---
27   6.9   8.2   14:43   5.4   00:00  11.3   0.0   0.2   0.5  13.0   22:02    NE
28   3.4   6.6   11:08  -1.8   23:41  14.9   0.0   0.0   0.1   9.0   00:13   ENE
29  -1.3   1.9   23:58  -4.1   07:17  19.5   0.0   0.0   0.2  11.0   22:47     W
30   5.0   7.8   23:40   1.1   03:35  13.3   0.0   0.2   3.9  21.0   17:25   WSW
----------------------------------------------------------------------------------
     5.5  14.9    15    -4.1    29   384.2   0.0  75.8   1.6  33.0    16     WNW

Max >=  27.0:  0
Max <=   0.0:  0
Min <=   0.0:  6
Min <= -18.0:  0
Max Rain: 24.8 on day 21
Days of Rain: 19 (>= 0.2 mm)  10 (>= 2.0 mm)  1 (>= 20.0 mm)
Heat Base: 18.3  Cool Base: 18.3  Method: Integration