NOAA-Style Climate Reports

Select a Year or Month report
2018: Jan Feb Mar Apr May Jun Jul Aug Sep Oct Nov Dec
2017: Jan Feb Mar Apr May Jun Jul Aug Sep Oct Nov Dec
2016: Jan Feb Mar Apr May Jun Jul Aug Sep Oct Nov Dec
2015: Jan Feb Mar Apr May Jun Jul Aug Sep Oct Nov Dec
2014: Jan Feb Mar Apr May Jun Jul Aug Sep Oct Nov Dec
2013: Jan Feb Mar Apr May Jun Jul Aug Sep Oct Nov Dec
2012: Jan Feb Mar Apr May Jun Jul Aug Sep Oct Nov Dec

Report for 2016 December
                   Monthly Climatological Summary for Dec 2016

Name: Batley Weather   City: Batley   State: West Yorkshire
Elevation: 255 ft  Lat: N 53° 42' 22"   Lon: W 001° 37' 12"

                  Temperature (°C), Rain (mm), Wind Speed (mph)

                                      Heat  Cool        Avg
    Mean                              Deg   Deg         Wind                 Dom
Day Temp  High   Time   Low    Time   Days  Days  Rain  Speed High   Time    Dir
----------------------------------------------------------------------------------
 1   9.1  10.3   13:45   6.2   05:31   9.2   0.0   0.0   3.8  22.0   01:45   WSW
 2  10.2  10.2   00:00  10.2   00:00   8.1   0.0   0.0   4.0   1.0   00:00   WSW
 3   6.8  10.2   00:00   4.0   22:55  11.4   0.0   0.6   1.2   3.0   00:58   WSW
 4   3.6   5.6   11:37  -0.2   22:55  14.7   0.0   0.0   0.0   8.0   13:09   ENE
 5   0.6   3.4   13:32  -1.6   05:48  17.7   0.0   0.0   0.0   1.0   07:28   ---
 6   3.2   5.6   22:52   0.7   00:00  15.1   0.0   0.4   0.0   4.0   10:54   ENE
 7  11.7  14.9   13:43   5.5   00:00   6.5   0.0   0.0   1.5  22.0   21:19   WSW
 8  12.3  14.3   00:00   6.3   23:59   6.0   0.0   6.2   2.0  21.0   16:46   WSW
 9  11.8  14.4   14:14   5.8   00:19   6.5   0.0   1.0   1.3  20.0   19:13   WSW
10  10.5  11.4   12:18   8.8   23:05   7.8   0.0   0.2   1.5  19.0   22:22   WSW
11   9.3  10.3   12:37   8.6   05:21   9.0   0.0   0.0   4.7  29.0   10:06   WSW
12   5.9   8.9   00:00   1.5   08:47  12.4   0.0   0.8   0.0   8.0   00:12     W
13   8.4   9.1   10:52   7.7   03:20   9.9   0.0   4.4   0.0   4.0   10:32   ENE
14   7.1   9.6   13:08   3.3   22:50  11.1   0.0   0.2   0.0   4.0   13:40   ---
15   6.9   8.7   19:27   3.3   00:39  11.4   0.0   0.2   0.0   4.0   09:11   ---
16   7.0   9.0   11:09   4.2   18:24  11.3   0.0   0.0   0.0  11.0   23:44     W
17   4.6   8.2   00:21   1.0   08:33  13.7   0.0   0.0   0.6  16.0   14:16   WSW
18   6.5   8.4   16:28   4.0   01:58  11.5   0.0   0.0   0.7  11.0   14:37   WSW
19   6.6   8.4   14:16   3.3   07:37  11.7   0.0   0.0   0.0  10.0   02:15     W
20   4.2   6.3   00:00   1.3   20:19  14.1   0.0   0.0   0.0   9.0   13:03   SSE
21   6.0   7.6   05:21   3.5   18:42  12.3   0.0   0.0   0.7  11.0   07:18     N
22   4.7   7.2   15:56   1.1   08:31  13.6   0.0   0.0   2.1  20.0   11:27     W
23   7.3  11.0   15:04   3.1   03:10  11.0   0.0   3.6   5.1  40.0   17:43   WSW
24   8.0  10.9   23:58   5.8   03:32  10.3   0.0   1.4   9.7  36.0   09:58   WSW
25  11.8  13.4   13:35   8.2   23:47   6.5   0.0   0.8   7.3  35.0   13:49   WSW
26   6.3   8.2   00:00   5.2   08:30  12.0   0.0   2.2  10.3  41.0   14:39   WSW
27   3.5   6.6   00:10  -2.1   23:48  14.8   0.0   0.0   1.3  23.0   00:11   WSW
28  -2.0   1.0   14:56  -3.7   08:05  20.3   0.0   0.0   0.0   2.0   06:03   ---
29  -1.3   3.3   23:33  -5.1   07:58  19.6   0.0   0.4   0.1  10.0   23:41   WSW
30   5.7   8.8   14:01   1.0   02:40  12.6   0.0   0.2   1.8  19.0   23:41   WSW
31   9.1  10.2   12:15   7.9   04:02   9.2   0.0   0.0   6.0  29.0   14:34   WSW
----------------------------------------------------------------------------------
     6.6  14.9     7    -5.1    29   361.3   0.0  22.6   2.1  41.0    26     WSW

Max >=  27.0:  0
Max <=   0.0:  0
Min <=   0.0:  5
Min <= -18.0:  0
Max Rain: 6.2 on day 8
Days of Rain: 15 (>= 0.2 mm)  4 (>= 2.0 mm)  0 (>= 20.0 mm)
Heat Base: 18.3  Cool Base: 18.3  Method: Integration