NOAA-Style Climate Reports


Report for 2018 November
                   Monthly Climatological Summary for Nov 2018

Name: Batley Weather   City: Batley   State: West Yorkshire
Elevation: 255 ft  Lat: N 53° 42' 22"   Lon: W 001° 37' 12"

                  Temperature (°C), Rain (mm), Wind Speed (mph)

                                      Heat  Cool        Avg
    Mean                              Deg   Deg         Wind                 Dom
Day Temp  High   Time   Low    Time   Days  Days  Rain  Speed High   Time    Dir
----------------------------------------------------------------------------------
 1   6.7   9.6   11:54   1.3   23:45  11.5   0.0   0.4   0.4  17.0   15:06     W
 2   6.1  10.2   14:00   1.2   00:15  12.2   0.0   0.0   0.2  17.0   13:43     W
 3  11.4  13.4   11:53   6.7   00:03   6.9   0.0   0.0   0.1  17.0   12:30     W
 4  11.7  14.0   14:16   7.8   23:50   6.6   0.0   0.0   0.0  17.0   11:07   ---
 5   9.5  11.1   14:30   7.8   00:00   8.8   0.0   0.0   0.0   8.0   04:49   ---
 6  11.6  14.4   14:39   9.4   08:11   6.7   0.0   0.0   0.0   7.0   11:17   ---
 7  11.3  13.1   00:00   8.9   20:06   7.0   0.0   3.0   0.0  10.0   16:34     W
 8   8.7  12.2   13:47   5.1   05:17   8.4   0.0   0.2   0.0  10.0   15:10   ---
 9   9.0  10.6   15:47   6.8   04:42   9.3   0.0   3.2   0.0  11.0   18:47   ENE
10   9.3  12.1   12:12   6.3   23:21   9.0   0.0   0.4   0.0  11.0   17:24   ---
11   7.1  11.2   14:16   4.2   06:23  11.2   0.0   1.2   0.2  18.0   12:36     W
12   8.1  12.9   12:59   4.7   04:48  10.2   0.0   0.4   0.1  18.0   11:13   WSW
13  10.1  11.5   13:06   8.8   00:00   8.2   0.0   0.2   1.2  25.0   12:44     W
14  10.9  13.8   12:28   5.4   23:59   7.4   0.0   0.2   0.0  25.0   11:21     W
15   6.8  12.1   21:42   1.2   06:49  11.5   0.0   0.0   0.0  14.0   09:56   ---
16  11.0  12.2   12:48   8.7   23:50   7.3   0.0   0.0   0.0   4.0   10:43   ---
17   7.5   9.8   12:26   4.0   22:03  10.8   0.0   0.0   0.0   6.0   07:53   ---
18   6.3   9.9   14:33   4.1   21:30  12.0   0.0   0.0   0.2  13.0   14:11   ENE
19   7.5   9.4   11:26   5.8   23:44  10.8   0.0   0.0   1.1  17.0   15:01   ENE
20   5.5   6.6   12:23   4.6   23:23  12.8   0.0  10.6   1.4  20.0   13:26   ENE
21   3.6   4.8   00:11  -0.2   23:52  14.7   0.0   6.0   0.1  20.0   12:03   ENE
----------------------------------------------------------------------------------
     8.6  14.4     6    -0.2    21   203.3   0.0  25.8   0.2  25.0    13     NNE

Max >=  27.0:  0
Max <=   0.0:  0
Min <=   0.0:  1
Min <= -18.0:  0
Max Rain: 10.6 on day 20
Days of Rain: 11 (>= 0.2 mm)  4 (>= 2.0 mm)  0 (>= 20.0 mm)
Heat Base: 18.3  Cool Base: 18.3  Method: Integration